000
CXUS56 KOTX 011306
CLMEAT

CLIMATE REPORT
NATIONAL WEATHER SERVICE SPOKANE WA
506 AM PST TUE DEC 01 2020

...................................

...THE WENATCHEE WA PANGBORN FIELD CLIMATE SUMMARY FOR THE MONTH OF NOVEMBER 2020...

CLIMATE NORMAL PERIOD 1981 TO 2010
CLIMATE RECORD PERIOD 1959 TO 2020

WEATHER         OBSERVED          NORMAL  DEPART   LAST YEAR`S
                VALUE   DATE(S)   VALUE   FROM     VALUE DATE(S)
                                          NORMAL
................................................................
TEMPERATURE (F)
RECORD
 HIGH             70   11/09/1989
                       11/03/1975
 LOW              -5   11/23/1985
                       11/24/1985
HIGHEST           65   11/05         MM      MM       56  11/06
LOWEST            21   11/09         MM      MM       16  11/30
                                                          11/29
AVG. MAXIMUM    44.3               43.8     0.5     44.5
AVG. MINIMUM    30.7               31.4    -0.7     28.5
MEAN            37.5               37.6    -0.1     36.5
DAYS MAX >= 90     0                0.0     0.0        0
DAYS MAX <= 32     0                2.7    -2.7        2
DAYS MIN <= 32    22               14.5     7.5       24
DAYS MIN <= 0      0                0.2    -0.2        0

PRECIPITATION (INCHES)
RECORD
 MAXIMUM        3.58   1983
 MINIMUM           T   1993
TOTALS          1.19               1.11    0.08     0.11
DAILY AVG.      0.04               0.04    0.00     0.00
DAYS >= .01        6                9.1    -3.1        2
DAYS >= .10        3                3.2    -0.2        0
DAYS >= .50        0                0.3    -0.3        0
DAYS >= 1.00       0                0.1    -0.1        0
GREATEST
 24 HR. TOTAL   0.46   11/13 TO 11/13               0.08


DEGREE DAYS
HEATING TOTAL    819                822      -3      849
 SINCE 7/1      1293               1371     -78     1586
COOLING TOTAL      0                  0       0        0
 SINCE 1/1       912                790     122      832
................................................................

WIND (MPH)
AVERAGE WIND SPEED              4.7
HIGHEST WIND SPEED/DIRECTION    23/240    DATE  11/05
HIGHEST GUST SPEED/DIRECTION    30/270    DATE  11/05
                                30/030          11/08

SKY COVER
POSSIBLE SUNSHINE (PERCENT)   MM
AVERAGE SKY COVER           0.48
NUMBER OF DAYS FAIR            7
NUMBER OF DAYS PC             15
NUMBER OF DAYS CLOUDY          8

AVERAGE RH (PERCENT)     80

WEATHER CONDITIONS. NUMBER OF DAYS WITH
THUNDERSTORM              0     MIXED PRECIP               0
HEAVY RAIN                0     RAIN                       3
LIGHT RAIN                9     FREEZING RAIN              0
LT FREEZING RAIN          0     HAIL                       0
HEAVY SNOW                0     SNOW                       0
LIGHT SNOW                7     SLEET                      0
FOG                      19     FOG W/VIS <= 1/4 MILE      7
HAZE                      2

-  INDICATES NEGATIVE NUMBERS.
R  INDICATES RECORD WAS SET OR TIED.
MM INDICATES DATA IS MISSING.
T  INDICATES TRACE AMOUNT.

$$

NOVEMBER 2020 BROUGHT NEAR NORMAL TEMPERATURES TO NORTH CENTRAL
WASHINGTON.  PRECIPITATION WAS MIXED WITH WETTER THAN NORMAL
CONDITIONS IN THE CASCADES AND METHOW VALLEY, NEAR NORMAL FOR
WENATCHEE, AND DRIER THAN NORMAL CONDITIONS AROUND THE MOSES LAKE
AREA.  THE MONTH STARTED OFF MILD WITH WENATCHEE REPORTING 65F ON
THE 5TH.  HEAVY RAIN FELL IN THE CASCADES FROM THE 3RD THROUGH THE
5TH WITH AROUND 2.5 INCHES REPORTED IN HOLDEN VILLAGE (NEAR THE
UPPER END OF LAKE CHELAN).  ON THE 6TH AND 7TH BLOWING DUST WAS
OBSERVED FROM THE WATERVILLE PLATEAU DOWN TO MOSES LAKE AREA FROM
NORTH WINDS. MUCH OF THIS CAME OFF COLD SPRINGS AND PEARL HILL BURN
SCARS.  THE WEATHER REMAIN UNSETTLED FOR THE REMAINDER OF THE MONTH
ESPECIALLY FROM THE 13TH THROUGH THE 17TH.  RAIN FELL IN WENATCHEE
WITH NEAR AN INCH OF RAIN THROUGH THE PERIOD.  MUCH OF THIS RAIN
FELL AS SNOW IN THE METHOW VALLEY WITH 28 INCHES IN MAZAMA AND 15
INCHES IN WINTHROP.

WENATCHEE BROKE A COUPLE RECORDS DURING THE MONTH.  THIS INCLUDES A
RECORD HIGH TEMPERATURE OF 65F ON THE 5TH, AND 0.46 INCHES OF
PRECIPITATION ON THE 13TH.
