384
CXUS53 KMPX 010633
CLMEAU

CLIMATE REPORT
NATIONAL WEATHER SERVICE TWIN CITIES/CHANHASSEN MN
133 AM CDT SUN NOV 01 2020

...................................

...THE EAU CLAIRE WI CLIMATE SUMMARY FOR THE MONTH OF OCTOBER 2020...

CLIMATE NORMAL PERIOD 1981 TO 2010
CLIMATE RECORD PERIOD 1893 TO 2020

WEATHER         OBSERVED          NORMAL  DEPART   LAST YEAR`S
                VALUE   DATE(S)   VALUE   FROM     VALUE DATE(S)
                                          NORMAL
................................................................
TEMPERATURE (F)
RECORD
 HIGH             89   10/03/1997
                       10/01/1976
                       10/02/1953
 LOW               7   10/30/1925
HIGHEST           79   10/09         70       9       74  10/01
LOWEST            16   10/27         27     -11       20  10/31
                                                          10/30
AVG. MAXIMUM    50.9               57.9    -7.0     54.5
AVG. MINIMUM    32.1               36.8    -4.7     37.3
MEAN            41.5               47.3    -5.8     45.9
DAYS MAX >= 90     0                0.0     0.0        0
DAYS MAX <= 32     2                0.2     1.8        0
DAYS MIN <= 32    18                9.7     8.3        9
DAYS MIN <= 0      0                0.0     0.0        0

PRECIPITATION (INCHES)
RECORD
 MAXIMUM       10.35   1911
 MINIMUM        0.08   1952
TOTALS          2.18               2.34   -0.16     5.13
DAILY AVG.      0.07               0.08   -0.01     0.17
DAYS >= .01       11               10.2     0.8       13
DAYS >= .10        4                5.1    -1.1        8
DAYS >= .50        2                1.4     0.6        4
DAYS >= 1.00       0                0.4    -0.4        2
GREATEST
 24 HR. TOTAL   0.76   10/20 TO 10/20

SNOWFALL (INCHES)
RECORDS
 TOTAL           4.7   2009
TOTALS           8.4R               0.4     8.0      0.1
SINCE 7/1        8.4                0.4     8.0       MM
SNOWDEPTH AVG.     0                                   0
DAYS >= 1.0        2                0.3     1.7        0
GREATEST
 SNOW DEPTH        7   10/21                          -1  10/29
 24 HR TOTAL      MM

DEGREE DAYS
HEATING TOTAL    722                551     171      586
 SINCE 7/1       944                785     159      694
COOLING TOTAL      1                  4      -3        0
 SINCE 1/1       671                579      92      463
................................................................

WIND (MPH)
AVERAGE WIND SPEED              7.8
HIGHEST WIND SPEED/DIRECTION    31/210    DATE  10/05
                                31/290          10/31
HIGHEST GUST SPEED/DIRECTION    45/300    DATE  10/31

SKY COVER
POSSIBLE SUNSHINE (PERCENT)   MM
AVERAGE SKY COVER           0.49
NUMBER OF DAYS FAIR           10
NUMBER OF DAYS PC             12
NUMBER OF DAYS CLOUDY          9

AVERAGE RH (PERCENT)     65

WEATHER CONDITIONS. NUMBER OF DAYS WITH
THUNDERSTORM              2     MIXED PRECIP               0
HEAVY RAIN                2     RAIN                       2
LIGHT RAIN                9     FREEZING RAIN              0
LT FREEZING RAIN          0     HAIL                       0
HEAVY SNOW                1     SNOW                       1
LIGHT SNOW                7     SLEET                      0
FOG                      15     FOG W/VIS <= 1/4 MILE      5
HAZE                      3

-  INDICATES NEGATIVE NUMBERS.
R  INDICATES RECORD WAS SET OR TIED.
MM INDICATES DATA IS MISSING.
T  INDICATES TRACE AMOUNT.

$$
