980
CXUS52 KAKQ 021219
CLMECG


CLIMATE REPORT
NATIONAL WEATHER SERVICE WAKEFIELD, VA
657 AM EST MON NOV 2 2020

...................................

...THE ELIZABETH CITY NC CLIMATE SUMMARY FOR THE MONTH OF OCTOBER 2020...

CLIMATE NORMAL PERIOD 1981 TO 2010
CLIMATE RECORD PERIOD 1934 TO 2020

WEATHER         OBSERVED          NORMAL  DEPART  LAST YEAR`S
                 VALUE   DATE(S)  VALUE   FROM    VALUE  DATE(S)
                                          NORMAL
................................................................
TEMPERATURE (F)
RECORD
 HIGH              96   10/03/2019
 LOW               26   10/29/1976
                        10/27/1962
HIGHEST            85   10/29        86      -1       96  10/03
                        10/24
                        10/12
LOWEST             48   10/17        36      12       41  10/19
                        10/06                             10/18
AVG. MAXIMUM     77.1              72.5     4.6     76.6
AVG. MINIMUM     58.9              52.3     6.6     58.3
MEAN             68.0              62.4     5.6     67.4
DAYS MAX >= 90      0               0.1    -0.1        2
DAYS MAX <= 32      0               0.0     0.0        0
DAYS MIN <= 32      0               0.4    -0.4        0
DAYS MIN <= 0       0               0.0     0.0        0

PRECIPITATION (INCHES)
RECORD
 MAXIMUM           MM   MM
 MINIMUM           MM   MM
TOTALS           2.34              3.07   -0.73     2.71
DAILY AVG.       0.08              0.10   -0.02     0.09
DAYS >= .01         8               9.9    -1.9        7
DAYS >= .10         4               4.3    -0.3        5
DAYS >= .50         3               1.6     1.4        2
DAYS >= 1.00        0               1.1    -1.1        1
GREATEST
 24 HR. TOTAL    0.72   10/12 TO 10/12

DEGREE_DAYS
HEATING TOTAL      21               139    -118       47
 SINCE 7/1         23               151    -128       47
COOLING TOTAL     122                59      63      131
 SINCE 1/1       2123              1581     542     2250
.................................................................

WIND (MPH)
AVERAGE WIND SPEED              7.7
HIGHEST WIND SPEED/DIRECTION    47/270    DATE  10/30
HIGHEST GUST SPEED/DIRECTION    55/270    DATE  10/30

SKY COVER
POSSIBLE SUNSHINE (PERCENT)   MM
AVERAGE SKY COVER           0.40

AVERAGE RH (PERCENT)     78

WEATHER CONDITIONS. NUMBER OF DAYS WITH
THUNDERSTORM              0     MIXED PRECIP               0
HEAVY RAIN                3     RAIN                       5
LIGHT RAIN               10     FREEZING RAIN              0
LT FREEZING RAIN          0     HAIL                       0
HEAVY SNOW                0     SNOW                       0
LIGHT SNOW                0     SLEET                      0
FOG                      17     FOG W/VIS <= 1/4 MILE      8
HAZE                      2

-  INDICATES NEGATIVE NUMBERS.
R  INDICATES RECORD WAS SET OR TIED.
MM INDICATES DATA IS MISSING.
T  INDICATES TRACE AMOUNT.

$$
