000
CXUS56 KEKA 050632
CLMEKA

SFOCLMBHX 000
TTAA00 EKA 050629

CLIMATE REPORT
NATIONAL WEATHER SERVICE
1028 PM PST WED NOV 04 2020

...................................

...THE EUREKA CA CLIMATE SUMMARY FOR THE MONTH OF OCTOBER 2020...

CLIMATE NORMAL PERIOD: 1981 TO 2010
CLIMATE RECORD PERIOD: 1886 TO 2020

WEATHER         OBSERVED          NORMAL  DEPART   LAST YEAR`S
                VALUE   DATE(S)   VALUE   FROM     VALUE
                                          NORMAL
..............................................................
TEMPERATURE (F)
RECORD
 HIGH             87   10/26/1993
 LOW              32   10/29/1971
HIGHEST           71   10/13         MM      MM       81
LOWEST            35   10/26         MM      MM       34
AVG. MAXIMUM    62.2               61.7     0.5     62.3
AVG. MINIMUM    47.3               47.1     0.2     43.5
MEAN            54.7               54.4     0.3     52.9
DAYS MAX >= 90     0
DAYS MIN <= 32     0

PRECIPITATION (INCHES)
RECORD
 MAXIMUM       13.04   1950
 MINIMUM        0.00   1917
TOTALS          0.41               2.24   -1.83
DAYS >= .01        6                8.5    -2.5        5
DAYS >= .10        1                4.6    -3.6        3
DAYS >= .50        0                1.6    -1.6        1
DAYS >= 1.00       0                0.4    -0.4        0
GREATEST
 24 HR. TOTAL   0.36   10/10 TO 10/11

 LIQUID 7/1       MM                         MM

DEGREE DAYS
HEATING TOTAL    310                329     -19      368
 SINCE 7/1       844                994    -150      715
COOLING TOTAL      0                  0       0        0
 SINCE 1/1        14                  0      14        9
..............................................................

WIND (MPH)
AVERAGE WIND SPEED              3.1
HIGHEST WIND SPEED/DIRECTION    17/350    DATE  10/22
HIGHEST GUST SPEED/DIRECTION    30/MM     DATE  10/22

SKY COVER
POSSIBLE SUNSHINE (PERCENT)   MM
AVERAGE SKY COVER           0.48
NUMBER OF DAYS FAIR           13
NUMBER OF DAYS PC              8
NUMBER OF DAYS CLOUDY         10


WEATHER CONDITIONS. NUMBER OF DAYS WITH
THUNDERSTORM              0     HEAVY RAIN                 0
RAIN                      1     LIGHT RAIN                 9
HAIL                      0     SLEET                      0
FOG                       8     FOG W/VIS <= 1/4 MILE     13
HAZE                      6

-  INDICATES NEGATIVE NUMBERS.
R  INDICATES RECORD WAS SET OR TIED.
MM INDICATES DATA IS MISSING.
T  INDICATES TRACE AMOUNT.

.DISCUSSION...HIGH PRESSURE WAS IN PLACE ACROSS NORTHWEST CALIFORNIA
FOR MUCH OF THE MONTH. ONLY ONE SYSTEM MANAGED TO BREAK THIS DOWN
AND BRING ANY NOTICEABLE RAIN TO EUREKA ON THE TENTH. A FEW
ADDITIONAL SYSTEMS BROUGHT SOME LIGHT DRIZZLE ON NINE OTHER DAYS.

PERIODS OF MODERATE TO STRONG OFFSHORE FLOW BROUGHT SEVERAL PERIODS
OF CLEAR SKIES. THIS ALLOWED HIGH TEMPERATURES TO WARM INTO THE 60S
IN THE AFTERNOON WHILE COOLING INTO THE 30S OVERNIGHT. OTHER TIMES
THE MARINE LAYER REMAINED IN PLACE OR ONLY PUSHED OFFSHORE BRIEFLY.
THIS KEPT TEMPERATURES IN THE 50S. LOCALLY DENSE FOG WAS ANOTHER
COMMON FEATURE THIS MONTH IN EUREKA. THIRTEEN DAYS SAW FOG WITH
VISIBILITY ONE QUARTER OF A MILE OR LESS. THIS WAS THE MOST DAYS
EUREKA SAW DENSE FOG IN MONTH SINCE SEPTEMBER OF 2012. MKK

$$
