000
CXUS51 KRLX 010841
CLMEKN

CLIMATE REPORT
NATIONAL WEATHER SERVICE CHARLESTON WV
341 AM EST SUN NOV 01 2020

...................................

...THE ELKINS WV CLIMATE SUMMARY FOR THE MONTH OF OCTOBER 2020...

CLIMATE NORMAL PERIOD: 1981 TO 2010
CLIMATE RECORD PERIOD: 1899 TO 2020

WEATHER         OBSERVED          NORMAL  DEPART   LAST YEAR`S
                VALUE   DATE(S)   VALUE   FROM     VALUE
                                          NORMAL
..............................................................
TEMPERATURE (F)
RECORD
 HIGH             90   10/03/2019
                       10/01/2019
                       07/21/1926
 LOW              11   10/21/1952
HIGHEST           81   10/22                          90
LOWEST            27   10/17                          29
AVG. MAXIMUM    67.2               64.0     3.2     70.8
AVG. MINIMUM    41.4               38.4     3.0     43.3
MEAN            54.3               51.2     3.1     57.0
DAYS MAX >= 90     0                0.0     0.0        2
DAYS MAX <= 32     0                0.0     0.0        0
DAYS MAX >= 80     1                                  MM
DAYS MIN <= 32     3                9.0    -6.0        5
DAYS MIN <= 0      0                0.0     0.0        0
DAYS MIN <= 10     0                                  MM
DAYS MIN <= -5     0                                  MM

PRECIPITATION (INCHES)
RECORD
 MAXIMUM        8.43   1954
 MINIMUM        0.26   1924
TOTALS          2.35               2.85   -0.50     5.33
DAILY AVG.      0.08               0.09   -0.01     0.17
DAYS >= .01       11               11.5    -0.5       12
DAYS >= .10        6                6.6    -0.6        9
DAYS >= .50        1                1.8    -0.8        5
DAYS >= 1.00       1                0.2     0.8        1
GREATEST
 24 HR. TOTAL   1.37   10/29 TO 10/29               1.46

SNOWFALL (INCHES)
RECORDS
 TOTAL          18.0   2012
 24 HR TOTAL    10.0   10/30/2012 TO 10/30/2012
 SNOW DEPTH       14   10/30/2012
TOTALS           0.0                0.4    -0.4        T
SINCE 7/1        0.0                0.4    -0.4       MM
SNOWDEPTH AVG.     0                                   0
DAYS >= TRACE      0                0.5    -0.5        1
DAYS >= 1.0        0                0.1    -0.1        0
GREATEST
 SNOW DEPTH        0                                   0
 24 HR TOTAL      MM                                   T

DEGREE DAYS
HEATING TOTAL    324                431    -107      269
 SINCE 7/1       435                590    -155      288
COOLING TOTAL      0                  4      -4       29
 SINCE 1/1       750                475     275      844

FREEZE DATES
RECORD
 EARLIEST     MM
 LATEST       MM
EARLIEST      10/17             MM
LATEST                          05/13
..............................................................

WIND (MPH)
AVERAGE WIND SPEED              3.1
HIGHEST WIND SPEED/DIRECTION    23/250    DATE  10/07
                                23/230          10/15
HIGHEST GUST SPEED/DIRECTION    31/250    DATE  10/07

SKY COVER
POSSIBLE SUNSHINE (PERCENT)   MM
AVERAGE SKY COVER           0.57
NUMBER OF DAYS FAIR           11
NUMBER OF DAYS PC              7
NUMBER OF DAYS CLOUDY         13

AVERAGE RH (PERCENT)     71

WEATHER CONDITIONS. NUMBER OF DAYS WITH
THUNDERSTORM              0     MIXED PRECIP               0
HEAVY RAIN                2     RAIN                       2
LIGHT RAIN               15     FREEZING RAIN              0
LT FREEZING RAIN          0     HAIL                       0
HEAVY SNOW                0     SNOW                       0
LIGHT SNOW                0     SLEET                      0
FOG                      25     FOG W/VIS <= 1/4 MILE     12
HAZE                      2

-  INDICATES NEGATIVE NUMBERS.
R  INDICATES RECORD WAS SET OR TIED.
MM INDICATES DATA IS MISSING.
T  INDICATES TRACE AMOUNT.

$$
