000
CXUS55 KLKN 041126
CLMEKO


CLIMATE REPORT
NATIONAL WEATHER SERVICE ELKO NV
321 AM PST WED NOV 4 2020

...................................

...THE ELKO AIRPORT NV CLIMATE SUMMARY FOR THE MONTH OF OCTOBER 2020...

CLIMATE NORMAL PERIOD 1981 TO 2010
CLIMATE RECORD PERIOD 1888 TO 2020

WEATHER         OBSERVED          NORMAL  DEPART  LAST YEAR`S
                 VALUE   DATE(S)  VALUE   FROM    VALUE  DATE(S)
                                          NORMAL
................................................................
TEMPERATURE (F)
RECORD
 HIGH              92   10/01/2010
 LOW                0   10/12/1891
HIGHEST            86   10/02        81       5       76  10/16
                        10/01                             10/08
LOWEST              2   10/26        13     -11        4  10/30
AVG. MAXIMUM     71.0              64.5     6.5     59.4
AVG. MINIMUM     27.1              28.7    -1.6     22.2
MEAN             49.0              46.6     2.4     40.8
DAYS MAX >= 90      0               0.0     0.0        0
DAYS MAX <= 32      0               0.0     0.0        0
DAYS MIN <= 32     23              20.7     2.3       31
DAYS MIN <= 0       0               0.0     0.0        0

PRECIPITATION (INCHES)
RECORD
 MAXIMUM         2.90   1889
 MINIMUM         0.00   1917
                        1915
                        1893
TOTALS           0.01              0.75   -0.74     0.13
DAILY AVG.       0.00              0.02   -0.02     0.00
DAYS >= .01         1               5.3    -4.3        1
DAYS >= .10         0               2.3    -2.3        1
DAYS >= .50         0               0.2    -0.2        0
DAYS >= 1.00        0               0.0     0.0        0
GREATEST
 24 HR. TOTAL    0.01   10/11 TO 10/11              0.13

SNOWFALL (INCHES)
RECORDS
 TOTAL            9.0   1920
TOTALS            0.0               0.6    -0.6        T
SINCE 7/1         0.0               0.7    -0.7        T
SNOWDEPTH AVG.      0                                  0
DAYS >= TRACE       0               0.7    -0.7        1
DAYS >= 1.0         0               0.2    -0.2        0
GREATEST
 SNOW DEPTH         0   MM                             0
 24 HR TOTAL      0.0   10/31 TO 10/31                 T

DEGREE_DAYS
HEATING TOTAL     487               571     -84      742
 SINCE 7/1        613               829    -216      959
COOLING TOTAL       0                 0       0        0
 SINCE 1/1        698               383     315      503
.................................................................

WIND (MPH)
AVERAGE WIND SPEED              5.0
HIGHEST WIND SPEED/DIRECTION    28/290    DATE  10/11
HIGHEST GUST SPEED/DIRECTION    35/280    DATE  10/11

AVERAGE RH (PERCENT)     35

WEATHER CONDITIONS. NUMBER OF DAYS WITH
THUNDERSTORM              0     MIXED PRECIP               0
HEAVY RAIN                0     RAIN                       0
LIGHT RAIN                2     FREEZING RAIN              0
LT FREEZING RAIN          0     HAIL                       0
HEAVY SNOW                0     SNOW                       0
LIGHT SNOW                0     SLEET                      0
FOG                       0     FOG W/VIS <= 1/4 MILE      0
HAZE                      6

-  INDICATES NEGATIVE NUMBERS.
R  INDICATES RECORD WAS SET OR TIED.
MM INDICATES DATA IS MISSING.
T  INDICATES TRACE AMOUNT.

&&
======================================================================


...OCTOBER 2020 IN ELKO WAS WARMER AND DRIER THAN NORMAL...
...A RECORD LOW TEMPERATURE OF 2 DEGREES WAS SET ON THE 26TH IN
ELKO...

THE AVERAGE TEMPERATURE IN ELKO DURING OCTOBER 2020 WAS 49.0
DEGREES... WHICH IS 2.4 DEGREES ABOVE THE NORMAL OF 46.7
DEGREES. THE TOTAL PRECIPITATION WAS 0.01 INCHES...WHICH IS 0.74
INCHES BELOW THE NORMAL OF 0.75 INCHES AND 1.3 PERCENT OF NORMAL.
THIS MADE OCTOBER 2020 DRIER THAN NORMAL. THERE WAS NO SNOWFALL
RECORDED IN OCTOBER...WHICH IS LOWER THAN THE NORMAL OF 0.6 INCHES.
THE PERIOD OF RECORD FOR THE ELKO AREA BEGAN IN 1888 AND THE
CLIMATOLOGICAL NORMAL IS FROM 1981-2010.



$$
