000
CXUS54 KEPZ 091746
CLMELP

CLIMATE REPORT...COR
NATIONAL WEATHER SERVICE EL PASO TX/SANTA TERESA NM
1146 AM MDT WED JUN 09 2021

...................................

...THE EL PASO CLIMATE SUMMARY FOR THE MONTH OF MAY 2021...

CLIMATE NORMAL PERIOD 1991 TO 2020
CLIMATE RECORD PERIOD 1879 TO 2021

WEATHER         OBSERVED          NORMAL  DEPART   LAST YEAR`S
                VALUE   DATE(S)   VALUE   FROM     VALUE DATE(S)
                                          NORMAL
................................................................
TEMPERATURE (F)
RECORD
 HIGH            105   05/23/2005
                       05/22/2005
 LOW              31   05/02/1967
HIGHEST           98   05/22         93       5      101  05/28
                       05/29
LOWEST            48   05/01         52      -4       56  05/22
AVG. MAXIMUM    90.6               88.7     1.9     92.6
AVG. MINIMUM    62.8               62.1     0.7     66.4
MEAN            76.7               75.4     1.3     79.5
DAYS MAX >= 90    21               15.9     5.1       22
DAYS MAX <= 32     0                0.0     0.0        0
DAYS MIN <= 32     0                0.0     0.0        0
DAYS MIN <= 0      0                0.0     0.0        0

PRECIPITATION (INCHES)
RECORD
 MAXIMUM        4.22   1992
 MINIMUM        0.00   2011
TOTALS          0.18               0.43   -0.25     0.21
DAYS >= .01        3                                   2
DAYS >= .10        1                                   0
DAYS >= .50        0                                   0
DAYS >= 1.00       0                                   0
GREATEST
 24 HR. TOTAL   0.16   05/14 TO 05/14

SNOWFALL (INCHES)
TOTALS           0.0                                 0.0
SNOWDEPTH AVG.     0                                   0
DAYS >= TRACE      0                                   0
GREATEST
 SNOW DEPTH        0
 24 HR TOTAL     0.0

DEGREE DAYS
HEATING TOTAL      0                  6      -6        0
 SINCE 7/1      2145               2205     -60       MM
COOLING TOTAL    361                329      32      460
 SINCE 1/1       508                462      46       MM

FREEZE DATES
RECORD
 EARLIEST     10/16/1880
 LATEST       05/02/1967
EARLIEST                        10/26
LATEST                          02/27
................................................................

WIND (MPH)
AVERAGE WIND SPEED              9.9
HIGHEST WIND SPEED/DIRECTION    40/260    DATE  05/15
HIGHEST GUST SPEED/DIRECTION    53/250    DATE  05/15

SKY COVER
AVERAGE SKY COVER           0.27

AVERAGE RH (PERCENT)     24

WEATHER CONDITIONS. NUMBER OF DAYS WITH
THUNDERSTORM              3     MIXED PRECIP               0
HEAVY RAIN                0     RAIN                       0
LIGHT RAIN                6     FREEZING RAIN              0
LT FREEZING RAIN          0     HAIL                       0
HEAVY SNOW                0     SNOW                       0
LIGHT SNOW                0     SLEET                      0
FOG                       0     FOG W/VIS <= 1/4 MILE      0
HAZE                      4

-  INDICATES NEGATIVE NUMBERS.
R  INDICATES RECORD WAS SET OR TIED.
MM INDICATES DATA IS MISSING.
T  INDICATES TRACE AMOUNT.

$$
