984
CXUS54 KEPZ 041903
CLMELP

CLIMATE REPORT...COR
NATIONAL WEATHER SERVICE EL PASO TX/SANTA TERESA NM
1203 PM MST WED NOV 04 2020

...................................

...THE EL PASO CLIMATE SUMMARY FOR THE MONTH OF OCTOBER 2020...

CLIMATE NORMAL PERIOD 1981 TO 2010
CLIMATE RECORD PERIOD 1879 TO 2020

WEATHER         OBSERVED          NORMAL  DEPART   LAST YEAR`S
                VALUE   DATE(S)   VALUE   FROM     VALUE DATE(S)
                                          NORMAL
................................................................
TEMPERATURE (F)
RECORD
 HIGH             96   10/02/2015
                       10/05/1994
                       10/11/1979
 LOW              25   10/30/1970
                       10/29/1970
HIGHEST           95   10/14         83      12       89  10/06
LOWEST            29   10/27         44     -15       28  10/31
AVG. MAXIMUM    84.3               78.2     6.1     78.0
AVG. MINIMUM    52.5               52.0     0.5     53.9
MEAN            68.4               65.1     3.3     66.0
DAYS MAX >= 90    16                1.0    15.0        0
DAYS MAX <= 32     0                0.0     0.0        0
DAYS MIN <= 32     3                0.2     2.8        1
DAYS MIN <= 0      0                0.0     0.0        0

PRECIPITATION (INCHES)
RECORD
 MAXIMUM        5.15   1884
 MINIMUM        0.00   2016
TOTALS          0.18               0.61   -0.43     1.34
DAYS >= .01        2                                   3
DAYS >= .10        1                                   3
DAYS >= .50        0                                   1
DAYS >= 1.00       0                                   0
GREATEST
 24 HR. TOTAL   0.18   10/26 TO 10/27

SNOWFALL (INCHES)
TOTALS             T                                 0.0
SNOWDEPTH AVG.     0                                   0
DAYS >= TRACE      3                                   0
GREATEST
 SNOW DEPTH        0   10/31
 24 HR TOTAL       TR  10/26 TO 10/27
                       10/28 TO 10/28

DEGREE DAYS
HEATING TOTAL     87                 79       8       94
 SINCE 7/1       101                 84      17       94
COOLING TOTAL    202                 82     120      133
 SINCE 1/1      3285               2328     957     3007

FREEZE DATES
RECORD
 EARLIEST     10/16/1880
 LATEST       05/02/1967
EARLIEST      10/26             10/26
LATEST                          02/27
................................................................

WIND (MPH)
AVERAGE WIND SPEED              6.7
HIGHEST WIND SPEED/DIRECTION    30/280    DATE  10/14
HIGHEST GUST SPEED/DIRECTION    42/280    DATE  10/14

SKY COVER
AVERAGE SKY COVER           0.18

AVERAGE RH (PERCENT)     28

WEATHER CONDITIONS. NUMBER OF DAYS WITH
THUNDERSTORM              0     MIXED PRECIP               0
HEAVY RAIN                0     RAIN                       1
LIGHT RAIN                2     FREEZING RAIN              0
LT FREEZING RAIN          0     HAIL                       1
HEAVY SNOW                0     SNOW                       0
LIGHT SNOW                2     SLEET                      2
FOG                       1     FOG W/VIS <= 1/4 MILE      0
HAZE                      4

-  INDICATES NEGATIVE NUMBERS.
R  INDICATES RECORD WAS SET OR TIED.
MM INDICATES DATA IS MISSING.
T  INDICATES TRACE AMOUNT.

$$
