000
CXUS55 KLKN 041126
CLMELY


CLIMATE REPORT
NATIONAL WEATHER SERVICE ELKO NV
321 AM PST WED NOV 4 2020

...................................

...THE ELY AIRPORT NV CLIMATE SUMMARY FOR THE MONTH OF OCTOBER 2020...

CLIMATE NORMAL PERIOD 1981 TO 2010
CLIMATE RECORD PERIOD 1893 TO 2020

WEATHER         OBSERVED          NORMAL  DEPART  LAST YEAR`S
                 VALUE   DATE(S)  VALUE   FROM    VALUE  DATE(S)
                                          NORMAL
................................................................
TEMPERATURE (F)
RECORD
 HIGH              86   10/01/2010
 LOW               -7   10/30/2019
HIGHEST            83   10/06        78       5       75  10/08
                        10/02
                        10/01
LOWEST              8   10/26        12      -4       -7  10/30
AVG. MAXIMUM     70.7              62.5     8.2     60.0
AVG. MINIMUM     25.5              28.0    -2.5     18.4
MEAN             48.2              45.3     2.9     39.2
DAYS MAX >= 90      0               0.0     0.0        0
DAYS MAX <= 32      0               0.1    -0.1        0
DAYS MIN <= 32     27              22.8     4.2       30
DAYS MIN <= 0       0               0.1    -0.1        1

PRECIPITATION (INCHES)
RECORD
 MAXIMUM         3.67   1981
 MINIMUM         0.00   1952
                        1893
TOTALS           0.00R             1.00   -1.00        T
DAILY AVG.       0.00              0.03   -0.03        T
DAYS >= .01         0               5.4    -5.4        0
DAYS >= .10         0               2.9    -2.9        0
DAYS >= .50         0               0.4    -0.4        0
DAYS >= 1.00        0               0.0     0.0        0
GREATEST
 24 HR. TOTAL    0.00   10/31 TO 10/31                 T
                        10/30 TO 10/30
                        10/29 TO 10/29

SNOWFALL (INCHES)
RECORDS
 TOTAL           15.0   1899
TOTALS            0.0               3.0    -3.0        T
SINCE 7/1         0.0               3.4    -3.4        T
SNOWDEPTH AVG.      0                                  0
DAYS >= TRACE       0               1.7    -1.7        1
DAYS >= 1.0         0               0.9    -0.9        0
GREATEST
 SNOW DEPTH         0   MM                             0
 24 HR TOTAL      0.0   10/31 TO 10/31                 T

DEGREE_DAYS
HEATING TOTAL     514               612     -98      792
 SINCE 7/1        688               928    -240     1066
COOLING TOTAL       0                 0       0        0
 SINCE 1/1        372               218     154      249
.................................................................

WIND (MPH)
AVERAGE WIND SPEED              9.8
HIGHEST WIND SPEED/DIRECTION    30/010    DATE  10/26
HIGHEST GUST SPEED/DIRECTION    38/360    DATE  10/26

AVERAGE RH (PERCENT)     31

WEATHER CONDITIONS. NUMBER OF DAYS WITH
THUNDERSTORM              0     MIXED PRECIP               0
HEAVY RAIN                0     RAIN                       0
LIGHT RAIN                0     FREEZING RAIN              0
LT FREEZING RAIN          0     HAIL                       0
HEAVY SNOW                0     SNOW                       0
LIGHT SNOW                0     SLEET                      0
FOG                       0     FOG W/VIS <= 1/4 MILE      0
HAZE                      1

-  INDICATES NEGATIVE NUMBERS.
R  INDICATES RECORD WAS SET OR TIED.
MM INDICATES DATA IS MISSING.
T  INDICATES TRACE AMOUNT.

&&

======================================================================


...OCTOBER 2020 WAS WARMER THAN NORMAL AND DRIEST IN ELY FOR PERIOD
OF RECORD...
...A RECORD HIGH TEMPERATURE OF 81 WAS TIED ON THE 5TH IN ELY...
...A RECORD HIGH TEMPERATURE OF 83 WAS TIED ON THE 6TH IN ELY...
...A RECORD LOW TEMPERATURE OF 8 WAS SET ON THE 26TH IN ELY...


THE AVERAGE TEMPERATURE IN ELY DURING OCTOBER 2020 WAS 48.2
DEGREES... WHICH IS 2.9 DEGREES ABOVE THE NORMAL OF 45.3 DEGREES.
THE TOTAL PRECIPITATION WAS 0.00 INCHES...WHICH IS 1.00 INCHES BELOW
THE NORMAL OF 1.00 INCHES AND 0.0 PERCENT OF NORMAL. THIS MADE
OCTOBER 2020 TIED FOR THE DRIEST ON RECORD. THERE WAS NO SNOWFALL
RECORDED IN OCTOBER... WHICH IS 0 PERCENT OF THE NORMAL OF 3.0 INCHES.
THE PERIOD OF RECORD FOR THE ELY AREA BEGAN IN 1893 AND THE
CLIMATOLOGICAL NORMAL IS FROM 1981-2010.
$$
