784
CXUS55 KLKN 020945
CLMELY

CLIMATE REPORT
NATIONAL WEATHER SERVICE ELKO, NV
245 AM PDT WED JUN 02 2021

...................................

...THE ELY AIRPORT NV CLIMATE SUMMARY FOR THE MONTH OF MAY 2021...

CLIMATE NORMAL PERIOD 1991 TO 2020
CLIMATE RECORD PERIOD 1893 TO 2021

WEATHER         OBSERVED          NORMAL  DEPART   LAST YEAR`S
                VALUE   DATE(S)   VALUE   FROM     VALUE DATE(S)
                                          NORMAL
................................................................
TEMPERATURE (F)
RECORD
 HIGH             95   05/31/1910
 LOW               7   05/04/1950
HIGHEST           81   05/14         82      -1       91  05/29
                       05/28
                       05/31
LOWEST            22   05/11         21       1       23  05/24
AVG. MAXIMUM    70.4               68.9     1.5     73.3
AVG. MINIMUM    32.5               34.0    -1.5     37.1
MEAN            51.5               51.5    -0.0     55.2
DAYS MAX >= 90     0                0.2    -0.2        1
DAYS MAX <= 32     0                0.0     0.0        0
DAYS MIN <= 32    15               14.2     0.8       11
DAYS MIN <= 0      0                0.0     0.0        0

PRECIPITATION (INCHES)
RECORD
 MAXIMUM        3.55   1896
 MINIMUM           T   1948
TOTALS          0.27               1.05   -0.78     0.14
DAILY AVG.      0.01               0.03   -0.02     0.00
DAYS >= .01        2                7.6    -5.6        2
DAYS >= .10        2                3.0    -1.0        1
DAYS >= .50        0                0.4    -0.4        0
DAYS >= 1.00       0                0.0     0.0        0
GREATEST
 24 HR. TOTAL   0.16   05/21 TO 05/21               0.13

SNOWFALL (INCHES)
RECORDS
 TOTAL          14.0   1899
TOTALS           3.4                2.0     1.4        T
SINCE 7/1       43.7               54.1   -10.4       MM
SNOWDEPTH AVG.     0                                   0
DAYS >= TRACE      3                1.4     1.6        2
DAYS >= 1.0        2                0.6     1.4        0
DAYS >= 1.0        2                                  MM
GREATEST
 SNOW DEPTH        4   05/22                           0
 24 HR TOTAL     3.4                                   T

DEGREE DAYS
HEATING TOTAL    412                422     -10      312
 SINCE 7/1      6929               7019     -90     6968
COOLING TOTAL      0                  2      -2       15
 SINCE 1/1         0                  2      -2       15
................................................................

WIND (MPH)
AVERAGE WIND SPEED              9.5
HIGHEST WIND SPEED/DIRECTION    35/020    DATE  05/20
HIGHEST GUST SPEED/DIRECTION    43/220    DATE  05/19

AVERAGE RH (PERCENT)     40

WEATHER CONDITIONS. NUMBER OF DAYS WITH
THUNDERSTORM              2     MIXED PRECIP               0
HEAVY RAIN                0     RAIN                       0
LIGHT RAIN                6     FREEZING RAIN              0
LT FREEZING RAIN          0     HAIL                       0
HEAVY SNOW                0     SNOW                       1
LIGHT SNOW                2     SLEET                      0
FOG                       2     FOG W/VIS <= 1/4 MILE      0
HAZE                      2

-  INDICATES NEGATIVE NUMBERS.
R  INDICATES RECORD WAS SET OR TIED.
MM INDICATES DATA IS MISSING.
T  INDICATES TRACE AMOUNT.
======================================================================


...MAY 2021 WAS DRIER THAN NORMAL IN ELY...
...A RECORD SNOWFALL OF 2.2 INCHES WAS SET ON THE 22ND...

THE AVERAGE TEMPERATURE IN ELY DURING MAY 2021 WAS 51.5 DEGREES...
WHICH IS 0.0 DEGREES ABOVE THE NORMAL OF 51.5 DEGREES. THE TOTAL
PRECIPITATION WAS 0.27 INCHES...WHICH IS 0.78 INCHES BELOW THE
NORMAL OF 1.05 INCHES AND 26 PERCENT OF NORMAL. THERE WAS 3.4 INCHES
OF SNOWFALL RECORDED IN MAY WHICH IS 170 PERCENT OF THE NORMAL 2.0
INCHES.
THE PERIOD OF RECORD FOR THE ELY AREA BEGAN IN 1893 AND THE CLIMATOLOGICAL
NORMAL IS FROM 1991-2020.

$$
