000
CXUS56 KOTX 011850
CLMEPH

CLIMATE REPORT
NATIONAL WEATHER SERVICE SPOKANE WA
1050 AM PST SUN NOV 01 2020

...................................

...THE EPHRATA WA AIRPORT CLIMATE SUMMARY FOR THE MONTH OF OCTOBER 2020...

CLIMATE NORMAL PERIOD 1981 TO 2010
CLIMATE RECORD PERIOD 9999 TO 9999

WEATHER         OBSERVED          NORMAL  DEPART   LAST YEAR`S
                VALUE   DATE(S)   VALUE   FROM     VALUE DATE(S)
                                          NORMAL
................................................................
TEMPERATURE (F)
RECORD
 HIGH             88   10/06/2014
 LOW               8   10/31/2002
HIGHEST           83   10/02         MM      MM       74  10/25
                       10/07
LOWEST            20   10/25         MM      MM       13  10/29
AVG. MAXIMUM    63.7               62.3     1.4     57.8
AVG. MINIMUM    39.4               38.6     0.8     33.8
MEAN            51.5               50.5     1.0     45.8
DAYS MAX >= 90     0                0.0     0.0        0
DAYS MAX <= 32     0                0.0     0.0        0
DAYS MIN <= 32     8                5.1     2.9       14
DAYS MIN <= 0      0                0.0     0.0        0

PRECIPITATION (INCHES)
RECORD
 MAXIMUM        2.52   2016
 MINIMUM           T   1987
TOTALS          0.39               0.53   -0.14     0.58
DAILY AVG.      0.01               0.02   -0.01     0.02
DAYS >= .01        4                5.1    -1.1        7
DAYS >= .10        2                1.7     0.3        1
DAYS >= .50        0                0.1    -0.1        0
DAYS >= 1.00       0                0.0     0.0        0
GREATEST
 24 HR. TOTAL   0.18   10/11 TO 10/11               0.41


DEGREE DAYS
HEATING TOTAL    417                454     -37      589
 SINCE 7/1       483                580     -97      714
COOLING TOTAL      9                  3       6        0
 SINCE 1/1       846                772      74      852
................................................................

WIND (MPH)
AVERAGE WIND SPEED              7.8
HIGHEST WIND SPEED/DIRECTION    40/250    DATE  10/13
HIGHEST GUST SPEED/DIRECTION    50/250    DATE  10/13

SKY COVER
POSSIBLE SUNSHINE (PERCENT)   MM
AVERAGE SKY COVER           0.17
NUMBER OF DAYS FAIR           24
NUMBER OF DAYS PC              5
NUMBER OF DAYS CLOUDY          2

AVERAGE RH (PERCENT)     56

WEATHER CONDITIONS. NUMBER OF DAYS WITH
THUNDERSTORM              0     MIXED PRECIP               0
HEAVY RAIN                0     RAIN                       1
LIGHT RAIN                5     FREEZING RAIN              0
LT FREEZING RAIN          0     HAIL                       0
HEAVY SNOW                0     SNOW                       0
LIGHT SNOW                0     SLEET                      0
FOG                       3     FOG W/VIS <= 1/4 MILE      0
HAZE                      1

-  INDICATES NEGATIVE NUMBERS.
R  INDICATES RECORD WAS SET OR TIED.
MM INDICATES DATA IS MISSING.
T  INDICATES TRACE AMOUNT.

$$
