000
CXUS53 KPAH 011321
CLMEVV

CLIMATE REPORT
NATIONAL WEATHER SERVICE PADUCAH
721 AM CST SUN NOV 01 2020

...................................

...THE EVANSVILLE IN CLIMATE SUMMARY FOR THE MONTH OF OCTOBER 2020...

CLIMATE NORMAL PERIOD 1981 TO 2010
CLIMATE RECORD PERIOD 1896 TO 2020

WEATHER         OBSERVED          NORMAL  DEPART   LAST YEAR`S
                VALUE   DATE(S)   VALUE   FROM     VALUE DATE(S)
                                          NORMAL
................................................................
TEMPERATURE (F)
RECORD
 HIGH             96   10/02/2019
 LOW              21   10/29/1952
                       10/22/1952
HIGHEST           86   10/07         70      16       96  10/02
                       10/08
LOWEST            33   10/16         45     -12       27  10/31
AVG. MAXIMUM    68.5               69.8    -1.3     70.4
AVG. MINIMUM    46.4               45.5     0.9     45.9
MEAN            57.5               57.6    -0.1     58.1
DAYS MAX >= 90     0                0.0     0.0        2
DAYS MAX <= 32     0                0.0     0.0        0
DAYS MIN <= 32     0                2.1    -2.1        1
DAYS MIN <= 0      0                0.0     0.0        0

PRECIPITATION (INCHES)
RECORD
 MAXIMUM       11.19   1910
 MINIMUM        0.01   1964
TOTALS          6.85               3.25    3.60     6.26
DAILY AVG.      0.22               0.10    0.12     0.20
DAYS >= .01       11                8.3     2.7        8
DAYS >= .10        6                5.5     0.5        7
DAYS >= .50        3                2.3     0.7        4
DAYS >= 1.00       3                0.7     2.3        2
GREATEST
 24 HR. TOTAL   4.71   10/28 TO 10/29
 STORM TOTAL    3.66
 (MM/DD(HH))

SNOWFALL (INCHES)
RECORDS
 TOTAL           4.6   1993
TOTALS           0.0                0.2    -0.2        T
SINCE 7/1        0.0                0.2    -0.2       MM
SNOWDEPTH AVG.     0                                   0
DAYS >= TRACE      0
DAYS >= 1.0        0                0.0     0.0        0
GREATEST
 SNOW DEPTH        0                                   0  MM
 24 HR TOTAL      MM
 STORM TOTAL     0.0
 (MM/DD(HH))

DEGREE DAYS
HEATING TOTAL    260                256       4      253
 SINCE 7/1       290                304     -14      253
COOLING TOTAL     36                 29       7       49
 SINCE 1/1      1490               1395      95     1640
................................................................

WIND (MPH)
AVERAGE WIND SPEED              5.6
HIGHEST WIND SPEED/DIRECTION    24/310    DATE  10/12
HIGHEST GUST SPEED/DIRECTION    37/320    DATE  10/12

SKY COVER
POSSIBLE SUNSHINE (PERCENT)   MM
AVERAGE SKY COVER           0.44
NUMBER OF DAYS FAIR           15
NUMBER OF DAYS PC              7
NUMBER OF DAYS CLOUDY          9

AVERAGE RH (PERCENT)     68

WEATHER CONDITIONS. NUMBER OF DAYS WITH
THUNDERSTORM              2     MIXED PRECIP               0
HEAVY RAIN                4     RAIN                       6
LIGHT RAIN               13     FREEZING RAIN              0
LT FREEZING RAIN          0     HAIL                       0
HEAVY SNOW                0     SNOW                       0
LIGHT SNOW                0     SLEET                      0
FOG                      18     FOG W/VIS <= 1/4 MILE      5
HAZE                      6

-  INDICATES NEGATIVE NUMBERS.
R  INDICATES RECORD WAS SET OR TIED.
MM INDICATES DATA IS MISSING.
T  INDICATES TRACE AMOUNT.

REMARKS: 9TH WETTEST
$$
