000
CXUS52 KMHX 011829
CLMEWN


CLIMATE REPORT
NATIONAL WEATHER SERVICE NEWPORT/MOREHEAD CITY NC
124 PM EST TUE DEC 1 2020

...................................

...THE NEW BERN NC CLIMATE SUMMARY FOR THE MONTH OF NOVEMBER 2020...

CLIMATE NORMAL PERIOD 1981 TO 2010
CLIMATE RECORD PERIOD 1948 TO 2020

WEATHER         OBSERVED          NORMAL  DEPART  LAST YEAR`S
                 VALUE   DATE(S)  VALUE   FROM    VALUE  DATE(S)
                                          NORMAL
................................................................
TEMPERATURE (F)
RECORD
 HIGH              87   11/03/1974
                        11/04/1972
 LOW               17   11/26/1950
HIGHEST            81   11/11                         77  11/07
LOWEST             32   11/19                         29  11/13
AVG. MAXIMUM     69.8              66.4     3.4     61.7
AVG. MINIMUM     47.2              43.9     3.3     40.7
MEAN             58.5              55.2     3.3     51.2
DAYS MAX >= 90      0               0.0     0.0        0
DAYS MAX <= 32      0               0.0     0.0        0
DAYS MIN <= 32      1               3.3    -2.3        2
DAYS MIN <= 0       0               0.0     0.0        0

PRECIPITATION (INCHES)
RECORD
 MAXIMUM         8.86   2009
 MINIMUM         0.28   1973
TOTALS           6.34              3.40    2.94     4.63
DAILY AVG.       0.21              0.11    0.10     0.15
DAYS >= .01        13               8.2     4.8       11
DAYS >= .10         5               4.9     0.1        8
DAYS >= .50         3               2.0     1.0        2
DAYS >= 1.00        1               0.8     0.2        1
GREATEST
 24 HR. TOTAL    4.38   11/12 TO 11/12

SNOWFALL (INCHES)
RECORDS
 TOTAL             MM   5
 24 HR TOTAL       MM
 SNOW DEPTH        MM   MM
TOTALS            0.0               0.0     0.0      0.0
 LIQUID EQUIV    0.00              0.00    0.00     0.00
SINCE 7/1         0.0               0.0     0.0      0.0
 LIQUID 7/1      0.00              0.00    0.00     0.00
SNOWDEPTH AVG.      0                MM      MM        0
DAYS >= TRACE       0               0.0     0.0        0
DAYS >= 1.0         0               0.0     0.0        0
GREATEST
 SNOW DEPTH         0   MM                             0  MM
 24 HR TOTAL      0.0   11/30 TO 11/30
 STORM TOTAL       MM                                 MM
 (MM/DD(HH))

DEGREE_DAYS
HEATING TOTAL     214               310     -96      407
 SINCE 7/1        255               427    -172      452
.................................................................

WIND (MPH)
AVERAGE WIND SPEED              5.4
RESULTANT WIND SPEED/DIRECTION   1/020
HIGHEST WIND SPEED/DIRECTION    32/200    DATE  11/30
HIGHEST GUST SPEED/DIRECTION    45/200    DATE  11/30

SKY COVER
POSSIBLE SUNSHINE (PERCENT)   MM
AVERAGE SKY COVER           0.40
NUMBER OF DAYS FAIR           13
NUMBER OF DAYS PC             14
NUMBER OF DAYS CLOUDY          3

AVERAGE RH (PERCENT)     76

WEATHER CONDITIONS. NUMBER OF DAYS WITH
THUNDERSTORMS    0
FOG  21
FOG W/ VIS =< 1/4 MILES  11
HAZE  0

-  INDICATES NEGATIVE NUMBERS.
R  INDICATES RECORD WAS SET OR TIED.
MM INDICATES DATA IS MISSING.
T  INDICATES TRACE AMOUNT.

$$
