191
CXUS51 KOKX 031155
CLMEWR

NYCCLMEWR 000
TTAA00 KOKX 011625


CLIMATE REPORT
NATIONAL WEATHER SERVICE NEW YORK NY
1124 AM EST SUN NOV 1 2020

...................................

...THE NEWARK NJ CLIMATE SUMMARY FOR THE MONTH OF OCTOBER 2020...

CLIMATE NORMAL PERIOD 1981 TO 2010
CLIMATE RECORD PERIOD 1893 TO 2020

WEATHER         OBSERVED          NORMAL  DEPART  LAST YEAR`S
                 VALUE   DATE(S)  VALUE   FROM    VALUE  DATE(S)
                                          NORMAL
................................................................
TEMPERATURE (F)
RECORD
 HIGH              96   10/02/2019
 LOW               25   10/28/1936
HIGHEST            79   10/07        MM      MM       96  10/02
LOWEST             32   10/31        MM      MM       40  10/19
AVG. MAXIMUM     65.9              65.3     0.6     67.9
AVG. MINIMUM     50.3              48.0     2.3     52.9
MEAN             58.1              56.6     1.5     60.4
DAYS MAX >= 90      0               0.0     0.0        1
DAYS MAX <= 32      0               0.0     0.0        0
DAYS MIN <= 32      1               0.2     0.8        0
DAYS MIN <= 0       0               0.0     0.0        0

PRECIPITATION (INCHES)
RECORD
 MAXIMUM        13.84   1913
 MINIMUM         0.21   1963
TOTALS           4.56              3.60    0.96     7.26
DAILY AVG.       0.15              0.12    0.03     0.23
DAYS >= .01        12               8.7     3.3       15
DAYS >= .10         5               5.3    -0.3       11
DAYS >= .50         4               2.5     1.5        6
DAYS >= 1.00        1               1.1    -0.1        2
GREATEST
 24 HR. TOTAL    1.59   10/29 TO 10/29           10/16 TO 10/16

 STORM TOTAL       MM                                 MM
 (MM/DD(HH))            MM                    10/16(00) TO 10/16(00)


SNOWFALL (INCHES)
TOTALS              T               0.0     0.0      0.0
 LIQUID EQUIV       T                 T    0.00     0.00
SINCE 7/1           T               0.0     0.0      0.0
 LIQUID 7/1        MM              0.00      MM     0.00
SNOWDEPTH AVG.      0                MM      MM        0
DAYS >= TRACE       1               0.0     1.0        0
DAYS >= 1.0         0               0.0     0.0        0
GREATEST
 SNOW DEPTH         0   MM                             0  MM
 24 HR TOTAL        T   10/30 TO 10/30           10/31 TO 10/31

 STORM TOTAL       MM                                 MM
 (MM/DD(HH))            MM                    10/31(00) TO 10/31(00)


DEGREE_DAYS
HEATING TOTAL     214               276     -62      168
 SINCE 7/1        253               321     -68      175
COOLING TOTAL       7                17     -10       36
 SINCE 1/1       1418              1191     227     1400
.................................................................

WIND (MPH)
AVERAGE WIND SPEED              8.3
HIGHEST WIND SPEED/DIRECTION    30/230    DATE  10/07
HIGHEST GUST SPEED/DIRECTION    40/230    DATE  10/07


WEATHER CONDITIONS. NUMBER OF DAYS WITH
THUNDERSTORM              0     MIXED PRECIP               0
HEAVY RAIN                3     RAIN                       3
LIGHT RAIN               17     FREEZING RAIN              0
LT FREEZING RAIN          0     HAIL                       0
HEAVY SNOW                0     SNOW                       0
LIGHT SNOW                0     SLEET                      1
FOG                      13     FOG W/VIS <= 1/4 MILE      5
HAZE                      2

-  INDICATES NEGATIVE NUMBERS.
R  INDICATES RECORD WAS SET OR TIED.
MM INDICATES DATA IS MISSING.
T  INDICATES TRACE AMOUNT.

$$
