000
CXUS53 KIND 011616
CLMEYE

CLIMATE REPORT
NATIONAL WEATHER SERVICE INDIANAPOLIS IN
1116 AM EST SUN NOV 01 2020

...................................

...THE INDIANAPOLIS EAGLE CREEK IN CLIMATE SUMMARY FOR THE MONTH OF OCTOBER 2020...

CLIMATE NORMAL PERIOD 1981 TO 2010
CLIMATE RECORD PERIOD 9999 TO 9999

WEATHER         OBSERVED          NORMAL  DEPART   LAST YEAR`S
                VALUE   DATE(S)   VALUE   FROM     VALUE DATE(S)
                                          NORMAL
................................................................
TEMPERATURE (F)
HIGHEST           83   10/07                          91  10/01
                       10/09
LOWEST            30R  10/31                          30  10/31
AVG. MAXIMUM    64.7               64.4     0.3     66.3
AVG. MINIMUM    44.6               45.2    -0.6     46.1
MEAN            54.7               54.8    -0.1     56.2
DAYS MAX >= 90     0                0.0     0.0        2
DAYS MAX <= 32     0                0.0     0.0        0
DAYS MIN <= 32     1                1.3    -0.3        1
DAYS MIN <= 0      0                0.0     0.0        0

PRECIPITATION (INCHES)
TOTALS          5.86               3.11    2.75     4.29
DAILY AVG.      0.19               0.10    0.09     0.14
DAYS >= .01       12                 MM      MM        8
DAYS >= .10        9                 MM      MM        6
DAYS >= .50        4                 MM      MM        3
DAYS >= 1.00       3                 MM      MM        1
GREATEST
 24 HR. TOTAL   2.69   10/20 TO 10/21


DEGREE DAYS
HEATING TOTAL    332                331       1      299
 SINCE 7/1       376                391     -15      299
COOLING TOTAL     17                 15       2       36
 SINCE 1/1      1184               1058     126     1290
................................................................

WIND (MPH)
AVERAGE WIND SPEED              6.1
HIGHEST WIND SPEED/DIRECTION    26/300    DATE  10/12
HIGHEST GUST SPEED/DIRECTION    37/290    DATE  10/01

SKY COVER
POSSIBLE SUNSHINE (PERCENT)   MM
AVERAGE SKY COVER           0.50
NUMBER OF DAYS FAIR           13
NUMBER OF DAYS PC              7
NUMBER OF DAYS CLOUDY         11

AVERAGE RH (PERCENT)     69

WEATHER CONDITIONS. NUMBER OF DAYS WITH
THUNDERSTORM              3     MIXED PRECIP               0
HEAVY RAIN                6     RAIN                       4
LIGHT RAIN               14     FREEZING RAIN              0
LT FREEZING RAIN          0     HAIL                       0
HEAVY SNOW                0     SNOW                       0
LIGHT SNOW                0     SLEET                      0
FOG                      16     FOG W/VIS <= 1/4 MILE      2
HAZE                      3

-  INDICATES NEGATIVE NUMBERS.
R  INDICATES RECORD WAS SET OR TIED.
MM INDICATES DATA IS MISSING.
T  INDICATES TRACE AMOUNT.

$$
