000
CXAK59 PAFG 030230
CLMFAI

CLIMATE REPORT
NATIONAL WEATHER SERVICE FAIRBANKS AK
530 PM AKST WED DEC 02 2020

...................................

...THE FAIRBANKS AK CLIMATE SUMMARY FOR THE MONTH OF NOVEMBER 2020...

CLIMATE NORMAL PERIOD 1981 TO 2010
CLIMATE RECORD PERIOD 1904 TO 2020

WEATHER         OBSERVED          NORMAL  DEPART   LAST YEAR`S
                VALUE   DATE(S)   VALUE   FROM     VALUE DATE(S)
                                          NORMAL
................................................................
TEMPERATURE (F)
RECORD
 HIGH             54   11/25/1936
 LOW             -54   11/29/1909
HIGHEST           35   11/08         34       1       38  11/22
LOWEST           -29   11/04        -28      -1      -11  11/19
                                                          11/09
AVG. MAXIMUM    11.3               10.9     0.4     20.5
AVG. MINIMUM    -7.2               -5.7    -1.5      5.9
MEAN             2.0                2.6    -0.6     13.2
DAYS MAX >= 90     0                0.0     0.0        0
DAYS MAX <= 32    27               28.0    -1.0       27
DAYS MIN <= 32    30               30.0     0.0       30
DAYS MIN <= 0     20               19.6     0.4       12

PRECIPITATION (INCHES)
RECORD
 MAXIMUM        4.65   1906
 MINIMUM           T
TOTALS          1.38               0.67    0.71     1.83
DAILY AVG.      0.05               0.02    0.03     0.06
DAYS >= .01       11               10.3     0.7       14
DAYS >= .10        4                2.1     1.9        7
DAYS >= .50        1                0.0     1.0        0
DAYS >= 1.00       0                0.0     0.0        0
GREATEST
 24 HR. TOTAL   0.92   11/05 TO 11/06               0.47

SNOWFALL (INCHES)
RECORDS
 TOTAL          54.0   1970
 24 HR TOTAL    14.6   11/20/1970 TO 11/20/1970
 SNOW DEPTH       42   11/29/1970
TOTALS          24.7               13.2    11.5     23.7
SINCE 7/1       33.5               25.8     7.7       MM
SNOWDEPTH AVG.    15                                  10
DAYS >= TRACE     21               11.9     9.1       22
DAYS >= 1.0        7                4.6     2.4        8
GREATEST
 SNOW DEPTH       19   11/06                          14
 24 HR TOTAL      MM                                 4.6

DEGREE DAYS
HEATING TOTAL   1880               1872       8     1548
 SINCE 7/1      3829               4131    -302     3380
COOLING TOTAL      0                  0       0        0
 SINCE 1/1        13                 61     -48      123
................................................................

WIND (MPH)
AVERAGE WIND SPEED              2.1
HIGHEST WIND SPEED/DIRECTION    21/260    DATE  11/09
HIGHEST GUST SPEED/DIRECTION    28/260    DATE  11/09

SKY COVER
AVERAGE SKY COVER           0.63
NUMBER OF DAYS FAIR            7


WEATHER CONDITIONS. NUMBER OF DAYS WITH
THUNDERSTORM              0     MIXED PRECIP               0
HEAVY RAIN                0     RAIN                       0
LIGHT RAIN                1     FREEZING RAIN              0
LT FREEZING RAIN          2     HAIL                       0
HEAVY SNOW                1     SNOW                       1
LIGHT SNOW               21     SLEET                      0
FOG                      20     FOG W/VIS <= 1/4 MILE      3
HAZE                      1

-  INDICATES NEGATIVE NUMBERS.
R  INDICATES RECORD WAS SET OR TIED.
MM INDICATES DATA IS MISSING.
T  INDICATES TRACE AMOUNT.

$$
