000
CXUS53 KFGF 011013
CLMFAR

CLIMATE REPORT
NATIONAL WEATHER SERVICE GRAND FORKS
412 AM CST SUN NOV 01 2020

...................................

...THE FARGO HECTOR INTL AP ND CLIMATE SUMMARY FOR THE MONTH OF OCTOBER 2020...

CLIMATE NORMAL PERIOD 1981 TO 2010
CLIMATE RECORD PERIOD 1881 TO 2020

WEATHER         OBSERVED          NORMAL  DEPART   LAST YEAR`S
                VALUE   DATE(S)   VALUE   FROM     VALUE DATE(S)
                                          NORMAL
................................................................
TEMPERATURE (F)
RECORD
 HIGH             97   10/11/2015
 LOW              -4   10/26/1919
HIGHEST           75   10/09         56      19       70  10/08
LOWEST            11   10/26         35     -24       16  10/31
                       10/27
AVG. MAXIMUM    48.9               56.0    -7.1     48.6
AVG. MINIMUM    28.8               35.1    -6.3     34.5
MEAN            38.8               45.5    -6.7     41.6
DAYS MAX >= 90     0                0.1    -0.1        0
DAYS MAX <= 32     6                0.6     5.4        2
DAYS MIN <= 32    21               11.9     9.1       11
DAYS MIN <= 0      0                0.0     0.0        0

PRECIPITATION (INCHES)
RECORD
 MAXIMUM        7.03   1982
 MINIMUM        0.05   1986
TOTALS          1.07               2.15   -1.08     3.78
DAILY AVG.      0.03               0.07   -0.04     0.12
DAYS >= .01        8                8.3    -0.3       12
DAYS >= .10        4                4.4    -0.4        7
DAYS >= .50        0                1.3    -1.3        3
DAYS >= 1.00       0                0.4    -0.4        0
GREATEST
 24 HR. TOTAL   0.49   10/20 TO 10/20

SNOWFALL (INCHES)
RECORDS
 TOTAL           8.1   1951
 SNOW DEPTH        4   10/23/2020
TOTALS           7.9                0.7     7.2      4.5
SINCE 7/1        7.9                0.7     7.2       MM
SNOWDEPTH AVG.     1                                   0
DAYS >= 1.0        2                0.3     1.7        1
GREATEST
 SNOW DEPTH        4R  10/23                           4  10/12
                                                          10/19
                                                          10/11
 24 HR TOTAL     7.9R

DEGREE DAYS
HEATING TOTAL    804                606     198      720
 SINCE 7/1      1024                877     147       MM
COOLING TOTAL      0                  3      -3        0
 SINCE 1/1       654                551     103       MM
................................................................

WIND (MPH)
AVERAGE WIND SPEED              11.7
HIGHEST WIND SPEED/DIRECTION    41/320    DATE  10/31
HIGHEST GUST SPEED/DIRECTION    55/320    DATE  10/31

SKY COVER
POSSIBLE SUNSHINE (PERCENT)   MM
AVERAGE SKY COVER           0.45
NUMBER OF DAYS FAIR           14
NUMBER OF DAYS PC             10
NUMBER OF DAYS CLOUDY          7

AVERAGE RH (PERCENT)     67

WEATHER CONDITIONS. NUMBER OF DAYS WITH
THUNDERSTORM              1     MIXED PRECIP               0
HEAVY RAIN                0     RAIN                       0
LIGHT RAIN                6     FREEZING RAIN              0
LT FREEZING RAIN          0     HAIL                       0
HEAVY SNOW                0     SNOW                       4
LIGHT SNOW                5     SLEET                      0
FOG                       7     FOG W/VIS <= 1/4 MILE      1
HAZE                      1

-  INDICATES NEGATIVE NUMBERS.
R  INDICATES RECORD WAS SET OR TIED.
MM INDICATES DATA IS MISSING.
T  INDICATES TRACE AMOUNT.

&&

THE MONTH OF OCTOBER AT THE FARGO HECTOR INTERNATIONAL AIRPORT WAS
BELOW NORMAL. THE AVERAGE TEMPERATURE WAS 38.8 DEGREES WHICH IS 6.7
DEGREES BELOW NORMAL. THE MONTH STARTED SLIGHTLY COOLER, WITH A
BRIEF WARM PERIOD BEFORE BEING COOLER THE REST OF THE MONTH.

PRECIPITATION FOR THE MONTH WAS ALSO BELOW NORMAL. TOTAL RAINFALL
WAS 1.07 INCHES WHICH WAS 1.08 INCHES BELOW NORMAL.

REMEMBER...THIS DATA IS PROVISIONAL AND SUBJECT TO CHANGE. THE FINAL
AND OFFICIAL RECORDS WILL BE AVAILABLE FROM THE NATIONAL CENTERS FOR
ENVIRONMENTAL INFORMATION.

$$
