000
CXUS52 KRAH 011258
CLMFAY

CLIMATE REPORT
NATIONAL WEATHER SERVICE RALEIGH NC
758 AM EST TUE DEC 01 2020

...................................

...THE FAYETTEVILLE REGL AIRPORT NC CLIMATE SUMMARY FOR THE MONTH OF NOVEMBER 2020...

CLIMATE NORMAL PERIOD 1981 TO 2010
CLIMATE RECORD PERIOD 1910 TO 2020

WEATHER         OBSERVED          NORMAL  DEPART   LAST YEAR`S
                VALUE   DATE(S)   VALUE   FROM     VALUE
                                          NORMAL
..............................................................
TEMPERATURE (F)
RECORD
 HIGH             88   11/03/1974
 LOW              15   11/26/1950
HIGHEST           82   11/08                          75
LOWEST            30   11/19                          25
AVG. MAXIMUM    70.3               66.8     3.5     60.8
AVG. MINIMUM    46.8               42.7     4.1     39.2
MEAN            58.6               54.7     3.9     50.0
DAYS MAX >= 90     0                                   0
DAYS MAX <= 32     0                                   0
DAYS MIN <= 32     1                                   5
DAYS MIN <= 0      0                                   0

PRECIPITATION (INCHES)
RECORD
 MAXIMUM        8.84   2006
TOTALS          6.73               2.77    3.96     2.29
DAYS >= .01       11
DAYS >= .10        5
DAYS >= .50        3
DAYS >= 1.00       2
GREATEST
 24 HR. TOTAL   5.12   11/11 TO 11/12


DEGREE DAYS
HEATING TOTAL    214                321    -107      443
 SINCE 7/1       269                448    -179      481
COOLING TOTAL     31                 13      18        0
 SINCE 1/1      2163               1991     172     2530
..............................................................

WIND (MPH)
AVERAGE WIND SPEED              6.2
HIGHEST WIND SPEED/DIRECTION    32/230    DATE  11/30
HIGHEST GUST SPEED/DIRECTION    41/230    DATE  11/30

SKY COVER
POSSIBLE SUNSHINE (PERCENT)   MM
AVERAGE SKY COVER           0.35
NUMBER OF DAYS FAIR           14
NUMBER OF DAYS PC             13
NUMBER OF DAYS CLOUDY          3

AVERAGE RH (PERCENT)     70

WEATHER CONDITIONS. NUMBER OF DAYS WITH
THUNDERSTORM              1     MIXED PRECIP               0
HEAVY RAIN                2     RAIN                       5
LIGHT RAIN               11     FREEZING RAIN              0
LT FREEZING RAIN          0     HAIL                       0
HEAVY SNOW                0     SNOW                       0
LIGHT SNOW                0     SLEET                      0
FOG                      19     FOG W/VIS <= 1/4 MILE      9
HAZE                      2

-  INDICATES NEGATIVE NUMBERS.
R  INDICATES RECORD WAS SET OR TIED.
MM INDICATES DATA IS MISSING.
T  INDICATES TRACE AMOUNT.

&&

A RECORD DAILY RAINFALL TOTAL OF 2.84 INCHES WAS SET AT THE
FAYETTEVILLE REGIONAL AIRPORT ON NOVEMBER 11.
THIS BROKE THE OLD RECORD OF 2.41 INCHES SET IN 2009.

A RECORD DAILY RAINFALL TOTAL OF 2.69 INCHES WAS SET AT THE
FAYETTEVILLE REGIONAL AIRPORT ON NOVEMBER 12.
THIS BROKE THE OLD RECORD OF 2.37 INCHES SET IN 1947.

A RECORD HIGH MINIMUM TEMPERATURE OF 69 DEGREES WAS SET AT THE
FAYETTEVILLE REGIONAL AIRPORT ON NOVEMBER 11. THIS BROKE THE OLD
RECORD OF 63 DEGREES SET IN 2002.

A RECORD HIGH MINIMUM TEMPERATURE OF 64 DEGREES WAS SET AT THE
FAYETTEVILLE REGIONAL AIRPORT ON NOVEMBER 12. THIS BROKE THE OLD
RECORD OF 59 DEGREES SET IN 1970.

A RECORD HIGH MINIMUM TEMPERATURE OF 61 DEGREES WAS SET AT THE
FAYETTEVILLE REGIONAL AIRPORT ON NOVEMBER 26. THIS BROKE THE OLD
RECORD OF 60 DEGREES SET IN 2001.

NOVEMBER 2020 WAS THE FIFTH WARMEST NOVEMBER ON RECORD AT THE
FAYETTEVILLE REGIONAL AIRPORT, AVERAGING 58.6 DEGREES. THE WARMEST
NOVEMBER ON RECORD WAS IN 1985, AVERAGING 61.2 DEGREES.

$$
