000
CXUS53 KLMK 012251
CLMFFT

CLIMATE REPORT
NATIONAL WEATHER SERVICE LOUISVILLE KY
651 PM EDT TUE JUN 01 2021

...................................

...THE FRANKFORT KY CLIMATE SUMMARY FOR THE MONTH OF MAY 2021...

CLIMATE NORMAL PERIOD 1991 TO 2020
CLIMATE RECORD PERIOD 1895 TO 2021

WEATHER         OBSERVED          NORMAL  DEPART   LAST YEAR`S
                VALUE   DATE(S)   VALUE   FROM     VALUE DATE(S)
                                          NORMAL
................................................................
TEMPERATURE (F)
RECORD
 HIGH             99   05/29/1914
                       05/28/1914
 LOW              27   05/01/1963
HIGHEST           91   05/25         MM      MM       87  05/26
LOWEST            34   05/01         MM      MM       28  05/09
AVG. MAXIMUM    75.2               76.7    -1.5     73.1
AVG. MINIMUM    50.4               54.4    -4.0     52.6
MEAN            62.8               65.5    -2.7     62.9
DAYS MAX >= 90     2                0.6     1.4        0
DAYS MAX <= 32     0                0.0     0.0        0
DAYS MIN <= 32     0                0.3    -0.3        1
DAYS MIN <= 0      0                0.0     0.0        0

PRECIPITATION (INCHES)
RECORD
 MAXIMUM       10.74   1983
 MINIMUM        0.38   1931
TOTALS          2.88               5.10   -2.22     6.25
DAILY AVG.      0.09               0.16   -0.07     0.20
DAYS >= .01       13               13.6    -0.6       13
DAYS >= .10        6                8.6    -2.6       10
DAYS >= .50        2                3.7    -1.7        4
DAYS >= 1.00       0                1.2    -1.2        3
GREATEST
 24 HR. TOTAL   1.18   05/04 TO 05/05


DEGREE DAYS
HEATING TOTAL    153                 92      61      169
 SINCE 7/1      4405               4380      25     4153
COOLING TOTAL     94                109     -15      109
 SINCE 1/1       115                139     -24      129
................................................................

WIND (MPH)
AVERAGE WIND SPEED              5.3
HIGHEST WIND SPEED/DIRECTION    31/190    DATE  05/09
HIGHEST GUST SPEED/DIRECTION    47/200    DATE  05/09

SKY COVER
POSSIBLE SUNSHINE (PERCENT)   MM
AVERAGE SKY COVER           0.40
NUMBER OF DAYS FAIR           15
NUMBER OF DAYS PC             11
NUMBER OF DAYS CLOUDY          5

AVERAGE RH (PERCENT)     65

WEATHER CONDITIONS. NUMBER OF DAYS WITH
THUNDERSTORM              2     MIXED PRECIP               0
HEAVY RAIN                4     RAIN                       5
LIGHT RAIN               10     FREEZING RAIN              0
LT FREEZING RAIN          0     HAIL                       0
HEAVY SNOW                0     SNOW                       0
LIGHT SNOW                0     SLEET                      0
FOG                      17     FOG W/VIS <= 1/4 MILE      2
HAZE                      5

-  INDICATES NEGATIVE NUMBERS.
R  INDICATES RECORD WAS SET OR TIED.
MM INDICATES DATA IS MISSING.
T  INDICATES TRACE AMOUNT.

$$
