000
CXUS53 KLMK 011447
CLMFFT


CLIMATE REPORT
NATIONAL WEATHER SERVICE LOUISVILLE KY
920 AM EST SUN NOV 1 2020

...................................

...THE FRANKFORT KY CLIMATE SUMMARY FOR THE MONTH OF OCTOBER 2020...

CLIMATE NORMAL PERIOD 1981 TO 2010
CLIMATE RECORD PERIOD 1895 TO 2020

WEATHER         OBSERVED          NORMAL  DEPART  LAST YEAR`S
                 VALUE   DATE(S)  VALUE   FROM    VALUE  DATE(S)
                                          NORMAL
................................................................
TEMPERATURE (F)
RECORD
 HIGH              98   10/01/1953
 LOW               20   10/23/1952
                        10/22/1952
                        10/29/1925
HIGHEST            84   10/07        MM      MM       97  10/01
LOWEST             31   10/31        MM      MM       33  10/18
                                                          10/13
AVG. MAXIMUM     68.3              68.3     0.0     72.3
AVG. MINIMUM     46.5              44.4     2.1     46.8
MEAN             57.4              56.4     1.0     59.5
DAYS MAX >= 90      0               0.1    -0.1        3
DAYS MAX <= 32      0               0.0     0.0        0
DAYS MIN <= 32      2               2.6    -0.6        0
DAYS MIN <= 0       0               0.0     0.0        0

PRECIPITATION (INCHES)
RECORD
 MAXIMUM         9.14   1919
 MINIMUM         0.08   1963
TOTALS           5.13              3.24    1.89     8.26
DAILY AVG.       0.17              0.10    0.07     0.27
DAYS >= .01        14                MM      MM       10
DAYS >= .10         6                MM      MM        8
DAYS >= .50         4                MM      MM        6
DAYS >= 1.00        2                MM      MM        6
GREATEST
 24 HR. TOTAL    1.73   10/19 TO 10/20

DEGREE_DAYS
HEATING TOTAL     252               287     -35      226
 SINCE 7/1        289               341     -52      226
COOLING TOTAL      24                19       5       64
 SINCE 1/1       1386              1154     232     1645
.................................................................

WIND (MPH)
AVERAGE WIND SPEED              4.9
HIGHEST WIND SPEED/DIRECTION    25/300    DATE  10/12
HIGHEST GUST SPEED/DIRECTION    41/310    DATE  10/12

SKY COVER
POSSIBLE SUNSHINE (PERCENT)   MM
AVERAGE SKY COVER           0.50
NUMBER OF DAYS FAIR           12
NUMBER OF DAYS PC              7
NUMBER OF DAYS CLOUDY         12

AVERAGE RH (PERCENT)     72

WEATHER CONDITIONS. NUMBER OF DAYS WITH
THUNDERSTORM              2     MIXED PRECIP                0
HEAVY RAIN                7     RAIN                        6
LIGHT RAIN               13     FREEZING RAIN               0
LT FREEZING RAIN          0     HAIL                        0
HEAVY SNOW                0     SNOW                        0
LIGHT SNOW                0     SLEET                       0
FOG                      19     FOG W/VIS <= 1/4 MILE       5
HAZE                      3

-  INDICATES NEGATIVE NUMBERS.
R  INDICATES RECORD WAS SET OR TIED.
MM INDICATES DATA IS MISSING.
T  INDICATES TRACE AMOUNT.

$$
