100
CXUS53 KFGF 011016
CLMFGF

CLIMATE REPORT
NATIONAL WEATHER SERVICE GRAND FORKS
412 AM CST SUN NOV 01 2020

...................................

...THE GRAND FORKS UNIV. (NWS) ND CLIMATE SUMMARY FOR THE MONTH OF OCTOBER 2020...

CLIMATE NORMAL PERIOD 1981 TO 2010
CLIMATE RECORD PERIOD 1893 TO 2020

WEATHER         OBSERVED          NORMAL  DEPART   LAST YEAR`S
                VALUE   DATE(S)   VALUE   FROM     VALUE DATE(S)
                                          NORMAL
................................................................
TEMPERATURE (F)
RECORD
 HIGH             95   10/03/1922
 LOW              -9   10/26/1919
HIGHEST           75   10/11         54      21       69  10/08
                                                          10/18
LOWEST            14   10/26         34     -20       18  10/31
                       10/27
AVG. MAXIMUM    48.7               54.1    -5.4     46.3
AVG. MINIMUM    28.8               34.0    -5.2     33.6
MEAN            38.8               44.1    -5.3     40.0
DAYS MAX >= 90     0                0.0     0.0        0
DAYS MAX <= 32     4                0.9     3.1        3
DAYS MIN <= 32    22               12.6     9.4       12
DAYS MIN <= 0      0                0.0     0.0        0

PRECIPITATION (INCHES)
RECORD
 MAXIMUM        5.83   1998
 MINIMUM        0.03   1992
TOTALS          0.29               1.92   -1.63     4.37
DAILY AVG.      0.01               0.06   -0.05     0.14
DAYS >= .01        4                8.0    -4.0       12
DAYS >= .10        1                3.9    -2.9        7
DAYS >= .50        0                1.1    -1.1        3
DAYS >= 1.00       0                0.5    -0.5        2
GREATEST
 24 HR. TOTAL   0.11   10/20 TO 10/20               1.43

SNOWFALL (INCHES)
RECORDS
 TOTAL          10.9   2001
TOTALS           1.9                1.0     0.9      7.5
SINCE 7/1        1.9                1.0     0.9       MM
SNOWDEPTH AVG.     0                                   0
DAYS >= 1.0        1                0.4     0.6
GREATEST
 SNOW DEPTH        1R  10/21                           7  10/12
 24 HR TOTAL     1.9

DEGREE DAYS
HEATING TOTAL    806                650     156
 SINCE 7/1      1023                954      69
COOLING TOTAL      0                  1      -1
 SINCE 1/1       619                463     156
................................................................

SKY COVER
POSSIBLE SUNSHINE (PERCENT)   MM
AVERAGE SKY COVER             MM
NUMBER OF DAYS FAIR            0
NUMBER OF DAYS PC              0
NUMBER OF DAYS CLOUDY          0


WEATHER CONDITIONS. NUMBER OF DAYS WITH
THUNDERSTORM              0     MIXED PRECIP               0
HEAVY RAIN                0     RAIN                       0
LIGHT RAIN                3     FREEZING RAIN              0
LT FREEZING RAIN          0     HAIL                       0
HEAVY SNOW                0     SNOW                       0
LIGHT SNOW                2     SLEET                      0
FOG                       0     FOG W/VIS <= 1/4 MILE      0
HAZE                      0

-  INDICATES NEGATIVE NUMBERS.
R  INDICATES RECORD WAS SET OR TIED.
MM INDICATES DATA IS MISSING.
T  INDICATES TRACE AMOUNT.

&&

THE MONTH OF OCTBER AT THE GRAND FORKS UNIVERSITY (NWS) SAW BELOW
NORMAL TEMPERATURES. THE AVERAGE TEMPERATURE WAS 38.3 DEGREES WHICH
IS 4.8 DEGREES BELOW NORMAL. THE MONTH STARTED AND ENDED COOLER,
WITH PERIODS OF ABOVE NORMAL TEMPERATURES SEEN AS WELL.

PRECIPITATION FOR THE MONTH WAS WELL BELOW NORMAL. TOTAL RAINFALL
WAS 0.37 INCHES WHICH WAS 1.60 INCHES BELOW NORMAL.

REMEMBER...THIS DATA IS PROVISIONAL AND SUBJECT TO CHANGE. THE FINAL
AND OFFICIAL RECORDS WILL BE AVAILABLE FROM THE NATIONAL CENTERS FOR
ENVIRONMENTAL INFORMATION.

$$
