211
CXUS52 KMFL 011506
CLMFLL


CLIMATE REPORT
NATIONAL WEATHER SERVICE MIAMI, FL
1000 AM EST SUN NOV 1 2020

...................................

...THE FORT LAUDERDALE CLIMATE SUMMARY FOR THE MONTH OF OCTOBER 2020...

CLIMATE NORMAL PERIOD 1981 TO 2010
CLIMATE RECORD PERIOD 1912 TO 2020

WEATHER         OBSERVED          NORMAL  DEPART  LAST YEAR`S
                 VALUE   DATE(S)  VALUE   FROM    VALUE
                                          NORMAL
.............................................................
TEMPERATURE (F)
RECORD
 HIGH              95   10/02/1980
                        10/06/1925
 LOW               44   10/24/1923
HIGHEST            93   10/12                         92
LOWEST             72   10/20                         74
AVG. MAXIMUM     87.5              85.9     1.6     87.4
AVG. MINIMUM     77.0              75.2     1.8     77.7
MEAN             82.3              80.6     1.7     82.5
DAYS MAX >= 90      6                                  3
DAYS MAX <= 32      0                                  0
DAYS MIN <= 32      0                                  0
DAYS MIN <= 0       0                                  0

PRECIPITATION (INCHES)
RECORD
 MAXIMUM        32.10   1924
 MINIMUM         0.73   2009
TOTALS          14.26              6.82    7.44     3.31
DAILY AVG.       0.51              0.22    0.29     0.11
DAYS >= .01        19                                 13
DAYS >= .10        14                                  6
DAYS >= .50         7                                  2
DAYS >= 1.00        4                                  1
GREATEST
 24 HR. TOTAL    3.39   10/25 TO 10/25              1.10

DEGREE_DAYS
HEATING TOTAL       0                 0       0        0
 SINCE 7/1          0                 0       0        0
COOLING TOTAL     541               482      59      553
 SINCE 1/1       4608              4194     414     4508
..............................................................

WIND (MPH)
AVERAGE WIND SPEED              10.3
HIGHEST WIND SPEED/DIRECTION    41/100    DATE  10/21
HIGHEST GUST SPEED/DIRECTION    49/090    DATE  10/21

SKY COVER
POSSIBLE SUNSHINE (PERCENT)   MM
AVERAGE SKY COVER           0.60
NUMBER OF DAYS FAIR            2
NUMBER OF DAYS PC             22
NUMBER OF DAYS CLOUDY          7

AVERAGE RH (PERCENT)     82

WEATHER CONDITIONS. NUMBER OF DAYS WITH
THUNDERSTORM             13     MIXED PRECIP                0
HEAVY RAIN               12     RAIN                       17
LIGHT RAIN               22     FREEZING RAIN               0
LT FREEZING RAIN          0     HAIL                        0
HEAVY SNOW                0     SNOW                        0
LIGHT SNOW                0     SLEET                       0
FOG                      20     FOG W/VIS <= 1/4 MILE       3
HAZE                      2

-  INDICATES NEGATIVE NUMBERS.
R  INDICATES RECORD WAS SET OR TIED.
MM INDICATES DATA IS MISSING.
T  INDICATES TRACE AMOUNT.

$$
