000
CXUS52 KILM 012027
CLMFLO

CLIMATE REPORT
NATIONAL WEATHER SERVICE WILMINGTON NC
327 PM EST SUN NOV 01 2020

...................................

...THE FLORENCE SOUTH CAROLINA CLIMATE SUMMARY FOR THE MONTH OF OCTOBER 2020...

CLIMATE NORMAL PERIOD 1981 TO 2010
CLIMATE RECORD PERIOD 1948 TO 2020

WEATHER         OBSERVED          NORMAL  DEPART   LAST YEAR`S
                VALUE   DATE(S)   VALUE   FROM     VALUE DATE(S)
                                          NORMAL
................................................................
TEMPERATURE (F)
RECORD
 HIGH            102   10/06/1954
 LOW              27   10/27/1962
HIGHEST           87   10/08         MM      MM       99  10/04
                                                          10/03
LOWEST            46   10/31         MM      MM       42  10/18
AVG. MAXIMUM    78.7               75.5     3.2     80.9
AVG. MINIMUM    57.6               53.1     4.5     58.5
MEAN            68.2               64.3     3.9     69.7
DAYS MAX >= 90     0                0.4    -0.4        3
DAYS MAX <= 32     0                0.0     0.0        0
DAYS MIN <= 32     0                0.2    -0.2        0
DAYS MIN <= 0      0                0.0     0.0        0

PRECIPITATION (INCHES)
RECORD
 MAXIMUM       14.71   2015
 MINIMUM        0.00   2000
TOTALS          1.48               3.08   -1.60     2.74
DAILY AVG.      0.05               0.10   -0.05
DAYS >= .01        3                6.7    -3.7
DAYS >= .10        3                4.3    -1.3
DAYS >= .50        2                1.8     0.2
DAYS >= 1.00       0                1.0    -1.0
GREATEST
 24 HR. TOTAL   0.68   10/25 TO 10/25


DEGREE DAYS
HEATING TOTAL     30                108     -78       28
 SINCE 7/1        41                115     -74
COOLING TOTAL    135                 86      49      182
 SINCE 1/1      2370               2042     328

FREEZE DATES
RECORD
 EARLIEST     10/14/1988
 LATEST       04/20/1983
EARLIEST                        MM
LATEST                          03/29
................................................................

WIND (MPH)
AVERAGE WIND SPEED              5.7
RESULTANT WIND SPEED/DIRECTION   2/050
HIGHEST WIND SPEED/DIRECTION    30/210    DATE  10/29
                                30/260          10/30
HIGHEST GUST SPEED/DIRECTION    41/210    DATE  10/29

SKY COVER
AVERAGE SKY COVER           0.35

AVERAGE RH (PERCENT)     74

WEATHER CONDITIONS. NUMBER OF DAYS WITH
THUNDERSTORM              1     MIXED PRECIP              MM
HEAVY RAIN                2     RAIN                       3
LIGHT RAIN                8     FREEZING RAIN              0
LT FREEZING RAIN          0     HAIL                      MM
HEAVY SNOW                0     SNOW                       0
LIGHT SNOW                0     SLEET                     MM
FOG                      18     FOG W/VIS <= 1/4 MILE      6
HAZE                      3

-  INDICATES NEGATIVE NUMBERS.
R  INDICATES RECORD WAS SET OR TIED.
MM INDICATES DATA IS MISSING.
T  INDICATES TRACE AMOUNT.

$$
