000
CXUS52 KMLB 011339
CLMFPR

CLIMATE REPORT
NATIONAL WEATHER SERVICE MELBOURNE FL
839 AM EST SUN NOV 01 2020

...................................

...THE FORT PIERCE CLIMATE SUMMARY FOR THE MONTH OF OCTOBER 2020...

CLIMATE NORMAL PERIOD 1981 TO 2010
CLIMATE RECORD PERIOD 1901 TO 2020

WEATHER         OBSERVED          NORMAL  DEPART   LAST YEAR`S
                VALUE   DATE(S)   VALUE   FROM     VALUE
                                          NORMAL
..............................................................
TEMPERATURE (F)
MONTHLY RECORD
 HOTTEST        81.4   1919
 COOLEST        73.2   1964
DAILY RECORD
 HIGH             96   10/11/1941
 LOW              42   10/21/1989
OCTOBER 2020
HIGHEST           91   10/11                          92
LOWEST            68   10/14                          65
AVG. MAXIMUM    85.0               84.4     0.6     86.7
AVG. MINIMUM    73.2               68.7     4.5     73.0
MEAN            79.1               76.6     2.5     79.9
DAYS MAX >= 90     1                2.0    -1.0        4
DAYS MAX <= 32     0                0.0     0.0        0
DAYS MIN <= 32     0                0.0     0.0        0
DAYS MIN <= 0      0                0.0     0.0        0

PRECIPITATION (INCHES)
MONTHLY RECORD
 MAXIMUM       19.31   1924
 MINIMUM        0.00   1903
DAILY RECORD
 MAXIMUM       10.00   10/13/1936
OCTOBER 2020
TOTALS         15.34               5.04   10.30     4.28
DAYS >= .01       19                                  16
DAYS >= .10       11                                   9
DAYS >= .50        8                                   2
DAYS >= 1.00       5                                   1
GREATEST
 24 HR. TOTAL   4.33   10/01 TO 10/01

SNOWFALL (INCHES)
TOTALS           0.0                0.0     0.0      0.0
SINCE 7/1        0.0                0.0     0.0       MM
DAYS >= TRACE      0                                   0

DEGREE DAYS
HEATING TOTAL      0                  3      -3        0
 SINCE 7/1         0                  0       0        0
COOLING TOTAL    444                361      83      468
 SINCE 1/1      3720               3099     621     3522
..............................................................

WIND (MPH)
AVERAGE WIND SPEED              7.1
HIGHEST WIND SPEED/DIRECTION    26/130    DATE  10/01
HIGHEST GUST SPEED/DIRECTION    35/100    DATE  10/21

SKY COVER
POSSIBLE SUNSHINE (PERCENT)   MM
AVERAGE SKY COVER           0.39
NUMBER OF DAYS FAIR           16
NUMBER OF DAYS PC             12
NUMBER OF DAYS CLOUDY          3

AVERAGE RH (PERCENT)     85

WEATHER CONDITIONS. NUMBER OF DAYS WITH
THUNDERSTORM              8     MIXED PRECIP               0
HEAVY RAIN               12     RAIN                      12
LIGHT RAIN               24     LT FREEZING RAIN           0
HAIL                      0     LIGHT SNOW                 0
SLEET                     0     FOG                       19
FOG W/VIS <= 1/4 MILE     3     HAZE                       3

-  INDICATES NEGATIVE NUMBERS.
R  INDICATES RECORD WAS SET OR TIED.
MM INDICATES DATA IS MISSING.
T  INDICATES TRACE AMOUNT.

$$
