713
CXUS52 KMLB 011646
CLMFPR

CLIMATE REPORT
NATIONAL WEATHER SERVICE MELBOURNE FL
1246 PM EDT TUE JUN 01 2021

...................................

...THE FORT PIERCE CLIMATE SUMMARY FOR THE MONTH OF MAY 2021...

CLIMATE NORMAL PERIOD 1991 TO 2020
CLIMATE RECORD PERIOD 1901 TO 2021

WEATHER         OBSERVED          NORMAL  DEPART   LAST YEAR`S
                VALUE   DATE(S)   VALUE   FROM     VALUE
                                          NORMAL
..............................................................
TEMPERATURE (F)
MONTHLY RECORD
 HOTTEST        79.9  1933
 COLDEST        72.9  1903
DAILY RECORD
 HIGH             98   05/31/2004
                       05/29/2000
                       05/18/1995
 LOW              45   05/08/1992
MAY 2021
HIGHEST           93   05/06                          93
                       05/12
LOWEST            59   05/08                          53
                       05/24
AVG. MAXIMUM    86.1               85.6     0.5     85.7
AVG. MINIMUM    67.7               66.8     0.9     68.0
MEAN            76.9               76.2     0.7     76.9
DAYS MAX >= 90     7                4.9     2.1        6
DAYS MAX <= 32     0                0.0     0.0        0
DAYS MIN <= 32     0                0.0     0.0        0
DAYS MIN <= 0      0                0.0     0.0        0

PRECIPITATION (INCHES)
MONTHLY RECORD
 MAXIMUM       13.86   2016
 MINIMUM        0.06   2000
DAILY RECORD
 MAXIMUM        9.85   05/17/2016
MAY 2021
TOTALS          0.49               3.93   -3.44     9.08
DAYS >= .01        5                                  12
DAYS >= .10        3                                  10
DAYS >= .50        0                                   6
DAYS >= 1.00       0                                   2
GREATEST
 24 HR. TOTAL   0.14   05/06 TO 05/06

SNOWFALL (INCHES)
TOTALS           0.0                 MM      MM      0.0
SINCE 7/1        0.0                 MM      MM       MM
DAYS >= TRACE      0                                   0

DEGREE DAYS
HEATING TOTAL      0                  0       0        0
 SINCE 7/1       346                417     -71       MM
COOLING TOTAL    375                347      28      373
 SINCE 1/1       999                823     176       MM
..............................................................

WIND (MPH)
AVERAGE WIND SPEED              9.0
HIGHEST WIND SPEED/DIRECTION    28/100    DATE  05/19
HIGHEST GUST SPEED/DIRECTION    34/100    DATE  05/19

SKY COVER
POSSIBLE SUNSHINE (PERCENT)   MM
AVERAGE SKY COVER           0.26
NUMBER OF DAYS FAIR           23
NUMBER OF DAYS PC              8
NUMBER OF DAYS CLOUDY          0

AVERAGE RH (PERCENT)     67

WEATHER CONDITIONS. NUMBER OF DAYS WITH
THUNDERSTORM              6     MIXED PRECIP               0
HEAVY RAIN                3     RAIN                       3
LIGHT RAIN               11     LT FREEZING RAIN           0
HAIL                      0     LIGHT SNOW                 0
SLEET                     0     FOG                        8
FOG W/VIS <= 1/4 MILE     2     HAZE                       4

-  INDICATES NEGATIVE NUMBERS.
R  INDICATES RECORD WAS SET OR TIED.
MM INDICATES DATA IS MISSING.
T  INDICATES TRACE AMOUNT.

$$
