000
CXUS51 KCAR 011207
CLMFVE

CLIMATE REPORT
NATIONAL WEATHER SERVICE CARIBOU ME
707 AM EST SUN NOV 01 2020

...................................

...THE FRENCHVILLE ME CLIMATE SUMMARY FOR THE MONTH OF OCTOBER 2020...

CLIMATE NORMAL PERIOD: 1981 TO 2010
CLIMATE RECORD PERIOD: 9999 TO 9999

WEATHER         OBSERVED          NORMAL  DEPART   LAST YEAR`S
                VALUE   DATE(S)   VALUE   FROM     VALUE DATE(S)
                                          NORMAL
................................................................
TEMPERATURE (F)
RECORD
 HIGH             MM   MM
 LOW              15   10/31/2020
                       10/31/2020
HIGHEST           65   10/10         MM      MM       62  10/11
LOWEST            15*  10/31         MM      MM       26  10/27
AVG. MAXIMUM    48.8               49.4    -0.6     51.7
AVG. MINIMUM    33.5               34.4    -0.9     36.5
MEAN            41.1               41.9    -0.8     44.1
DAYS MAX >= 90     0                0.0     0.0        0
DAYS MAX <= 32     2                0.2     1.8        0
DAYS MIN <= 32    14               12.6     1.4        7
DAYS MIN <= 0      0                0.0     0.0        0

PRECIPITATION (INCHES)
RECORD
 MAXIMUM        4.91   2019
 MINIMUM        4.91   2019
TOTALS          6.04               2.54    3.50     4.91
DAILY AVG.      0.19               0.08    0.11     0.17
DAYS >= .01       15                 MM      MM       11
DAYS >= .10       12                 MM      MM        4
DAYS >= .50        5                 MM      MM        2
DAYS >= 1.00       1                 MM      MM        2
GREATEST
 24 HR. TOTAL   1.46   10/13 TO 10/14               2.14  10/23 TO 10/23
 STORM TOTAL    1.03                                2.14
 (MM/DD(HH))            MM

SNOWFALL (INCHES)
RECORDS
 TOTAL            MM   MM
TOTALS            MM                 MM      MM       MM
SINCE 7/1         MM                 MM      MM       MM
SNOWDEPTH AVG.    MM                                  MM
DAYS >= 1.0       MM                 MM      MM       MM
GREATEST
 SNOW DEPTH       MM                                  MM  MM
 24 HR TOTAL      MM                                  MM

DEGREE DAYS
HEATING TOTAL    730                716      14      640
 SINCE 7/1      1151               1260    -109       MM
COOLING TOTAL      0                  0       0        0
 SINCE 1/1       375                134     241       MM
................................................................

WIND (MPH)
AVERAGE WIND SPEED              9.5
HIGHEST WIND SPEED/DIRECTION    35/290    DATE  10/08
HIGHEST GUST SPEED/DIRECTION    49/320    DATE  10/08

SKY COVER
POSSIBLE SUNSHINE (PERCENT)   MM
AVERAGE SKY COVER           0.60
NUMBER OF DAYS FAIR            7
NUMBER OF DAYS PC             13
NUMBER OF DAYS CLOUDY         11

AVERAGE RH (PERCENT)     75

WEATHER CONDITIONS. NUMBER OF DAYS WITH
THUNDERSTORM              1     MIXED PRECIP               0
HEAVY RAIN                5     RAIN                      12
LIGHT RAIN               19     FREEZING RAIN              0
LT FREEZING RAIN          1     HAIL                       0
HEAVY SNOW                0     SNOW                       1
LIGHT SNOW                4     SLEET                      0
FOG                      17     FOG W/VIS <= 1/4 MILE      4
HAZE                      0

-  INDICATES NEGATIVE NUMBERS.
*  INDICATES RECORD WAS SET OR TIED.
MM INDICATES DATA IS MISSING.
T  INDICATES TRACE AMOUNT.

$$
