000
CXUS54 KTSA 011200
CLMFYV

CLIMATE REPORT
NATIONAL WEATHER SERVICE TULSA OK
655 AM CST SUN NOV 01 2020

...................................

...THE FAYETTEVILLE ARKANSAS CLIMATE SUMMARY FOR THE MONTH OF OCTOBER 2020...

CLIMATE NORMAL PERIOD 1981 TO 2010
CLIMATE RECORD PERIOD 1905 TO 2020

WEATHER         OBSERVED          NORMAL  DEPART   LAST YEAR`S
                VALUE   DATE(S)   VALUE   FROM     VALUE DATE(S)
                                          NORMAL
................................................................
TEMPERATURE (F)
RECORD
 HIGH             96   10/01/1953
 LOW              17   10/30/1998
                       10/29/1952
HIGHEST           87   10/11         96      -9       87  10/02
LOWEST            30   10/30         17      13       26  10/31
AVG. MAXIMUM    69.9               70.0    -0.1     67.3
AVG. MINIMUM    43.1               45.5    -2.4     44.2
MEAN            56.5               57.7    -1.2     55.8
DAYS MAX >= 90     0                0.0     0.0        0
DAYS MAX <= 32     0                0.0     0.0        0
DAYS MIN <= 32     3                2.8     1.2        3
DAYS MIN <= 0      0                0.0     0.0        0

PRECIPITATION (INCHES)
RECORD
 MAXIMUM       12.07   2019
 MINIMUM        0.03   1963
TOTALS          6.80               4.33    2.47    12.07
DAILY AVG.      0.22               0.14    0.08     0.39
DAYS >= .01        7                9.9    -2.9       14
DAYS >= .10        6                5.8     0.2       12
DAYS >= .50        4                3.1     0.9        6
DAYS >= 1.00       3                1.5     1.5        3
GREATEST
 24 HR. TOTAL   2.92   10/26 TO 10/27

SNOWFALL (INCHES)
RECORDS
 TOTAL           0.3   1993
 24 HR TOTAL     0.3   10/29/1993 TO 10/29/1993
TOTALS           0.0                  T     0.0        T
SINCE 7/1        0.0                  T     0.0       MM
SNOWDEPTH AVG.    MM                                   0
DAYS >= TRACE      0                0.0     0.0        2
DAYS >= 1.0        0                0.0     0.0        0
GREATEST
 SNOW DEPTH       MM                                   0  MM
 24 HR TOTAL      MM                                   T  10/31 TO 10/31

DEGREE DAYS
HEATING TOTAL    287                248      39      316
 SINCE 7/1       313                301      12      316
COOLING TOTAL     33                 23      10       38
 SINCE 1/1      1450               1306     144     1532
................................................................

WIND (MPH)
AVERAGE WIND SPEED              5.0
HIGHEST WIND SPEED/DIRECTION    29/170    DATE  10/17
HIGHEST GUST SPEED/DIRECTION    41/170    DATE  10/17

SKY COVER
POSSIBLE SUNSHINE (PERCENT)   MM
AVERAGE SKY COVER           0.40
NUMBER OF DAYS FAIR           18
NUMBER OF DAYS PC              4
NUMBER OF DAYS CLOUDY          9

AVERAGE RH (PERCENT)     74

WEATHER CONDITIONS. NUMBER OF DAYS WITH
THUNDERSTORM              3     MIXED PRECIP               0
HEAVY RAIN                4     RAIN                       4
LIGHT RAIN                9     FREEZING RAIN              0
LT FREEZING RAIN          0     HAIL                       0
HEAVY SNOW                0     SNOW                       0
LIGHT SNOW                0     SLEET                      0
FOG                      19     FOG W/VIS <= 1/4 MILE      6
HAZE                      2

-  INDICATES NEGATIVE NUMBERS.
R  INDICATES RECORD WAS SET OR TIED.
MM INDICATES DATA IS MISSING.
T  INDICATES TRACE AMOUNT.

$$
