000
CXUS53 KUNR 011630
CLMGCC

CLIMATE REPORT
NATIONAL WEATHER SERVICE RAPID CITY SD
930 AM MST SUN NOV 01 2020

...................................

...THE GILLETTE AIRPORT WY CLIMATE SUMMARY FOR THE MONTH OF OCTOBER 2020...

CLIMATE NORMAL PERIOD 1981 TO 2010
CLIMATE RECORD PERIOD 9999 TO 9999

WEATHER         OBSERVED          NORMAL  DEPART   LAST YEAR`S
                VALUE   DATE(S)   VALUE   FROM     VALUE DATE(S)
                                          NORMAL
................................................................
TEMPERATURE (F)
HIGHEST           87   10/08                          75  10/08
LOWEST           -10R  10/25                          -4  10/29
AVG. MAXIMUM    55.6               58.7    -3.1     49.0
AVG. MINIMUM    28.7               31.8    -3.1     25.2
MEAN            42.2               45.3    -3.1     37.1
DAYS MAX >= 90     0                                   0
DAYS MAX <= 32     5                                   5
DAYS MIN <= 32    19                                  24
DAYS MIN <= 0      2                                   1

PRECIPITATION (INCHES)
TOTALS          1.31               1.27    0.04       MM
DAILY AVG.      0.04               0.04   -0.00     0.04
DAYS >= .01       11                                  12
DAYS >= .10        5                                   7
DAYS >= .50        1                                   0
DAYS >= 1.00       0                                   0
GREATEST
 24 HR. TOTAL   0.57   10/17 TO 10/18                 MM


DEGREE DAYS
HEATING TOTAL    707                614      93      858
 SINCE 7/1       920                910      10     1088
COOLING TOTAL      4                  2       2        0
 SINCE 1/1       666                502     164      375
................................................................

WIND (MPH)
AVERAGE WIND SPEED              10.9
HIGHEST WIND SPEED/DIRECTION    45/340    DATE  10/14
HIGHEST GUST SPEED/DIRECTION    61/330    DATE  10/14

AVERAGE RH (PERCENT)     59

WEATHER CONDITIONS. NUMBER OF DAYS WITH
THUNDERSTORM              0     MIXED PRECIP               0
HEAVY RAIN                0     RAIN                       1
LIGHT RAIN                6     FREEZING RAIN              0
LT FREEZING RAIN          0     HAIL                       0
HEAVY SNOW                0     SNOW                       3
LIGHT SNOW                8     SLEET                      0
FOG                      11     FOG W/VIS <= 1/4 MILE      0
HAZE                      4

-  INDICATES NEGATIVE NUMBERS.
R  INDICATES RECORD WAS SET OR TIED.
MM INDICATES DATA IS MISSING.
T  INDICATES TRACE AMOUNT.

$$
