305
CXUS53 KDDC 021857
CLMGCK


CLIMATE REPORT
NATIONAL WEATHER SERVICE DODGE CITY KS
1249 PM CST MON NOV 2 2020

...................................

...THE GARDEN CITY REGIONAL ARPT KS CLIMATE SUMMARY FOR THE MONTH OF OCTOBER 2020...

CLIMATE NORMAL PERIOD 1981 TO 2010
CLIMATE RECORD PERIOD 1948 TO 2020

WEATHER         OBSERVED          NORMAL  DEPART  LAST YEAR`S
                 VALUE   DATE(S)  VALUE   FROM    VALUE  DATE(S)
                                          NORMAL
................................................................
TEMPERATURE (F)
RECORD
 HIGH             100   10/17/2016
 LOW                5   10/31/2019
HIGHEST            92   10/11        MM      MM       89  10/18
                        10/08
                        10/07
LOWEST             16   10/26        MM      MM        5  10/31
AVG. MAXIMUM     66.5              69.6    -3.1     63.9
AVG. MINIMUM     36.6              41.2    -4.6     32.4
MEAN             51.6              55.4    -3.8     48.2
DAYS MAX >= 90      3               1.1     1.9        0
DAYS MAX <= 32      2               0.2     1.8        3
DAYS MIN <= 32      8               4.5     3.5       16
DAYS MIN <= 0       0               0.0     0.0        0

PRECIPITATION (INCHES)
RECORD
 MAXIMUM         6.66   1969
 MINIMUM            T   2016
                        1955
TOTALS           0.07              1.28   -1.21     0.65
DAYS >= .01         1               5.2    -4.2        3
DAYS >= .10         0               2.6    -2.6        2
DAYS >= .50         0               0.7    -0.7        0
DAYS >= 1.00        0               0.2    -0.2        0
GREATEST
 24 HR. TOTAL    0.07   10/28 TO 10/28           10/04 TO 10/04

DEGREE_DAYS
HEATING TOTAL     439               318     121      528
 SINCE 7/1        527               390     137      528
COOLING TOTAL      28                20       8       12
 SINCE 1/1       1349              1298      51     1424
.................................................................

WIND (MPH)
AVERAGE WIND SPEED              11.6
HIGHEST WIND SPEED/DIRECTION    49/350    DATE  10/11
HIGHEST GUST SPEED/DIRECTION    68/340    DATE  10/11

SKY COVER
POSSIBLE SUNSHINE (PERCENT)   MM
AVERAGE SKY COVER           0.30
NUMBER OF DAYS FAIR           21
NUMBER OF DAYS PC              6
NUMBER OF DAYS CLOUDY          4


WEATHER CONDITIONS. NUMBER OF DAYS WITH
THUNDERSTORM              0     MIXED PRECIP                0
HEAVY RAIN                0     RAIN                        0
LIGHT RAIN                1     FREEZING RAIN               0
LT FREEZING RAIN          1     HAIL                        0
HEAVY SNOW                0     SNOW                        0
LIGHT SNOW                2     SLEET                       0
FOG                       6     FOG W/VIS <= 1/4 MILE       0
HAZE                      7     BLOWING SNOW                0
TORNADO                   0

-  INDICATES NEGATIVE NUMBERS.
R  INDICATES RECORD WAS SET OR TIED.
MM INDICATES DATA IS MISSING.
T  INDICATES TRACE AMOUNT.

$$
