000
CXUS53 KDDC 011838
CLMGCK

CLIMATE REPORT
NATIONAL WEATHER SERVICE DODGE CITY, KANSAS
138 PM CDT TUE JUN 01 2021

...................................

...THE GARDEN CITY REGIONAL ARPT KS CLIMATE SUMMARY FOR THE MONTH OF MAY 2021...

CLIMATE NORMAL PERIOD 1991 TO 2020
CLIMATE RECORD PERIOD 1948 TO 2021

WEATHER         OBSERVED          NORMAL  DEPART   LAST YEAR`S
                VALUE   DATE(S)   VALUE   FROM     VALUE DATE(S)
                                          NORMAL
................................................................
TEMPERATURE (F)
RECORD
 HIGH            106   05/26/1953
 LOW              25   05/13/1966
HIGHEST           90   05/08         MM      MM       94  05/30
LOWEST            34   05/12         MM      MM       36  05/12
AVG. MAXIMUM    72.5               77.6    -5.1     76.5
AVG. MINIMUM    49.5               49.1     0.4     48.5
MEAN            61.0               63.4    -2.4     62.5
DAYS MAX >= 90     1                4.4    -3.4        4
DAYS MAX <= 32     0                0.0     0.0        0
DAYS MIN <= 32     0                0.6    -0.6        0
DAYS MIN <= 0      0                0.0     0.0        0

PRECIPITATION (INCHES)
RECORD
 MAXIMUM        9.96   1990
 MINIMUM        0.14   2012
TOTALS          6.31               2.52    3.79     1.01
DAYS >= .01       12                8.7     3.3        6
DAYS >= .10       10                4.2     5.8        4
DAYS >= .50        4                1.7     2.3        0
DAYS >= 1.00       1                0.7     0.3        0
GREATEST
 24 HR. TOTAL   3.30   05/16 TO 05/17               0.39  05/21 TO 05/21


DEGREE DAYS
HEATING TOTAL    160                137      23      127
 SINCE 7/1      5353               5161     192     5109
COOLING TOTAL     46                 86     -40       59
 SINCE 1/1        51                 97     -46       61
................................................................

WIND (MPH)
AVERAGE WIND SPEED              13.1
RESULTANT WIND SPEED/DIRECTION   6/140
HIGHEST WIND SPEED/DIRECTION    43/350    DATE  05/08
HIGHEST GUST SPEED/DIRECTION    59/350    DATE  05/08

SKY COVER
POSSIBLE SUNSHINE (PERCENT)   MM
AVERAGE SKY COVER           0.44
NUMBER OF DAYS FAIR           13
NUMBER OF DAYS PC             13
NUMBER OF DAYS CLOUDY          5

AVERAGE RH (PERCENT)     73

WEATHER CONDITIONS. NUMBER OF DAYS WITH
THUNDERSTORM              9     MIXED PRECIP               0
HEAVY RAIN                7     RAIN                       9
LIGHT RAIN               13     FREEZING RAIN              0
LT FREEZING RAIN          0     HAIL                       0
HEAVY SNOW                0     SNOW                       0
LIGHT SNOW                0     SLEET                      0
FOG                      17     FOG W/VIS <= 1/4 MILE      3
HAZE                      0

-  INDICATES NEGATIVE NUMBERS.
R  INDICATES RECORD WAS SET OR TIED.
MM INDICATES DATA IS MISSING.
T  INDICATES TRACE AMOUNT.

$$
