000
CXUS51 KPHI 011404
CLMGED

CLIMATE REPORT
NATIONAL WEATHER SERVICE MOUNT HOLLY NJ
904 AM EST SUN NOV 01 2020

...................................

...THE GEORGETOWN DE CLIMATE SUMMARY FOR THE MONTH OF OCTOBER 2020...

CLIMATE NORMAL PERIOD: 1981 TO 2010
CLIMATE RECORD PERIOD: 1948 TO 2020

WEATHER         OBSERVED          NORMAL  DEPART   LAST YEAR`S
                VALUE   DATE(S)   VALUE   FROM     VALUE
                                          NORMAL
..............................................................
TEMPERATURE (F)
RECORD
 HIGH             96   10/02/2019
 LOW              21   10/24/1969
                       10/30/1952
HIGHEST           83                 MM      MM       96
LOWEST            37                 MM      MM       36
AVG. MAXIMUM    71.6               68.2     3.4     72.3
AVG. MINIMUM    52.5               47.3     5.2     53.3
MEAN            62.0               57.8     4.2     62.8
DAYS MAX >= 90     0                0.1    -0.1        1
DAYS MAX <= 32     0                0.0     0.0        0
DAYS MIN <= 32     0                0.4    -0.4        0
DAYS MIN <= 0      0                0.0     0.0        0

PRECIPITATION (INCHES)
RECORD
 MAXIMUM          MM   MM
 MINIMUM          MM   MM
TOTALS          6.02               3.72    2.30     3.48
DAILY AVG.      0.19               0.12    0.07     0.11
DAYS >= .01       13               12.6     0.4        9
DAYS >= .10        6                5.8     0.2        6
DAYS >= .50        5                2.7     2.3        2
DAYS >= 1.00       3                1.2     1.8        1
GREATEST
 24 HR. TOTAL   1.77   10/29 TO 10/29               1.77


DEGREE DAYS
HEATING TOTAL    125                248    -123      123
 SINCE 7/1       160                285    -125      131
COOLING TOTAL     40                 23      17       63
 SINCE 1/1      1589               1194     395     1659
..............................................................

WIND (MPH)
AVERAGE WIND SPEED              5.4
HIGHEST WIND SPEED/DIRECTION    29/210    DATE  10/29
HIGHEST GUST SPEED/DIRECTION    39/200    DATE  10/29

SKY COVER
POSSIBLE SUNSHINE (PERCENT)   MM
AVERAGE SKY COVER           0.43
NUMBER OF DAYS FAIR           15
NUMBER OF DAYS PC              3
NUMBER OF DAYS CLOUDY         10

AVERAGE RH (PERCENT)     78

WEATHER CONDITIONS. NUMBER OF DAYS WITH
THUNDERSTORM              0     MIXED PRECIP               0
HEAVY RAIN                3     RAIN                       4
LIGHT RAIN               15     FREEZING RAIN              0
LT FREEZING RAIN          0     HEAVY SNOW                 0
SNOW                      0     LIGHT SNOW                 0
SLEET                     0     FOG                       17
FOG W/VIS <= 1/4 MILE     5     HAZE                       1

-  INDICATES NEGATIVE NUMBERS.
R  INDICATES RECORD WAS SET OR TIED.
MM INDICATES DATA IS MISSING.
T  INDICATES TRACE AMOUNT.

$$
