947
CXUS53 KIND 011616
CLMGEZ

CLIMATE REPORT
NATIONAL WEATHER SERVICE INDIANAPOLIS IN
1116 AM EST SUN NOV 01 2020

...................................

...THE SHELBYVILLE IN CLIMATE SUMMARY FOR THE MONTH OF OCTOBER 2020...

CLIMATE NORMAL PERIOD 1981 TO 2010
CLIMATE RECORD PERIOD 9999 TO 9999

WEATHER         OBSERVED          NORMAL  DEPART   LAST YEAR`S
                VALUE   DATE(S)   VALUE   FROM     VALUE DATE(S)
                                          NORMAL
................................................................
TEMPERATURE (F)
HIGHEST           87   10/09                          92  10/01
LOWEST            30R  10/31                          32  10/18
AVG. MAXIMUM    67.2               65.8     1.4     68.7
AVG. MINIMUM    44.6               42.5     2.1     45.4
MEAN            55.9               54.2     1.7     57.1
DAYS MAX >= 90     0                0.2    -0.2        2
DAYS MAX <= 32     0                0.0     0.0        0
DAYS MIN <= 32     5                3.8     1.2        1
DAYS MIN <= 0      0                0.0     0.0        0

PRECIPITATION (INCHES)
TOTALS          4.00               3.11    0.89     5.13
DAILY AVG.      0.13               0.10    0.03     0.17
DAYS >= .01       13                 MM      MM        9
DAYS >= .10        8                 MM      MM        7
DAYS >= .50        2                 MM      MM        3
DAYS >= 1.00       2                 MM      MM        1
GREATEST
 24 HR. TOTAL   1.43   10/28 TO 10/29


DEGREE DAYS
HEATING TOTAL    299                350     -51      273
 SINCE 7/1       347                436     -89      276
COOLING TOTAL     24                 14      10       36
 SINCE 1/1      1335                913     422     1330
................................................................

WIND (MPH)
AVERAGE WIND SPEED              7.5
HIGHEST WIND SPEED/DIRECTION    25/290    DATE  10/12
                                25/190          10/14
                                25/310          10/23
HIGHEST GUST SPEED/DIRECTION    40/300    DATE  10/12

SKY COVER
POSSIBLE SUNSHINE (PERCENT)   MM
AVERAGE SKY COVER           0.51
NUMBER OF DAYS FAIR           12
NUMBER OF DAYS PC              7
NUMBER OF DAYS CLOUDY         12

AVERAGE RH (PERCENT)     65

WEATHER CONDITIONS. NUMBER OF DAYS WITH
THUNDERSTORM              4     MIXED PRECIP               0
HEAVY RAIN                2     RAIN                       5
LIGHT RAIN               14     FREEZING RAIN              0
LT FREEZING RAIN          0     HAIL                       0
HEAVY SNOW                0     SNOW                       0
LIGHT SNOW                0     SLEET                      0
FOG                      14     FOG W/VIS <= 1/4 MILE      5
HAZE                     13

-  INDICATES NEGATIVE NUMBERS.
R  INDICATES RECORD WAS SET OR TIED.
MM INDICATES DATA IS MISSING.
T  INDICATES TRACE AMOUNT.

$$
