000
CXUS51 KALY 011042
CLMGFL

CLIMATE REPORT
NATIONAL WEATHER SERVICE ALBANY NY
542 AM EST SUN NOV 01 2020

...................................

...THE GLENS FALLS NY CLIMATE SUMMARY FOR THE MONTH OF OCTOBER 2020...

CLIMATE NORMAL PERIOD: 1981 TO 2010
CLIMATE RECORD PERIOD: 1893 TO 2020

WEATHER         OBSERVED          NORMAL  DEPART   LAST YEAR`S
                VALUE   DATE(S)   VALUE   FROM     VALUE DATE(S)
                                          NORMAL
................................................................
TEMPERATURE (F)
RECORD
 HIGH             87   10/07/1963
                       10/05/1951
                       10/12/1928
 LOW              15   10/24/1969
HIGHEST           75   10/23                          72  10/31
LOWEST            18   10/31                          28  10/19
                                                          10/06
                                                          10/05
AVG. MAXIMUM    58.8               58.2     0.6     60.3
AVG. MINIMUM    38.0               35.1     2.9     38.9
MEAN            48.4               46.7     1.7     49.6
DAYS MAX >= 90     0                0.0     0.0        0
DAYS MAX <= 32     0                0.0     0.0        0
DAYS MIN <= 32     8               12.2    -4.2        8
DAYS MIN <= 0      0                0.0     0.0        0

PRECIPITATION (INCHES)
RECORD
 MAXIMUM        8.49   2005
 MINIMUM           T   1963
TOTALS          2.59               3.51   -0.92     7.85
DAILY AVG.      0.08                                0.25
DAYS >= .01       14               10.8     3.2       14
DAYS >= .10        9                6.7     2.3        9
DAYS >= .50        0                2.4    -2.4        6
DAYS >= 1.00       0                0.6    -0.6        4
GREATEST
 24 HR. TOTAL   1.06   09/30 TO 09/30


DEGREE DAYS
HEATING TOTAL    506                570     -64      469
 SINCE 7/1       766                855     -89      691
COOLING TOTAL      0                  1      -1        0
 SINCE 1/1       567                352     215      416
................................................................

WIND (MPH)
AVERAGE WIND SPEED              4.7
HIGHEST WIND SPEED/DIRECTION    25/190    DATE  10/15
HIGHEST GUST SPEED/DIRECTION    39/260    DATE  10/07

SKY COVER
AVERAGE SKY COVER           0.58

AVERAGE RH (PERCENT)     74

WEATHER CONDITIONS. NUMBER OF DAYS WITH
THUNDERSTORM              0     MIXED PRECIP               0
HEAVY RAIN                3     RAIN                       5
LIGHT RAIN               17     FREEZING RAIN              0
LT FREEZING RAIN          0     HAIL                       0
HEAVY SNOW                0     SNOW                       0
LIGHT SNOW                1     SLEET                      0
FOG                      22     FOG W/VIS <= 1/4 MILE      9
HAZE                      4

-  INDICATES NEGATIVE NUMBERS.
R  INDICATES RECORD WAS SET OR TIED.
MM INDICATES DATA IS MISSING.
T  INDICATES TRACE AMOUNT.

$$
