000
CXUS55 KGJT 022034
CLMGJT

CLIMATE REPORT...CORR TO LAST YEAR`S SNOWFALL SINCE 7/1
NATIONAL WEATHER SERVICE GRAND JUNCTION CO
450 AM MST TUE DEC 01 2020

...................................

...THE GRAND JUNCTION CO CLIMATE SUMMARY FOR THE MONTH OF NOVEMBER 2020...

CLIMATE NORMAL PERIOD 1981 TO 2010
CLIMATE RECORD PERIOD 1893 TO 2020

WEATHER         OBSERVED          NORMAL  DEPART   LAST YEAR`S
                VALUE   DATE(S)   VALUE   FROM     VALUE DATE(S)
                                          NORMAL
................................................................
TEMPERATURE (F)
RECORD
 HIGH             76   11/02/2008
 LOW              -4   11/30/2004
HIGHEST           72   11/18         58      14       64  11/09
                                                          11/07
LOWEST            16   11/28         21      -5       11  11/01
AVG. MAXIMUM    55.0               50.4     4.6     54.6
AVG. MINIMUM    28.4               27.6     0.8     26.1
MEAN            41.7               39.0     2.7     40.4
DAYS MAX >= 90     0                0.0     0.0        0
DAYS MAX <= 32     0                0.5    -0.5        0
DAYS MIN <= 32    21               22.8    -1.8       26
DAYS MIN <= 0      0                0.0     0.0        0

PRECIPITATION (INCHES)
RECORD
 MAXIMUM        2.39   1895
 MINIMUM        0.00   1904
TOTALS          0.11               0.73   -0.62     0.87
DAILY AVG.      0.00               0.02   -0.02     0.03
DAYS >= .01        3                5.9    -2.9        6
DAYS >= .10        0                2.5    -2.5        4
DAYS >= .50        0                0.1    -0.1        0
DAYS >= 1.00       0                0.0     0.0        0
GREATEST
 24 HR. TOTAL   0.06   11/07 TO 11/08               0.27

SNOWFALL (INCHES)
RECORDS
 TOTAL          23.6   1919
TOTALS           0.2                2.1    -1.9      2.8
SINCE 7/1        4.3                2.5     1.8      3.0
SNOWDEPTH AVG.     T                                   0
DAYS >= 1.0        0                0.7    -0.7        2
GREATEST
 SNOW DEPTH        T   11/10                           3  11/26
 24 HR TOTAL     0.2   11/09 TO 11/09                1.8

DEGREE DAYS
HEATING TOTAL    694                780     -86      734
 SINCE 7/1      1110               1226    -116     1338
COOLING TOTAL      0                  0       0        0
 SINCE 1/1      1497               1125     372     1287
................................................................

WIND (MPH)
AVERAGE WIND SPEED              6.9
HIGHEST WIND SPEED/DIRECTION    39/320    DATE  11/14
HIGHEST GUST SPEED/DIRECTION    54/140    DATE  11/07

SKY COVER
POSSIBLE SUNSHINE (PERCENT)   MM
AVERAGE SKY COVER           0.20
NUMBER OF DAYS FAIR           22
NUMBER OF DAYS PC              8
NUMBER OF DAYS CLOUDY          0

AVERAGE RH (PERCENT)     48

WEATHER CONDITIONS. NUMBER OF DAYS WITH
THUNDERSTORM              0     MIXED PRECIP               0
HEAVY RAIN                0     RAIN                       2
LIGHT RAIN                5     FREEZING RAIN              0
LT FREEZING RAIN          0     HAIL                       0
HEAVY SNOW                0     SNOW                       0
LIGHT SNOW                2     SLEET                      0
FOG                       2     FOG W/VIS <= 1/4 MILE      0
HAZE                      2

-  INDICATES NEGATIVE NUMBERS.
R  INDICATES RECORD WAS SET OR TIED.
MM INDICATES DATA IS MISSING.
T  INDICATES TRACE AMOUNT.

$$
