000
CXUS53 KGLD 020454
CLMGLD

CLIMATE REPORT
NATIONAL WEATHER SERVICE
1054 PM MDT TUE JUN 01 2021

...................................

...THE GOODLAND KS CLIMATE SUMMARY FOR THE MONTH OF MAY 2021...

CLIMATE NORMAL PERIOD: 1991 TO 2020
CLIMATE RECORD PERIOD: 1895 TO 2021

WEATHER         OBSERVED          NORMAL  DEPART   LAST YEAR`S
                VALUE   DATE(S)   VALUE   FROM     VALUE DATE(S)
                                          NORMAL
................................................................
TEMPERATURE (F)
RECORD
 HIGH            104   05/29/2003
                       05/31/2002
 LOW              21   05/01/1967
HIGHEST           89   05/01         92      -3       95  05/31
LOWEST            32   05/06         31       1       30  05/09
                       05/12
AVG. MAXIMUM    70.5               73.6    -3.1     73.8
AVG. MINIMUM    46.6               45.5     1.1     45.5
MEAN            58.5               59.6    -1.1     59.7
DAYS MAX >= 90     0                2.2    -2.2        2
DAYS MAX <= 32     0                0.0     0.0        0
DAYS MIN <= 32     2                1.9     0.1        2
DAYS MIN <= 0      0                0.0     0.0        0

PRECIPITATION (INCHES)
RECORD
 MAXIMUM        8.21   1981
 MINIMUM        0.31   1927
TOTALS          3.52               2.81    0.71     2.89
DAILY AVG.      0.11               0.09    0.02     0.09
DAYS >= .01       15               10.4     4.6        9
DAYS >= .10        7                5.4     1.6        5
DAYS >= .50        2                1.8     0.2        2
DAYS >= 1.00       1                0.6     0.4        1
GREATEST
 24 HR. TOTAL   1.43   05/16 TO 05/17               1.76
 STORM TOTAL    1.34

SNOWFALL (INCHES)
RECORDS
 TOTAL           6.9   1938
TOTALS             T                0.3    -0.3      0.0
SINCE 7/1       33.7               30.0     3.7
SNOWDEPTH AVG.     0                                   0
DAYS >= 1.0        0                0.1    -0.1        0
GREATEST
 SNOW DEPTH        0                                   0

DEGREE DAYS
HEATING TOTAL    216                213       3      195
 SINCE 7/1      5889               5764     125
COOLING TOTAL     24                 44     -20       37
 SINCE 1/1        29                 47     -18
................................................................

WIND (MPH)
AVERAGE WIND SPEED              12.9
HIGHEST WIND SPEED/DIRECTION   130/017    DATE  05/24
HIGHEST GUST SPEED/DIRECTION   130/023    DATE  05/24

SKY COVER
AVERAGE SKY COVER           0.47

AVERAGE RH (PERCENT)     68

WEATHER CONDITIONS. NUMBER OF DAYS WITH
THUNDERSTORM              9     MIXED PRECIP               0
HEAVY RAIN                3     RAIN                       4
LIGHT RAIN               12     FREEZING RAIN              0
LT FREEZING RAIN          0     HAIL                       2
HEAVY SNOW                0     SNOW                       0
LIGHT SNOW                0     SLEET                      0
FOG                      10     FOG W/VIS <= 1/4 MILE      1
HAZE                      2

-  INDICATES NEGATIVE NUMBERS.
R  INDICATES RECORD WAS SET OR TIED.
MM INDICATES DATA IS MISSING.
T  INDICATES TRACE AMOUNT.

$$
