870
CXUS53 KGLD 040126
CLMGLD

CLIMATE REPORT
NATIONAL WEATHER SERVICE
626 PM MST TUE NOV 03 2020

...................................

...THE GOODLAND KS CLIMATE SUMMARY FOR THE MONTH OF OCTOBER 2020...

CLIMATE NORMAL PERIOD: 1981 TO 2010
CLIMATE RECORD PERIOD: 1895 TO 2020

WEATHER         OBSERVED          NORMAL  DEPART   LAST YEAR`S
                VALUE   DATE(S)   VALUE   FROM     VALUE DATE(S)
                                          NORMAL
................................................................
TEMPERATURE (F)
RECORD
 HIGH             96   10/17/1926
 LOW               0   10/27/2020
HIGHEST           93   10/09         87       6       87  10/17
LOWEST             0R  10/27         22     -22        8  10/31
                                                          10/30
AVG. MAXIMUM    64.4               66.2    -1.8     61.4
AVG. MINIMUM    31.7               37.5    -5.8     30.7
MEAN            48.1               51.9    -3.8     46.0
DAYS MAX >= 90     4                0.5     3.5        0
DAYS MAX <= 32     3                0.4     2.6        3
DAYS MIN <= 32    14                7.4     6.6       17
DAYS MIN <= 0      1                0.0     1.0        0

PRECIPITATION (INCHES)
RECORD
 MAXIMUM        4.94   1930
 MINIMUM        0.00   1910
TOTALS          0.23               1.37   -1.14     0.26
DAILY AVG.      0.01               0.04   -0.03     0.01
DAYS >= .01        2                5.6    -3.6        6
DAYS >= .10        1                2.9    -1.9        0
DAYS >= .50        0                0.8    -0.8        0
DAYS >= 1.00       0                0.3    -0.3        0
GREATEST
 24 HR. TOTAL   0.18   10/25 TO 10/26               0.07
 STORM TOTAL    0.15

SNOWFALL (INCHES)
RECORDS
 TOTAL          19.5   1997
TOTALS           5.8                2.2     3.6      2.2
SINCE 7/1        6.3                2.6     3.7       MM
SNOWDEPTH AVG.     1                                   0
DAYS >= 1.0        2                0.5     1.5       MM
GREATEST
 SNOW DEPTH        6   10/27                           2  10/31
 24 HR TOTAL     5.8   10/25 TO 10/26                1.2  10/29 TO 10/29

DEGREE DAYS
HEATING TOTAL    530                416     114      583
 SINCE 7/1       654                538     116      604
COOLING TOTAL     11                  8       3        1
 SINCE 1/1      1187                941     246     1049
................................................................

WIND (MPH)
AVERAGE WIND SPEED              11.2
HIGHEST WIND SPEED/DIRECTION    49/330    DATE  10/11
HIGHEST GUST SPEED/DIRECTION    66/320    DATE  10/11

SKY COVER
AVERAGE SKY COVER           0.24

AVERAGE RH (PERCENT)     55

WEATHER CONDITIONS. NUMBER OF DAYS WITH
THUNDERSTORM              0     MIXED PRECIP               0
HEAVY RAIN                0     RAIN                       0
LIGHT RAIN                1     FREEZING RAIN              0
LT FREEZING RAIN          1     HAIL                       0
HEAVY SNOW                0     SNOW                       0
LIGHT SNOW                3     SLEET                      0
FOG                       5     FOG W/VIS <= 1/4 MILE      2
HAZE                      6

-  INDICATES NEGATIVE NUMBERS.
R  INDICATES RECORD WAS SET OR TIED.
MM INDICATES DATA IS MISSING.
T  INDICATES TRACE AMOUNT.

$$
