000
CXUS54 KJAN 011540
CLMGLH


CLIMATE REPORT
NATIONAL WEATHER SERVICE JACKSON MS
934 AM CST SUN NOV 1 2020

...................................

...THE GREENVILLE CLIMATE SUMMARY FOR THE MONTH OF OCTOBER 2020...

CLIMATE NORMAL PERIOD 1981 TO 2010
CLIMATE RECORD PERIOD 1903 TO 2020

WEATHER         OBSERVED          NORMAL  DEPART  LAST YEAR`S
                 VALUE   DATE(S)  VALUE   FROM    VALUE  DATE(S)
                                          NORMAL
................................................................
TEMPERATURE (F)
RECORD
 HIGH              99   10/03/2019
 LOW               27   10/31/1993
HIGHEST            89   10/21        MM      MM       99  10/03
LOWEST             41   10/31        MM      MM       35  10/31
                        10/30
AVG. MAXIMUM     75.5              76.8    -1.3     75.3
AVG. MINIMUM     53.5              52.3     1.2     54.6
MEAN             64.5              64.6    -0.1     65.0
DAYS MAX >= 90      0               1.2    -1.2        6
DAYS MAX <= 32      0               0.0     0.0        0
DAYS MIN <= 32      0               0.1    -0.1        0
DAYS MIN <= 0       0               0.0     0.0        0

PRECIPITATION (INCHES)
RECORD
 MAXIMUM        14.47   2009
 MINIMUM         0.00   1963
                        1924
TOTALS           6.83              4.32    2.51     9.48
DAILY AVG.       0.22              0.14    0.08     0.31
DAYS >= .01         8                MM      MM       11
DAYS >= .10         6                MM      MM        9
DAYS >= .50         2                MM      MM        6
DAYS >= 1.00        1                MM      MM        3
GREATEST
 24 HR. TOTAL    5.18   10/10 TO 10/10              2.65

SNOWFALL (INCHES)
TOTALS            0.0

DEGREE_DAYS
HEATING TOTAL      98               108     -10      127
 SINCE 7/1         98               114     -16      127
COOLING TOTAL      89                94      -5      133
 SINCE 1/1       2262              2174      88     2538
.................................................................

WIND (MPH)
AVERAGE WIND SPEED              7.6
HIGHEST WIND SPEED/DIRECTION    39/030    DATE  10/10
HIGHEST GUST SPEED/DIRECTION    53/040    DATE  10/10

SKY COVER
POSSIBLE SUNSHINE (PERCENT)   MM
AVERAGE SKY COVER           0.30
NUMBER OF DAYS FAIR           17
NUMBER OF DAYS PC              7
NUMBER OF DAYS CLOUDY          6

AVERAGE RH (PERCENT)     73

WEATHER CONDITIONS. NUMBER OF DAYS WITH
THUNDERSTORM             0   MIXED PRECIP               0
HEAVY RAIN               3   RAIN                       5
LIGHT RAIN              13   FREEZING RAIN              0
LT FREEZING RAIN         0   HAIL                       0
HEAVY SNOW               0   SNOW                       0
LIGHT SNOW               0   SLEET                      0
FOG                     16   FOG W/VIS <= 1/4 MILE      1
HAZE                     5

-  INDICATES NEGATIVE NUMBERS.
R  INDICATES RECORD WAS SET OR TIED.
MM INDICATES DATA IS MISSING.
T  INDICATES TRACE AMOUNT.

$$
