000
CXUS54 KHGX 012356
CLMGLS

CLIMATE REPORT
NATIONAL WEATHER SERVICE HOUSTON/GALVESTON TX
556 PM CST TUE DEC 01 2020

...................................

...THE GALVESTON CLIMATE SUMMARY FOR THE MONTH OF NOVEMBER 2020...

CLIMATE NORMAL PERIOD: 1981 TO 2010
CLIMATE RECORD PERIOD: 1875 TO 2020

WEATHER         OBSERVED          NORMAL  DEPART   LAST YEAR`S
                VALUE   DATE(S)   VALUE   FROM     VALUE DATE(S)
                                          NORMAL
................................................................
TEMPERATURE (F)
RECORD
 HIGH             85   11/02/2016
                       11/04/1988
                       11/03/1886
 LOW              26   11/29/1911
HIGHEST           83   11/14         MM      MM       79  11/26
                                                          11/07
                                                          11/05
LOWEST            47   11/30         MM      MM       35  11/13
AVG. MAXIMUM    76.0               71.6     4.4     69.3
AVG. MINIMUM    64.4                        5.8
MEAN            70.2               65.1     5.1     62.7
DAYS MAX >= 90     0                0.0     0.0        0
DAYS MAX <= 32     0                0.0     0.0        0
DAYS MIN <= 32     0                0.0     0.0        0
DAYS MIN <= 0      0                0.0     0.0        0

PRECIPITATION (INCHES)
RECORD
 MAXIMUM       16.18   1940
TOTALS          2.74               4.51   -1.77     2.61
DAILY AVG.      0.09               0.15   -0.06     0.09
DAYS >= .01        3                 MM      MM        6
DAYS >= .10        3                 MM      MM        4
DAYS >= .50        1                 MM      MM        2
DAYS >= 1.00       1                 MM      MM        1
GREATEST
 24 HR. TOTAL   2.25   11/27 TO 11/28               1.09  11/07 TO 11/07

SNOWFALL (INCHES)
RECORDS
 TOTAL           0.0   2002
TOTALS           0.0
SINCE 7/1        0.0
 LIQUID 7/1     0.00
DAYS >= TRACE      0
GREATEST
 24 HR TOTAL     0.0

DEGREE DAYS
HEATING TOTAL     19                 94     -75
 SINCE 7/1        33                102     -69
COOLING TOTAL    182                 97      85
 SINCE 1/1      4030               3289     741
................................................................

WIND (MPH)
AVERAGE WIND SPEED              10.6
HIGHEST WIND SPEED/DIRECTION    33/360    DATE  11/15
                                33/340          11/29
HIGHEST GUST SPEED/DIRECTION    41/350    DATE  11/15

SKY COVER
AVERAGE SKY COVER           0.34

AVERAGE RH (PERCENT)     70

WEATHER CONDITIONS. NUMBER OF DAYS WITH
THUNDERSTORM              1     MIXED PRECIP               0
HEAVY RAIN                2     RAIN                       3
LIGHT RAIN                8     FREEZING RAIN              0
LT FREEZING RAIN          0     HAIL                       0
HEAVY SNOW                0     SNOW                       0
LIGHT SNOW                0     SLEET                      0
FOG                      12     FOG W/VIS <= 1/4 MILE      1
HAZE                     10

-  INDICATES NEGATIVE NUMBERS.
R  INDICATES RECORD WAS SET OR TIED.
MM INDICATES DATA IS MISSING.
T  INDICATES TRACE AMOUNT.

$$
