000
CXUS52 KJAX 011414
CLMGNV

CLIMATE REPORT
NATIONAL WEATHER SERVICE JACKSONVILLE FL
914 AM EST SUN NOV 01 2020

...................................

...THE GAINESVILLE CLIMATE SUMMARY FOR THE MONTH OF OCTOBER 2020...

CLIMATE NORMAL PERIOD: 1981 TO 2010
CLIMATE RECORD PERIOD: 1890 TO 2020

WEATHER         OBSERVED          NORMAL  DEPART   LAST YEAR`S
                VALUE   DATE(S)   VALUE   FROM     VALUE DATE(S)
                                          NORMAL
................................................................
TEMPERATURE (F)
RECORD
 HIGH             96   10/09/1941
 LOW              32   10/29/2008
HIGHEST           90   10/06         90       0       92  10/03
                                                          10/01
LOWEST            51   10/01         43       8       55  10/23
AVG. MAXIMUM    84.6               81.3     3.3     85.6
AVG. MINIMUM    65.8               60.5     5.3     65.8
MEAN            75.2               70.9     4.3     75.7
DAYS MAX >= 90     1                2.0    -1.0        5
DAYS MIN <= 32     0                0.0     0.0        0

PRECIPITATION (INCHES)
RECORD
 MAXIMUM       15.78   1941
 MINIMUM           T   2010
TOTALS          1.74               2.88   -1.14     3.59
DAILY AVG.      0.06               0.09   -0.03     0.12
DAYS >= .01       12                7.0     5.0       10
DAYS >= .10        5                4.0     1.0        5
DAYS >= .50        0                2.0    -2.0        3
DAYS >= 1.00       0                1.0    -1.0        1
GREATEST
 24 HR. TOTAL   0.41   10/09 TO 10/09
                       10/21 TO 10/22

SNOWFALL (INCHES)
RECORDS
 TOTAL            MM   MM
TOTALS           0.0                0.0     0.0      0.0

DEGREE DAYS
HEATING TOTAL      2                 27     -25        0
 SINCE 7/1         2                 26     -24        0
COOLING TOTAL    325                210     115      342
 SINCE 1/1      2945               2550     395     3358
................................................................

WIND (MPH)
AVERAGE WIND SPEED              6.0
HIGHEST WIND SPEED/DIRECTION    28/250    DATE  10/29
HIGHEST GUST SPEED/DIRECTION    35/240    DATE  10/29

SKY COVER
AVERAGE SKY COVER           0.39

AVERAGE RH (PERCENT)     80

WEATHER CONDITIONS. NUMBER OF DAYS WITH
THUNDERSTORM              3     MIXED PRECIP               0
HEAVY RAIN                6     RAIN                      11
LIGHT RAIN               15     FREEZING RAIN              0
LT FREEZING RAIN          0     HAIL                       0
HEAVY SNOW                0     SNOW                       0
LIGHT SNOW                0     SLEET                      0
FOG                      23     FOG W/VIS <= 1/4 MILE      5
HAZE                      0

-  INDICATES NEGATIVE NUMBERS.
R  INDICATES RECORD WAS SET OR TIED.
MM INDICATES DATA IS MISSING.
T  INDICATES TRACE AMOUNT.

$$
