000
CXUS55 KMSO 020144
CLMGPI

CLIMATE REPORT
NATIONAL WEATHER SERVICE MISSOULA MT
644 PM MST SUN NOV 01 2020

...................................

...THE KALISPELL MT CLIMATE SUMMARY FOR THE MONTH OF OCTOBER 2020...

CLIMATE NORMAL PERIOD 1981 TO 2010
CLIMATE RECORD PERIOD 1894 TO 2020

WEATHER         OBSERVED          NORMAL  DEPART   LAST YEAR`S
                VALUE   DATE(S)   VALUE   FROM     VALUE
                                          NORMAL
..............................................................
TEMPERATURE (F)
RECORD
 HIGH             86   10/02/1992
 LOW              -4   10/31/1935
HIGHEST           81   10/06         MM      MM       70
LOWEST             0   10/25         MM      MM       -3
                       10/26
AVG. MAXIMUM    52.2               54.9    -2.7     49.5
AVG. MINIMUM    27.8               29.4    -1.6     24.4
MEAN            40.0               42.1    -2.1
DAYS MAX >= 90     0                0.0     0.0        0
DAYS MAX <= 32     5                0.4     4.6        2
DAYS MIN <= 32    21               19.5     1.5       21
DAYS MIN <= 0      2                0.0     2.0        1

PRECIPITATION (INCHES)
RECORD
 MAXIMUM        4.86   2016
 MINIMUM           T   1907
TOTALS          2.65               1.01    1.64
DAILY AVG.      0.09               0.03    0.06     0.03
DAYS >= .01       10                9.3     0.7       11
DAYS >= .10        8                3.7     4.3        3
DAYS >= .50        1                0.2     0.8        0
DAYS >= 1.00       0                0.0     0.0        0
GREATEST
 24 HR. TOTAL   0.69   10/13 TO 10/14               0.32

SNOWFALL (INCHES)
TOTALS          11.0                1.1     9.9      0.8
SINCE 7/1       11.0                1.1     9.9       MM
DAYS >= TRACE      6                1.2     4.8        2
DAYS >= 1.0        2                0.5     1.5        0
GREATEST
 SNOW DEPTH        6   10/24
                       10/25
 24 HR TOTAL      MM                                 0.8

DEGREE DAYS
HEATING TOTAL    766                708      58
 SINCE 7/1      1200               1208      -8
COOLING TOTAL      0                  0       0
 SINCE 1/1       155                147       8
..............................................................

WIND (MPH)
AVERAGE WIND SPEED              5.2
HIGHEST WIND SPEED/DIRECTION    32/020    DATE  10/23
HIGHEST GUST SPEED/DIRECTION    41/020    DATE  10/23

SKY COVER
POSSIBLE SUNSHINE (PERCENT)   MM
AVERAGE SKY COVER           0.52
NUMBER OF DAYS FAIR           11
NUMBER OF DAYS PC              8
NUMBER OF DAYS CLOUDY         12

AVERAGE RH (PERCENT)     71

WEATHER CONDITIONS. NUMBER OF DAYS WITH
THUNDERSTORM              0     MIXED PRECIP               0
HEAVY RAIN                0     RAIN                       4
LIGHT RAIN                9     FREEZING RAIN              0
LT FREEZING RAIN          0     HAIL                       0
HEAVY SNOW                0     SNOW                       2
LIGHT SNOW                6     SLEET                      0
FOG                      18     FOG W/VIS <= 1/4 MILE      6
HAZE                      5

-  INDICATES NEGATIVE NUMBERS.
R  INDICATES RECORD WAS SET OR TIED.
MM INDICATES DATA IS MISSING.
T  INDICATES TRACE AMOUNT.

$$
