000
CXUS53 KGRB 010746
CLMGRB

CLIMATE REPORT
NATIONAL WEATHER SERVICE GREEN BAY
146 AM CST SUN NOV 01 2020

...................................

...THE GREEN BAY WI CLIMATE SUMMARY FOR THE MONTH OF OCTOBER 2020...

CLIMATE NORMAL PERIOD: 1981 TO 2010
CLIMATE RECORD PERIOD: 1886 TO 2020

WEATHER         OBSERVED          NORMAL  DEPART   LAST YEAR`S
                VALUE   DATE(S)   VALUE   FROM     VALUE DATE(S)
                                          NORMAL
................................................................
TEMPERATURE (F)
RECORD
 HIGH             88   10/06/1963
 LOW               8   10/25/1887
HIGHEST           78   10/09         77       1       76  10/01
LOWEST            22   10/19         24      -2       28  10/31
                                                          10/30
AVG. MAXIMUM    53.1               56.6    -3.5     55.0
AVG. MINIMUM    33.8               37.7    -3.9     39.7
MEAN            43.5               47.1    -3.6     47.4
DAYS MAX >= 90     0                0.0     0.0        0
DAYS MAX <= 32     0                0.1    -0.1        0
DAYS MIN <= 32    16                8.5     7.5        5
DAYS MIN <= 0      0                0.0     0.0        0

PRECIPITATION (INCHES)
RECORD
 MAXIMUM        5.40   1886
 MINIMUM           T   1952
TOTALS          4.43               2.44    1.99     4.42
DAYS >= .01       12               10.5     1.5       19
DAYS >= .10        6                5.6     0.4       11
DAYS >= .50        2                1.3     0.7        2
DAYS >= 1.00       1                0.4     0.6        1
GREATEST
 24 HR. TOTAL   3.24   10/22 TO 10/23

SNOWFALL (INCHES)
RECORDS
 TOTAL          10.3   1887
TOTALS           1.1                0.2     0.9      5.6
SINCE 7/1        1.1                0.2     0.9       MM
SNOWDEPTH AVG.     0                                   0
DAYS >= 1.0        1                0.1     0.9        3
GREATEST
 SNOW DEPTH        1   10/25                           3  10/29
 24 HR TOTAL      MM

DEGREE DAYS
HEATING TOTAL    661                556     105      537
 SINCE 7/1       853                827      26      634
COOLING TOTAL      0                  3      -3        1
 SINCE 1/1       668                398     270      535
................................................................

WIND (MPH)
AVERAGE WIND SPEED              8.9
HIGHEST WIND SPEED/DIRECTION    36/280    DATE  10/31
HIGHEST GUST SPEED/DIRECTION    48/270    DATE  10/31

SKY COVER
POSSIBLE SUNSHINE (PERCENT)   MM
AVERAGE SKY COVER           0.48
NUMBER OF DAYS FAIR           10
NUMBER OF DAYS PC             15
NUMBER OF DAYS CLOUDY          6

AVERAGE RH (PERCENT)     67

WEATHER CONDITIONS. NUMBER OF DAYS WITH
THUNDERSTORM              2     MIXED PRECIP               0
HEAVY RAIN                3     RAIN                       6
LIGHT RAIN               12     FREEZING RAIN              0
LT FREEZING RAIN          0     HAIL                       0
HEAVY SNOW                0     SNOW                       0
LIGHT SNOW                2     SLEET                      1
FOG                       7     FOG W/VIS <= 1/4 MILE      0
HAZE                      3

-  INDICATES NEGATIVE NUMBERS.
R  INDICATES RECORD WAS SET OR TIED.
MM INDICATES DATA IS MISSING.
T  INDICATES TRACE AMOUNT.

$$
