000
CXUS53 KGID 011834
CLMGRI

CLIMATE REPORT
NATIONAL WEATHER SERVICE HASTINGS NE
1234 PM CST TUE DEC 01 2020

...................................

...THE GRAND ISLAND NE CLIMATE SUMMARY FOR THE MONTH OF NOVEMBER 2020...

CLIMATE NORMAL PERIOD 1981 TO 2010
CLIMATE RECORD PERIOD 1895 TO 2020

WEATHER         OBSERVED          NORMAL  DEPART   LAST YEAR`S
                VALUE   DATE(S)   VALUE   FROM     VALUE DATE(S)
                                          NORMAL
................................................................
TEMPERATURE (F)
RECORD
 HIGH             88   11/08/1915
 LOW             -11   11/28/1976
HIGHEST           85   11/03         71      14       77  11/09
LOWEST            12   11/30          8       4        3  11/12
AVG. MAXIMUM    58.9               49.4     9.5     49.5
AVG. MINIMUM    31.7               26.8     4.9     26.5
MEAN            45.3               38.1     7.2     38.0
DAYS MAX >= 90     0                0.0     0.0        0
DAYS MAX <= 32     0                3.0    -3.0        4
DAYS MIN <= 32    20               21.2    -1.2       23
DAYS MIN <= 0      0                0.3    -0.3        0

PRECIPITATION (INCHES)
RECORD
 MAXIMUM        3.77   1983
 MINIMUM        0.00   1939
TOTALS          1.16               1.17   -0.01     1.91
DAILY AVG.      0.04               0.04    0.00     0.06
DAYS >= .01        5                5.3    -0.3        6
DAYS >= .10        3                2.5     0.5        3
DAYS >= .50        1                0.8     0.2        2
DAYS >= 1.00       0                0.2    -0.2        0
GREATEST
 24 HR. TOTAL   0.79   11/09 TO 11/10

SNOWFALL (INCHES)
RECORDS
 TOTAL          17.1   1983
TOTALS           0.8                3.1    -2.3     10.0
SINCE 7/1        1.5                4.2    -2.7       MM
DAYS >= 1.0        0                1.0    -1.0        2
GREATEST
 SNOW DEPTH        1   11/11                           7
 24 HR TOTAL      MM

DEGREE DAYS
HEATING TOTAL    586                807    -221      804
 SINCE 7/1      1152               1329    -177     1365
COOLING TOTAL      2                  0       2        0
 SINCE 1/1      1292               1034     258     1153
................................................................

WIND (MPH)
AVERAGE WIND SPEED              11.9
HIGHEST WIND SPEED/DIRECTION    40/190    DATE  11/08
                                40/280          11/14
HIGHEST GUST SPEED/DIRECTION    55/180    DATE  11/08

SKY COVER
POSSIBLE SUNSHINE (PERCENT)   MM
AVERAGE SKY COVER           0.16
NUMBER OF DAYS FAIR           25
NUMBER OF DAYS PC              2
NUMBER OF DAYS CLOUDY          3

AVERAGE RH (PERCENT)     56

WEATHER CONDITIONS. NUMBER OF DAYS WITH
THUNDERSTORM              1     MIXED PRECIP               0
HEAVY RAIN                0     RAIN                       1
LIGHT RAIN                4     FREEZING RAIN              1
LT FREEZING RAIN          2     HAIL                       0
HEAVY SNOW                0     SNOW                       1
LIGHT SNOW                1     SLEET                      0
FOG                       9     FOG W/VIS <= 1/4 MILE      1
HAZE                      3

-  INDICATES NEGATIVE NUMBERS.
R  INDICATES RECORD WAS SET OR TIED.
MM INDICATES DATA IS MISSING.
T  INDICATES TRACE AMOUNT.

$$
