000
CXUS52 KGSP 011708
CLMGSP

CLIMATE REPORT
NATIONAL WEATHER SERVICE GREENVILLE-SPARTANBURG SC
1208 PM EST TUE DEC 01 2020

...................................

...THE GREENVILLE-SPARTANBURG SC CLIMATE SUMMARY FOR THE MONTH OF NOVEMBER 2020...

CLIMATE NORMAL PERIOD 1981 TO 2010
CLIMATE RECORD PERIOD 1884 TO 2020

WEATHER         OBSERVED          NORMAL  DEPART   LAST YEAR`S
                VALUE   DATE(S)   VALUE   FROM     VALUE DATE(S)
                                          NORMAL
................................................................
TEMPERATURE (F)
RECORD
 HIGH             86   11/01/1961
 LOW              11   11/26/1950
                       11/25/1950
HIGHEST           79   11/11         MM      MM       69  11/22
LOWEST            30   11/19         MM      MM       22  11/13
AVG. MAXIMUM    67.0               63.5     3.5     59.8
AVG. MINIMUM    43.5               41.3     2.2     38.7
MEAN            55.3               52.4     2.8     49.3
DAYS MAX >= 90     0                0.0     0.0        0
DAYS MAX <= 32     0                0.0     0.0        0
DAYS MIN <= 32     4                4.9    -0.9        6
DAYS MIN <= 0      0                0.0     0.0        0

PRECIPITATION (INCHES)
RECORD
 MAXIMUM       12.18   1948
 MINIMUM        0.05   1890
TOTALS          5.98               3.70    2.28     3.43
DAILY AVG.      0.20               0.12    0.08     0.11
DAYS >= .01        9                8.9     0.1       10
DAYS >= .10        8                5.7     2.3        5
DAYS >= .50        4                2.5     1.5        1
DAYS >= 1.00       3                1.2     1.8        1
GREATEST
 24 HR. TOTAL   2.32   11/11 TO 11/12               2.25  11/23 TO 11/23
 STORM TOTAL    1.80                                  MM
 (MM/DD(HH))            MM

SNOWFALL (INCHES)
RECORDS
 TOTAL           4.0   1906
 24 HR TOTAL     4.0   11/15/1906 TO 11/15/1906
 SNOW DEPTH        3   11/28/1912
TOTALS           0.0                0.1    -0.1      0.0
 LIQUID EQUIV   0.00               0.00    0.00     0.00
SINCE 7/1        0.0                0.1    -0.1       MM
 LIQUID 7/1     0.00               0.00    0.00       MM
SNOWDEPTH AVG.     0                                   0
DAYS >= TRACE      0                0.1    -0.1        0
DAYS >= 1.0        0                0.0     0.0        0
GREATEST
 SNOW DEPTH        0                                   0  MM
 24 HR TOTAL      MM    MM                           0.0
 STORM TOTAL     0.0                                  MM
 (MM/DD(HH))            MM

DEGREE DAYS
HEATING TOTAL    302                383     -81      465
 SINCE 7/1       434                553    -119      524
COOLING TOTAL     16                  5      11        0
 SINCE 1/1      1716               1715       1     2135

FREEZE DATES
RECORD
 EARLIEST     MM
 LATEST       MM
EARLIEST      11/03             MM
LATEST                          03/08
................................................................

WIND (MPH)
AVERAGE WIND SPEED              4.8
HIGHEST WIND SPEED/DIRECTION    21/330    DATE  11/01
                                21/210          11/15
                                21/340          11/23
HIGHEST GUST SPEED/DIRECTION    34/290    DATE  11/01

SKY COVER
POSSIBLE SUNSHINE (PERCENT)   MM
AVERAGE SKY COVER           0.34
NUMBER OF DAYS FAIR           16
NUMBER OF DAYS PC              8
NUMBER OF DAYS CLOUDY          6

AVERAGE RH (PERCENT)     65

WEATHER CONDITIONS. NUMBER OF DAYS WITH
THUNDERSTORM              1     MIXED PRECIP               0
HEAVY RAIN                5     RAIN                       7
LIGHT RAIN               10     FREEZING RAIN              0
LT FREEZING RAIN          0     HAIL                       0
HEAVY SNOW                0     SNOW                       0
LIGHT SNOW                0     SLEET                      0
FOG                      13     FOG W/VIS <= 1/4 MILE      4
HAZE                      6

-  INDICATES NEGATIVE NUMBERS.
R  INDICATES RECORD WAS SET OR TIED.
MM INDICATES DATA IS MISSING.
T  INDICATES TRACE AMOUNT.

$$
