000
CXGM50 PGUM 041520
CLMGUM


CLIMATE REPORT
NATIONAL WEATHER SERVICE TIYAN, GUAM
120 AM CHST THU NOV 5 2020

...................................

...THE GUAM INTERNATIONAL AIRPORT GU CLIMATE SUMMARY FOR THE MONTH OF OCTOBER 2020...

CLIMATE NORMAL PERIOD 1981 TO 2010
CLIMATE RECORD PERIOD 1945 TO 2020

WEATHER         OBSERVED          NORMAL  DEPART  LAST YEAR`S
                 VALUE   DATE(S)  VALUE   FROM    VALUE  DATE(S)
                                          NORMAL
................................................................
TEMPERATURE (F)
RECORD
 HIGH              93   10/23/2018
                        10/06/1989
                        10/04/1984
 LOW               67   10/16/1966
HIGHEST            90   10/14        MM      MM       90  10/31
                                                          10/24
LOWEST             74   10/27        MM      MM       74  10/19
                        10/25                             10/13
                                                          10/08
AVG. MAXIMUM     86.8              86.8     0.0     87.2
AVG. MINIMUM     76.4              76.5    -0.1     76.6
MEAN             81.6              81.7    -0.1     81.9
DAYS MAX >= 90      1               0.6     0.4        2
DAYS MAX <= 32      0               0.0     0.0        0
DAYS MIN <= 32      0               0.0     0.0        0
DAYS MIN <= 0       0               0.0     0.0        0

PRECIPITATION (INCHES)
RECORD
 MAXIMUM        22.66   2013
 MINIMUM         7.11   2008
TOTALS          16.75             11.80    4.95    10.60
DAILY AVG.       0.54              0.38    0.16     0.34
DAYS >= .01        29              25.7     3.3       22
DAYS >= .10        25              17.5     7.5       17
DAYS >= .50        12               7.2     4.8        5
DAYS >= 1.00        4               3.1     0.9        2
GREATEST
 24 HR. TOTAL    3.12   10/11 TO 10/11           10/07 TO 10/07
                                                          10/31 TO 10/31EATHER         OBSERVED          NORMAL  DEPART  LAST YEAR`S
                                                          10/31 TO 10/31EATHER         OBSERVED          NORMAL  DEPART  LAST YEAR`S
 STORM TOTAL       MM                                 MM
 (MM/DD(HH))            MM                    10/07(00) TO 10/07(00)
                                                 10/31(00) TO 10/31(00)1EATHER         OBSERVED          NORMAL  DEPART  LAST YEAR`S
                                                 10/31(00) TO 10/31(00)1EATHER         OBSERVED          NORMAL  DEPART  LAST YEAR`S

DEGREE_DAYS
COOLING TOTAL     524               516       8      531
 SINCE 1/1       5433              4996     437     5363

FREEZE DATES
RECORD
 EARLIEST     MM
 LATEST       MM
EARLIEST                        MM
LATEST                          MM
.................................................................

WIND (MPH)
AVERAGE WIND SPEED              7.5
RESULTANT WIND SPEED/DIRECTION   4/101
HIGHEST WIND SPEED/DIRECTION    26/070    DATE  10/14
HIGHEST GUST SPEED/DIRECTION    36/150    DATE  10/06

SKY COVER
POSSIBLE SUNSHINE (PERCENT)   MM
AVERAGE SKY COVER           0.30
NUMBER OF DAYS FAIR           17
NUMBER OF DAYS PC             14
NUMBER OF DAYS CLOUDY          0

AVERAGE RH (PERCENT)     81

WEATHER CONDITIONS. NUMBER OF DAYS WITH
  0
 15
  0
  0
  0
  0
  0
HAZE                      8

-  INDICATES NEGATIVE NUMBERS.
R  INDICATES RECORD WAS SET OR TIED.
MM INDICATES DATA IS MISSING.
T  INDICATES TRACE AMOUNT.

$$
