081
CXUS54 KAMA 011704
CLMGUY

CLIMATE REPORT
NATIONAL WEATHER SERVICE AMARILLO
1104 AM CST SUN NOV 01 2020

...................................

...THE GUYMON CLIMATE SUMMARY FOR THE MONTH OF OCTOBER 2020...

CLIMATE NORMAL PERIOD: 1981 TO 2010
CLIMATE RECORD PERIOD: 1998 TO 2020

WEATHER         OBSERVED          NORMAL  DEPART   LAST YEAR`S
                VALUE   DATE(S)   VALUE   FROM     VALUE DATE(S)
                                          NORMAL
................................................................
TEMPERATURE (F)
HIGHEST           97   10/14                          90  10/09
LOWEST            18   10/26                          11  10/31
                       10/27
AVG. MAXIMUM    71.8               72.1    -0.3     66.8
AVG. MINIMUM    38.9               42.5    -3.6     37.5
MEAN            55.4               57.3    -1.9     52.2
DAYS MAX >= 90     8                2.1     5.9        1
DAYS MAX <= 32     2                0.1     1.9        1
DAYS MIN <= 32     8                3.7     4.3       12
DAYS MIN <= 0      0                0.0     0.0       MM

PRECIPITATION (INCHES)
TOTALS          1.27               1.57   -0.30     0.71
DAILY AVG.      0.04               0.05   -0.01     0.02
DAYS >= .01        4                 MM      MM        5
DAYS >= .10        3                 MM      MM        1
DAYS >= .50        1                 MM      MM        1
DAYS >= 1.00       0                 MM      MM        0
GREATEST
 24 HR. TOTAL   0.91   10/28 TO 10/28

SNOWFALL (INCHES)
TOTALS            MM                 MM      MM       MM
SINCE 7/1         MM                 MM      MM       MM
DAYS >= TRACE     MM                 MM      MM
DAYS >= 1.0       MM                 MM      MM       MM
GREATEST
 SNOW DEPTH       MM
 24 HR TOTAL      MM

DEGREE DAYS
HEATING TOTAL    343                266      77      410
 SINCE 7/1       405                309      96       MM
COOLING TOTAL     51                 27      24       21
 SINCE 1/1      1771               1481     290       MM
................................................................

WIND (MPH)
AVERAGE WIND SPEED              10.9
HIGHEST WIND SPEED/DIRECTION    43/350    DATE  10/11
HIGHEST GUST SPEED/DIRECTION    54/360    DATE  10/11

SKY COVER
POSSIBLE SUNSHINE (PERCENT)   MM
NUMBER OF DAYS FAIR           23
NUMBER OF DAYS PC              3
NUMBER OF DAYS CLOUDY          5

AVERAGE RH (PERCENT)     55

WEATHER CONDITIONS. NUMBER OF DAYS WITH
THUNDERSTORM              0     MIXED PRECIP               0
HEAVY RAIN                0     RAIN                       1
LIGHT RAIN                5     FREEZING RAIN              0
LT FREEZING RAIN          0     HEAVY SNOW                 0
SNOW                      0     LIGHT SNOW                 4
SLEET                     0     FOG                        6
FOG W/VIS <= 1/4 MILE     0     HAZE                       4

-  INDICATES NEGATIVE NUMBERS.
R  INDICATES RECORD WAS SET OR TIED.
MM INDICATES DATA IS MISSING.
T  INDICATES TRACE AMOUNT.

$$
