668
CXUS54 KJAN 011540
CLMGWO


CLIMATE REPORT
NATIONAL WEATHER SERVICE JACKSON MS
934 AM CST SUN NOV 1 2020

...................................

...THE GREENWOOD CLIMATE SUMMARY FOR THE MONTH OF OCTOBER 2020...

CLIMATE NORMAL PERIOD 1981 TO 2010
CLIMATE RECORD PERIOD 1948 TO 2020

WEATHER         OBSERVED          NORMAL  DEPART  LAST YEAR`S
                 VALUE   DATE(S)  VALUE   FROM    VALUE  DATE(S)
                                          NORMAL
................................................................
TEMPERATURE (F)
RECORD
 HIGH             100   10/03/2019
 LOW               27   10/21/2011
                        10/10/2000
                        10/30/1952
HIGHEST            88   10/22        MM      MM      100  10/03
LOWEST             36   10/31        MM      MM       33  10/31
AVG. MAXIMUM     76.4              76.9    -0.5     76.8
AVG. MINIMUM     53.6              51.6     2.0     55.0
MEAN             65.0              64.3     0.7     65.9
DAYS MAX >= 90      0               0.6    -0.6        7
DAYS MAX <= 32      0               0.0     0.0        0
DAYS MIN <= 32      0               0.9    -0.9        0
DAYS MIN <= 0       0               0.0     0.0        0

PRECIPITATION (INCHES)
RECORD
 MAXIMUM        12.66   1984
 MINIMUM         0.00   1952
TOTALS           2.62              3.87   -1.25     8.10
DAILY AVG.       0.08              0.12   -0.04     0.26
DAYS >= .01        11               7.9     3.1       13
DAYS >= .10         5               5.3    -0.3        8
DAYS >= .50         2               2.8    -0.8        8
DAYS >= 1.00        0               1.1    -1.1        3
GREATEST
 24 HR. TOTAL    0.85   10/28 TO 10/28              1.45

SNOWFALL (INCHES)
TOTALS            0.0

DEGREE_DAYS
HEATING TOTAL      88               119     -31      113
 SINCE 7/1         92               131     -39      113
COOLING TOTAL      96                95       1      149
 SINCE 1/1       2301              2142     159     2547
.................................................................

WIND (MPH)
AVERAGE WIND SPEED              5.0
HIGHEST WIND SPEED/DIRECTION    31/080    DATE  10/10
HIGHEST GUST SPEED/DIRECTION    46/090    DATE  10/10

SKY COVER
POSSIBLE SUNSHINE (PERCENT)   MM
AVERAGE SKY COVER           0.40
NUMBER OF DAYS FAIR           20
NUMBER OF DAYS PC              3
NUMBER OF DAYS CLOUDY          8

AVERAGE RH (PERCENT)     77

WEATHER CONDITIONS. NUMBER OF DAYS WITH
THUNDERSTORM             1   MIXED PRECIP               0
HEAVY RAIN               4   RAIN                       6
LIGHT RAIN              11   FREEZING RAIN              0
LT FREEZING RAIN         0   HAIL                       0
HEAVY SNOW               0   SNOW                       0
LIGHT SNOW               0   SLEET                      0
FOG                     22   FOG W/VIS <= 1/4 MILE      3
HAZE                     2

-  INDICATES NEGATIVE NUMBERS.
R  INDICATES RECORD WAS SET OR TIED.
MM INDICATES DATA IS MISSING.
T  INDICATES TRACE AMOUNT.

$$
