000
CXUX51 KGYX 032250
CLMGYX

PWMCLMGYX 000
TTAA00 KGYX 030158


CLIMATE REPORT
NATIONAL WEATHER SERVICE GRAY ME
550 PM EST TUE NOV 3 2020

...................................

...THE GRAY ME CLIMATE SUMMARY FOR THE MONTH OF OCTOBER 2020...

CLIMATE NORMAL PERIOD 1981 TO 2010
CLIMATE RECORD PERIOD 1995 TO 2020

WEATHER         OBSERVED          NORMAL  DEPART  LAST YEAR`S
                 VALUE   DATE(S)  VALUE   FROM    VALUE
                                          NORMAL
.............................................................
TEMPERATURE (F)
RECORD
 HIGH              84   10/10/2011
 LOW               24   10/31/2020
                        10/23/1997
                        10/24/1969
HIGHEST            76   10/10        75       1       69
LOWEST             24R  10/31        29      -5       34
AVG. MAXIMUM     56.4              58.0    -1.6     57.7
AVG. MINIMUM     40.7              40.1     0.6     43.2
MEAN             48.5              49.1    -0.6     50.5
DAYS MAX >= 90      0               0.0     0.0        0
DAYS MAX <= 32      0               0.0     0.0        0
DAYS MIN <= 32      3               4.1    -1.1        0
DAYS MIN <= 0       0               0.0     0.0        0

PRECIPITATION (INCHES)
RECORD
 MAXIMUM        16.33   2005
 MINIMUM         1.29   1997
TOTALS           4.86              5.14   -0.28     6.90
DAILY AVG.       0.16              0.17   -0.01     0.22
DAYS >= .01        15              11.2     3.8       19
DAYS >= .10         6               6.9    -0.9        9
DAYS >= .50         2               3.4    -1.4        5
DAYS >= 1.00        2               2.0     0.0        3
GREATEST
 24 HR. TOTAL    1.93   10/13

SNOWFALL (INCHES)
RECORDS
 TOTAL           12.9   2011
TOTALS              T               0.1    -0.1      0.0
SINCE 7/1           T               0.1    -0.1      0.0
SNOWDEPTH AVG.      0
DAYS >= TRACE       2               0.1     1.9        0
DAYS >= 1.0         0               0.1    -0.1        0
GREATEST
 SNOW DEPTH         0                                  0
 24 HR TOTAL        T   10/30

DEGREE_DAYS
HEATING TOTAL     503               496       7      444
 SINCE 7/1        682               700     -18      606
COOLING TOTAL       0                 2      -2        0
 SINCE 1/1        548               389     159      433
..............................................................



-  INDICATES NEGATIVE NUMBERS.
R  INDICATES RECORD WAS SET OR TIED.
MM INDICATES DATA IS MISSING.
T  INDICATES TRACE AMOUNT.

&&

AFTER A DRY SUMMER AND EARLY FALL, THE WEATHER PATTERN SHIFTED AS
OCTOBER BEGAN. WITH THE STORM TRACK CLOSER TO NEW ENGLAND, MORE
FREQUENT STORM SYSTEMS BROUGHT WELCOME RAINFALL AFTER A SUMMER OF
DROUGHT. A TOPSY TURVY TEMPERATURE TREND ALSO OCCURRED, WHICH IS
TYPICAL OF THE FREQUENT FRONTAL SYSTEMS THAT ACCOMPANY FALL IN NEW
ENGLAND. THE WARMEST TEMPERATURE WAS 76 DEGREES ON THE 10TH. THE
MOST SIGNIFICANT RAINFALL CAME IN THE MIDDLE OF THE MONTH. THE FIRST
BROUGHT NEARLY 2 INCHES OF RAIN ON THE 13TH. THE SECOND BROUGHT
NEARLY 2 MORE INCHES ON THE 16TH AND 17TH. CONDITIONS TURNED MORE
CONSISTENTLY COLD TOWARD THE END OF THE MONTH. THE FIRST SNOWFLAKES
OF THE SEASON WERE OBSERVED ON THE 28TH, WHICH WAS ALSO THE FIRST
FREEZE OF THE FALL. THE LOW TEMPERATURE OF 24 ON THE 31ST WAS THE
COLDEST TEMPERATURE YET RECORDED IN THE MONTH OF OCTOBER AT GRAY.

COLDEST TEMPERATURE IN OCTOBER (SINCE 1995)...
RANK  TEMP  DATE
1      24   OCT 31, 2020  <===
       24   OCT 23, 1997
3      25   OCT 31, 2002
4      26   OCT 19, 2015
       26   OCT 23, 2008
       26   OCT 28, 1999

THE AVERAGE TEMPERATURE FOR THE MONTH WAS 48.5 DEGREES WHICH WAS 0.6
DEGREES BELOW NORMAL. THE COOLEST OCTOBER WAS 46.2 DEGREES IN 2018
AND 2009. THE WARMEST WAS 57.0 DEGREES IN 2017.

A TOTAL OF 4.86 INCHES OF PRECIPITATION FELL WHICH WAS 0.28 INCHES
ABOVE NORMAL. THE HEAVIEST PRECIPITATION FELL ON THE 13TH WHEN 1.93
INCHES WAS MEASURED. THE WETTEST OCTOBER WAS IN 2005 WHEN 16.33
INCHES FELL. THE DRIEST WAS IN 1997 WITH ONLY 1.29 INCHES.

A TRACE OF SNOW WAS OBSERVED IN OCTOBER. ALTHOUGH RECORDS AT THE
NATIONAL WEATHER SERVICE OFFICE IN GRAY ONLY GO BACK 26 YEARS, SNOW
HAS BEEN OBSERVED IN OCTOBER IN 16 OF THOSE YEARS. HOWEVER,
ACCUMULATING SNOW HAS ONLY OCCURRED TWICE. THE SNOWIEST WAS 12.9
INCHES IN 2011.

$$

KIMBLE
