669
CXUS54 KJAN 011540
CLMHBG


CLIMATE REPORT
NATIONAL WEATHER SERVICE JACKSON MS
934 AM CST SUN NOV 1 2020

...................................

...THE HATTIESBURG CLIMATE SUMMARY FOR THE MONTH OF OCTOBER 2020...

CLIMATE NORMAL PERIOD 1981 TO 2010
CLIMATE RECORD PERIOD 1893 TO 2020

WEATHER         OBSERVED          NORMAL  DEPART  LAST YEAR`S
                 VALUE   DATE(S)  VALUE   FROM    VALUE  DATE(S)
                                          NORMAL
................................................................
TEMPERATURE (F)
RECORD
 HIGH              98   10/03/2019
                        10/02/2019
                        09/06/1925
 LOW               23   10/30/1952
HIGHEST            90   10/07        MM      MM       98  10/03
                                                          10/02
LOWEST             41   10/31        MM      MM       38  10/31
AVG. MAXIMUM     80.9              79.5     1.4     79.9
AVG. MINIMUM     56.5              54.5     2.0     59.7
MEAN             68.7              67.0     1.7     69.8
DAYS MAX >= 90      1               1.5    -0.5        5
DAYS MAX <= 32      0               0.0     0.0        0
DAYS MIN <= 32      0               0.2    -0.2        0
DAYS MIN <= 0       0               0.0     0.0        0

PRECIPITATION (INCHES)
RECORD
 MAXIMUM        13.74   1985
 MINIMUM            T   2005
TOTALS           6.00              3.75    2.25    11.74
DAILY AVG.       0.19              0.12    0.07     0.38
DAYS >= .01         8                MM      MM       14
DAYS >= .10         6                MM      MM       12
DAYS >= .50         3                MM      MM        6
DAYS >= 1.00        1                MM      MM        3
GREATEST
 24 HR. TOTAL    3.78   10/28 TO 10/28              3.25

SNOWFALL (INCHES)
TOTALS            0.0
SINCE 7/1         0.0
DAYS >= TRACE       0
DAYS >= 1.0         0
GREATEST
 24 HR TOTAL      0.0   10/31 TO 10/31

DEGREE_DAYS
HEATING TOTAL      42                73     -31       58
 SINCE 7/1         44                75     -31       58
COOLING TOTAL     164               135      29      215
 SINCE 1/1       2516              2362     154     2771
.................................................................

WIND (MPH)
AVERAGE WIND SPEED              4.3
HIGHEST WIND SPEED/DIRECTION    37/350    DATE  10/28
HIGHEST GUST SPEED/DIRECTION    57/350    DATE  10/28

SKY COVER
POSSIBLE SUNSHINE (PERCENT)   MM
AVERAGE SKY COVER           0.40
NUMBER OF DAYS FAIR           19
NUMBER OF DAYS PC              7
NUMBER OF DAYS CLOUDY          5

AVERAGE RH (PERCENT)     73

WEATHER CONDITIONS. NUMBER OF DAYS WITH
THUNDERSTORM             4   MIXED PRECIP               0
HEAVY RAIN               7   RAIN                       7
LIGHT RAIN               8   FREEZING RAIN              0
LT FREEZING RAIN         0   HAIL                       0
HEAVY SNOW               0   SNOW                       0
LIGHT SNOW               0   SLEET                      0
FOG                     20   FOG W/VIS <= 1/4 MILE      3
HAZE                     1

-  INDICATES NEGATIVE NUMBERS.
R  INDICATES RECORD WAS SET OR TIED.
MM INDICATES DATA IS MISSING.
T  INDICATES TRACE AMOUNT.

$$
