000
CXUS53 KDLH 020328
CLMHIB

CLIMATE REPORT
NATIONAL WEATHER SERVICE DULUTH MN
1004 PM CST SUN NOV 01 2020

...................................

...THE HIBBING CLIMATE SUMMARY FOR THE MONTH OF OCTOBER 2020...

CLIMATE NORMAL PERIOD: 1981 TO 2010
CLIMATE RECORD PERIOD: 1931 TO 2020

WEATHER         OBSERVED          NORMAL  DEPART   LAST YEAR`S
                VALUE   DATE(S)   VALUE   FROM     VALUE DATE(S)
                                          NORMAL
................................................................
TEMPERATURE (F)
RECORD
 HIGH             87   10/11/2015
 LOW               9   10/27/2020
HIGHEST           76   10/09         MM      MM       70  10/09
LOWEST             9R  10/27         MM      MM       13  10/29
AVG. MAXIMUM    43.1               52.0    -8.9     48.0
AVG. MINIMUM    24.4               29.5    -5.1     31.5
MEAN            33.7               40.7    -7.0     39.7
DAYS MAX >= 90     0                 MM      MM        0
DAYS MAX <= 32    10                 MM      MM        4
DAYS MIN <= 32    24                 MM      MM       18
DAYS MIN <= 0      0                 MM      MM        0

PRECIPITATION (INCHES)
RECORD
 MAXIMUM        5.68   1970
 MINIMUM        0.15   1944
TOTALS            MM               2.46      MM       MM
DAILY AVG.         T               0.08   -0.08       MM
DAYS >= .01        0                 MM      MM        0
DAYS >= .10        0                 MM      MM        0
DAYS >= .50        0                 MM      MM        0
DAYS >= 1.00       0                 MM      MM        0
GREATEST
 24 HR. TOTAL     MM


DEGREE DAYS
HEATING TOTAL    961                752     209      777
 SINCE 7/1      1533               1331     202     1312
COOLING TOTAL      0                  0       0        0
 SINCE 1/1       187                147      40       86
................................................................

WIND (MPH)
AVERAGE WIND SPEED              6.5
HIGHEST WIND SPEED/DIRECTION    37/310    DATE  10/31
HIGHEST GUST SPEED/DIRECTION    52/310    DATE  10/31

SKY COVER
POSSIBLE SUNSHINE (PERCENT)   MM
AVERAGE SKY COVER           0.64
NUMBER OF DAYS FAIR            4
NUMBER OF DAYS PC             13
NUMBER OF DAYS CLOUDY         14

AVERAGE RH (PERCENT)     72

WEATHER CONDITIONS. NUMBER OF DAYS WITH
THUNDERSTORM              1     MIXED PRECIP               0
HEAVY RAIN                1     RAIN                       3
LIGHT RAIN                8     FREEZING RAIN              0
LT FREEZING RAIN          1     HAIL                       0
HEAVY SNOW                0     SNOW                       3
LIGHT SNOW               12     SLEET                      0
FOG                      18     FOG W/VIS <= 1/4 MILE      4
HAZE                      3

-  INDICATES NEGATIVE NUMBERS.
R  INDICATES RECORD WAS SET OR TIED.
MM INDICATES DATA IS MISSING.
T  INDICATES TRACE AMOUNT.

$$
