000
CXUS56 KPQR 022252
CLMHIO


CLIMATE REPORT
NATIONAL WEATHER SERVICE PORTLAND OREGON
251 PM PST MON NOV 2 2020

...................................

...THE HILLSBORO OR CLIMATE SUMMARY FOR THE MONTH OF OCTOBER 2020...

CLIMATE NORMAL PERIOD 1981 TO 2010
CLIMATE RECORD PERIOD 1929 TO 2020

WEATHER         OBSERVED          NORMAL  DEPART  LAST YEAR`S
                 VALUE   DATE(S)  VALUE   FROM    VALUE  DATE(S)
                                          NORMAL
................................................................
TEMPERATURE (F)
HIGHEST            82                                 71  10/06
LOWEST             24                                 23  10/30
AVG. MAXIMUM     65.9              62.7     3.2     60.2
AVG. MINIMUM     42.2              40.3     1.9     36.2
MEAN             54.0              51.5     2.5     48.2
DAYS MAX >= 90      0               0.0     0.0        0
DAYS MAX <= 32      0               0.0     0.0        0
DAYS MIN <= 32      6               2.7     3.3        9
DAYS MIN <= 0       0               0.0     0.0        0

PRECIPITATION (INCHES)
RECORD
 MAXIMUM         8.66   2016
 MINIMUM         0.11   1988
TOTALS           1.38              3.18   -1.80     1.51
DAYS >= .01         7                MM      MM        9
DAYS >= .10         3                MM      MM        5
DAYS >= .50         1                MM      MM        0
DAYS >= 1.00        0                MM      MM        0
GREATEST
 24 HR. TOTAL    0.66   10/10 TO 10/10

DEGREE_DAYS
HEATING TOTAL     335               419     -84      511
 SINCE 7/1        443               681    -238      671
COOLING TOTAL       0                 1      -1        0
 SINCE 1/1        344               198     146      275
.................................................................

WIND (MPH)
AVERAGE WIND SPEED              3.7
RESULTANT WIND SPEED/DIRECTION   0/086
HIGHEST WIND SPEED/DIRECTION    25/090    DATE  10/25
HIGHEST GUST SPEED/DIRECTION    38/090    DATE  10/25

SKY COVER
POSSIBLE SUNSHINE (PERCENT)   MM
AVERAGE SKY COVER           0.50

AVERAGE RH (PERCENT)     75

WEATHER CONDITIONS. NUMBER OF DAYS WITH
  0
  3
  0
  0
  0
  0
 11
HAZE                      6

-  INDICATES NEGATIVE NUMBERS.
R  INDICATES RECORD WAS SET OR TIED.
MM INDICATES DATA IS MISSING.
T  INDICATES TRACE AMOUNT.

$$
