000
CXUS56 KPQR 011557
CLMHIO
CLIMATE REPORT
NATIONAL WEATHER SERVICE PORTLAND OREGON
857 AM PDT MON APR 01 2024
...................................
...THE HILLSBORO OR CLIMATE SUMMARY FOR THE MONTH OF MARCH 2024...
CLIMATE NORMAL PERIOD 1991 TO 2020
CLIMATE RECORD PERIOD 1929 TO 2024
WEATHER OBSERVED NORMAL DEPART LAST YEAR`S
VALUE DATE(S) VALUE FROM VALUE DATE(S)
NORMAL
................................................................
TEMPERATURE (F)
HIGHEST 77 66 03/18
LOWEST 25 23 03/01
AVG. MAXIMUM 56.3 55.9 0.4 51.5
AVG. MINIMUM 37.1 36.5 0.6 33.7
MEAN 46.7 46.2 0.5 42.6
DAYS MAX >= 90 0 0.0 0.0 0
DAYS MAX <= 32 0 0.0 0.0 0
DAYS MIN <= 32 6 8.6 -2.6 12
DAYS MIN <= 0 0 0.0 0.0 0
PRECIPITATION (INCHES)
RECORD
MAXIMUM 8.32 1961
MINIMUM 0.50 1965
TOTALS 3.47 3.70 -0.23 4.45
DAYS >= .01 16 18.4 -2.4 20
DAYS >= .10 12 10.8 1.2 16
DAYS >= .50 0 1.8 -1.8 1
DAYS >= 1.00 0 0.3 -0.3 0
GREATEST
24 HR. TOTAL 0.53 03/11 TO 03/12
DEGREE DAYS
HEATING TOTAL 560 583 -23 688
SINCE 7/1 3621 3968 -347 MM
COOLING TOTAL 0 0 0 0
SINCE 1/1 0 0 0 MM
................................................................
WIND (MPH)
AVERAGE WIND SPEED 5.4
RESULTANT WIND SPEED/DIRECTION 2/190
HIGHEST WIND SPEED/DIRECTION 29/190 DATE 03/10
HIGHEST GUST SPEED/DIRECTION 50/200 DATE 03/10
SKY COVER
POSSIBLE SUNSHINE (PERCENT) MM
AVERAGE SKY COVER 0.54
AVERAGE RH (PERCENT) 75
WEATHER CONDITIONS. NUMBER OF DAYS WITH
THUNDERSTORM 1 MIXED PRECIP 0
HEAVY RAIN 2 RAIN 8
LIGHT RAIN 18 FREEZING RAIN 0
LT FREEZING RAIN 0 HAIL 0
HEAVY SNOW 0 SNOW 0
LIGHT SNOW 4 SLEET 0
FOG 17 FOG W/VIS <= 1/4 MILE 4
HAZE 2
- INDICATES NEGATIVE NUMBERS.
R INDICATES RECORD WAS SET OR TIED.
MM INDICATES DATA IS MISSING.
T INDICATES TRACE AMOUNT.
$$