975
CXUS56 KHNX 041420
CLMHJO


CLIMATE REPORT
NATIONAL WEATHER SERVICE SAN JOAQUIN VALLEY, CA
554 AM PST WED NOV 4 2020

...................................

...THE HANFORD CA AIRPORT CLIMATE SUMMARY FOR THE MONTH OF OCTOBER 2020...

CLIMATE NORMAL PERIOD 1981 TO 2010
CLIMATE RECORD PERIOD 1899 TO 2020

WEATHER         OBSERVED          NORMAL  DEPART  LAST YEAR`S
                 VALUE   DATE(S)  VALUE   FROM    VALUE  DATE(S)
                                          NORMAL
................................................................
TEMPERATURE (F)
RECORD
 HIGH             101   10/10/1996
10/15/1961
 LOW               28   10/29/1971
                        10/27/1919
                        10/28/1901
HIGHEST            96   10/02        MM      MM       92  10/08
                        10/01                             10/07
LOWEST             38   10/28        MM      MM       31  10/31
AVG. MAXIMUM     85.5              79.2     6.3     80.4
AVG. MINIMUM     51.1              47.9     3.2     44.2
MEAN             68.3              63.5     4.8     62.3
DAYS MAX >= 90     10               3.4     6.6        2
DAYS MIN <= 32      0               0.1    -0.1        1

PRECIPITATION (INCHES)
RECORD
 MAXIMUM         2.43   1996
TOTALS           0.00              0.50   -0.50     0.00
DAYS >= .01         0                MM      MM        0
DAYS >= .10         0                MM      MM        0
DAYS >= .50         0                MM      MM        0
DAYS >= 1.00        0                MM      MM        0
GREATEST
 24 HR. TOTAL    0.00   10/31 TO 10/31
                        10/30 TO 10/30
                        10/29 TO 10/29

SNOWFALL (INCHES)
RECORDS
 TOTAL            0.0
TOTALS            0.0               0.0

DEGREE_DAYS
HEATING TOTAL      45                99     -54      103
 SINCE 7/1         45               105     -60      111
COOLING TOTAL     153                54      99       25
 SINCE 1/1       2244              1642     602     2025
.................................................................

WIND (MPH)
AVERAGE WIND SPEED              2.7
HIGHEST WIND SPEED/DIRECTION    16/320    DATE  10/11
HIGHEST GUST SPEED/DIRECTION    19/310    DATE  10/25

AVERAGE RH (PERCENT)     61

WEATHER CONDITIONS. NUMBER OF DAYS WITH
THUNDERSTORM              0     RAIN                       0
HAIL                      0     FOG                       27
FOG W/VIS <= 1/4 MILE     0     HAZE                      28

-  INDICATES NEGATIVE NUMBERS.
R  INDICATES RECORD WAS SET OR TIED.
MM INDICATES DATA IS MISSING.
T  INDICATES TRACE AMOUNT.

$$
