869
CXUS53 KGLD 040126
CLMHLC

CLIMATE REPORT
NATIONAL WEATHER SERVICE
626 PM MST TUE NOV 03 2020

...................................

...THE HILL CITY KS CLIMATE SUMMARY FOR THE MONTH OF OCTOBER 2020...

CLIMATE NORMAL PERIOD: 1981 TO 2010
CLIMATE RECORD PERIOD: 1896 TO 2020

WEATHER         OBSERVED          NORMAL  DEPART   LAST YEAR`S
                VALUE   DATE(S)   VALUE   FROM     VALUE DATE(S)
                                          NORMAL
................................................................
TEMPERATURE (F)
RECORD
 HIGH            104   10/28/2016
 LOW               3   10/27/1997
HIGHEST           93   10/07         90       3       87  10/18
                       10/11
LOWEST            10   10/27         23     -13       11  10/31
AVG. MAXIMUM    66.1               68.1    -2.0     63.9
AVG. MINIMUM    36.6               39.9    -3.3     34.4
MEAN            51.3               54.0    -2.7     49.1
DAYS MAX >= 90     3                1.0     2.0        0
DAYS MAX <= 32     1                0.2     0.8        2
DAYS MIN <= 32     9                5.8     3.2       13
DAYS MIN <= 0      0                0.0     0.0        0

PRECIPITATION (INCHES)
RECORD
 MAXIMUM        6.52   2008
 MINIMUM        0.00   1913
TOTALS          0.01               1.52   -1.51     0.58
DAILY AVG.      0.00               0.05   -0.05     0.02
DAYS >= .01        1                 MM      MM        5
DAYS >= .10        0                 MM      MM        2
DAYS >= .50        0                 MM      MM        0
DAYS >= 1.00       0                 MM      MM        0
GREATEST
 24 HR. TOTAL   0.01   10/26 TO 10/26               0.23
 STORM TOTAL    0.01



................................................................



-  INDICATES NEGATIVE NUMBERS.
R  INDICATES RECORD WAS SET OR TIED.
MM INDICATES DATA IS MISSING.
T  INDICATES TRACE AMOUNT.

$$
