000
CXHW50 PHFO 011609
CLMHNL


CLIMATE REPORT
NATIONAL WEATHER SERVICE HONOLULU HI
606 AM HST SUN NOV 1 2020

...................................

...THE HONOLULU HI CLIMATE SUMMARY FOR THE MONTH OF OCTOBER 2020...

CLIMATE NORMAL PERIOD 1981 TO 2010
CLIMATE RECORD PERIOD 1940 TO 2020

WEATHER         OBSERVED          NORMAL  DEPART  LAST YEAR`S
                 VALUE   DATE(S)  VALUE   FROM    VALUE  DATE(S)
                                          NORMAL
................................................................
TEMPERATURE (F)
RECORD
 HIGH              94   10/06/1984
 LOW               58   10/24/2017
HIGHEST            91   10/07        87       4       91  10/26
                                                          10/10
LOWEST             67   10/03        73      -6       71  10/06
AVG. MAXIMUM     86.6              86.7    -0.1     88.5
AVG. MINIMUM     73.3              73.4    -0.1     75.6
MEAN             80.0              80.0     0.0     82.1
DAYS MAX >= 90      2               2.0     0.0        8
DAYS MAX <= 32      0               0.0     0.0        0
DAYS MIN <= 32      0               0.0     0.0        0
DAYS MIN <= 0       0               0.0     0.0        0

PRECIPITATION (INCHES)
RECORD
 MAXIMUM        11.15   1978
 MINIMUM         0.07   1996
TOTALS           3.20              1.84    1.36     1.15
DAILY AVG.       0.10              0.06    0.04     0.04
DAYS >= .01        11               7.6     3.4        9
DAYS >= .10         4               2.8     1.2        2
DAYS >= .50         1               1.1    -0.1        1
DAYS >= 1.00        1               0.4     0.6        0
GREATEST
 24 HR. TOTAL    2.26   10/21 TO 10/21              0.80

SNOWFALL (INCHES)
RECORDS
 TOTAL             MM   5
TOTALS            0.0               0.0     0.0      0.0
SINCE 7/1         0.0               0.0     0.0      0.0
SNOWDEPTH AVG.     MM                MM      MM       MM
DAYS >= 1.0         0               0.0     0.0        0
GREATEST
 SNOW DEPTH        MM                                 MM  MM
 24 HR TOTAL      0.0   10/31 TO 10/31               0.0

DEGREE_DAYS
HEATING TOTAL       0                 0       0        0
 SINCE 7/1          0                 0       0        0
COOLING TOTAL     473               467       6      536
 SINCE 1/1       4310              3946     364     4461
.................................................................

WIND (MPH)
AVERAGE WIND SPEED              6.8
HIGHEST WIND SPEED/DIRECTION    25/070    DATE  10/11
HIGHEST GUST SPEED/DIRECTION    29/070    DATE  10/11

SKY COVER
POSSIBLE SUNSHINE (PERCENT)   MM
AVERAGE SKY COVER             MM
NUMBER OF DAYS FAIR            0
NUMBER OF DAYS PC              0
NUMBER OF DAYS CLOUDY          0

AVERAGE RH (PERCENT)     MM

WEATHER CONDITIONS. NUMBER OF DAYS WITH
THUNDERSTORM              0     MIXED PRECIP               0
HEAVY RAIN                0     RAIN                       0
LIGHT RAIN                0     FREEZING RAIN              0
LT FREEZING RAIN          0     HAIL                       0
HEAVY SNOW                0     SNOW                       0
LIGHT SNOW                0     SLEET                      0
FOG                       3     FOG W/VIS <= 1/4 MILE      0
HAZE                      1

-  INDICATES NEGATIVE NUMBERS.
R  INDICATES RECORD WAS SET OR TIED.
MM INDICATES DATA IS MISSING.
T  INDICATES TRACE AMOUNT.

$$
