000
CXUS54 KHGX 010959
CLMHOU

CLIMATE REPORT
NATIONAL WEATHER SERVICE HOUSTON/GALVESTON TX
350 AM CST SUN NOV 1 2020

...................................

...THE HOUSTON/HOBBY AIRPORT CLIMATE SUMMARY FOR THE MONTH OF OCTOBER 2020...

CLIMATE NORMAL PERIOD 1981 TO 2010
CLIMATE RECORD PERIOD 1930 TO 2020

WEATHER         OBSERVED          NORMAL  DEPART  LAST YEAR`S
                 VALUE   DATE(S)  VALUE   FROM    VALUE  DATE(S)
                                          NORMAL
................................................................
TEMPERATURE (F)
RECORD
 HIGH              97   10/02/1938
                        10/01/1938
 LOW               36   10/24/1937
HIGHEST            93   10/15        MM      MM       94  10/04
                        10/11                             10/03
LOWEST             46   10/29        MM      MM       40  10/31
AVG. MAXIMUM     83.6              81.2     2.4     82.5
AVG. MINIMUM     65.1              63.1     2.0     64.1
MEAN             74.3              72.1     2.2     73.3
DAYS MAX >= 90      6               1.2     4.8       10
DAYS MAX <= 32      0               0.0     0.0        0
DAYS MIN <= 32      0               0.0     0.0        0
DAYS MIN <= 0       0               0.0     0.0        0

PRECIPITATION (INCHES)
RECORD
 MAXIMUM        22.31   1949
 MINIMUM            T   1978
TOTALS           1.13              5.99   -4.86     4.21
DAILY AVG.       0.04              0.19   -0.15     0.14
DAYS >= .01         6               7.6    -1.6        9
DAYS >= .10         4               5.5    -1.5        5
DAYS >= .50         0               3.3    -3.3        3
DAYS >= 1.00        0               1.8    -1.8        1

SNOWFALL (INCHES)
RECORDS
 TOTAL            0.0   2002
                        2001
TOTALS            0.0               0.0     0.0      0.0
SINCE 7/1         0.0               0.0     0.0      0.0
SNOWDEPTH AVG.      0                MM      MM        0
DAYS >= 1.0         0               0.0     0.0        0
GREATEST
 SNOW DEPTH         0   MM                             0  MM
 24 HR TOTAL      0.0   10/31 TO 10/31

DEGREE_DAYS
HEATING TOTAL      26                21       5       35
 SINCE 7/1         26                21       5       35
COOLING TOTAL     323               243      80      301
 SINCE 1/1       3759              3036     723     3549
.................................................................

WIND (MPH)
AVERAGE WIND SPEED              8.4
RESULTANT WIND SPEED/DIRECTION   3/066
HIGHEST WIND SPEED/DIRECTION    41/350    DATE  10/23
HIGHEST GUST SPEED/DIRECTION    49/320    DATE  10/23

SKY COVER
AVERAGE SKY COVER           0.40

AVERAGE RH (PERCENT)     68

WEATHER CONDITIONS. NUMBER OF DAYS WITH
THUNDERSTORM              2     MIXED PRECIP                0
HEAVY RAIN                2     RAIN                        5
LIGHT RAIN                8     FREEZING RAIN               0
LT FREEZING RAIN          0     HAIL                        0
HEAVY SNOW                0     SNOW                        0
LIGHT SNOW                0     SLEET                       0
FOG                      15     FOG W/VIS <= 1/4 MILE       1
HAZE                      3

-  INDICATES NEGATIVE NUMBERS.
R  INDICATES RECORD WAS SET OR TIED.
MM INDICATES DATA IS MISSING.
T  INDICATES TRACE AMOUNT.

$$
