161
CXUS56 KSEW 011032
CLMHQM


CLIMATE REPORT
NATIONAL WEATHER SERVICE SEATTLE WA
232 AM PST SUN NOV 1 2020

...................................

...THE HOQUIAM WA AIRPORT CLIMATE SUMMARY FOR THE MONTH OF OCTOBER 2020...

CLIMATE NORMAL PERIOD 1981 TO 2010
CLIMATE RECORD PERIOD 1953 TO 2020

WEATHER         OBSERVED          NORMAL  DEPART  LAST YEAR`S
                 VALUE   DATE(S)  VALUE   FROM    VALUE  DATE(S)
                                          NORMAL
................................................................
TEMPERATURE (F)
RECORD
 HIGH              82   10/09/1996
 LOW               28   10/31/2002
                        10/28/1971
HIGHEST            70   10/07        MM      MM       66  10/06
                        10/06
LOWEST             31   10/25        MM      MM       31  10/31
                                                          10/30
                                                          10/28
AVG. MAXIMUM     59.4              59.1     0.3     57.6
AVG. MINIMUM     46.3              45.4     0.9     42.3
MEAN             52.8              52.2     0.6     49.9
DAYS MAX >= 90      0               0.0     0.0        0
DAYS MAX <= 32      0               0.0     0.0        0
DAYS MIN <= 32      2               0.4     1.6        3
DAYS MIN <= 0       0               0.0     0.0        0

PRECIPITATION (INCHES)
RECORD
 MAXIMUM        15.85   2016
 MINIMUM         0.90   2002
TOTALS           4.83              6.53   -1.70     5.12
DAILY AVG.       0.16              0.21   -0.05     0.17
DAYS >= .01        16              16.2    -0.2       14
DAYS >= .10         8              11.0    -3.0       11
DAYS >= .50         4               4.4    -0.4        4
DAYS >= 1.00        0               1.5    -1.5        2
GREATEST
 24 HR. TOTAL    0.86   10/10 TO 10/10

DEGREE_DAYS
HEATING TOTAL     370               396     -26      459
 SINCE 7/1        738               899    -161      736
COOLING TOTAL       0                 0       0        0
 SINCE 1/1         56                23      33       42
.................................................................

WIND (MPH)
AVERAGE WIND SPEED              7.5
HIGHEST WIND SPEED/DIRECTION    44/220    DATE  10/11
HIGHEST GUST SPEED/DIRECTION    53/220    DATE  10/11

SKY COVER
POSSIBLE SUNSHINE (PERCENT)   MM
AVERAGE SKY COVER           0.60
NUMBER OF DAYS FAIR            7
NUMBER OF DAYS PC             10
NUMBER OF DAYS CLOUDY         14

AVERAGE RH (PERCENT)     75

WEATHER CONDITIONS. NUMBER OF DAYS WITH
  0
  7
  0
  0
  0
  0
  7
HAZE                      9

-  INDICATES NEGATIVE NUMBERS.
R  INDICATES RECORD WAS SET OR TIED.
MM INDICATES DATA IS MISSING.
T  INDICATES TRACE AMOUNT.

$$
