000
CXUS53 KGID 011834
CLMHSI

CLIMATE REPORT
NATIONAL WEATHER SERVICE HASTINGS NE
1234 PM CST TUE DEC 01 2020

...................................

...THE HASTINGS NE CLIMATE SUMMARY FOR THE MONTH OF NOVEMBER 2020...

CLIMATE NORMAL PERIOD 1981 TO 2010
CLIMATE RECORD PERIOD 1894 TO 2020

WEATHER         OBSERVED          NORMAL  DEPART   LAST YEAR`S
                VALUE   DATE(S)   VALUE   FROM     VALUE DATE(S)
                                          NORMAL
................................................................
TEMPERATURE (F)
RECORD
 HIGH             86   11/05/1945
 LOW              -7   11/14/1940
HIGHEST           85   11/04         71      14       75  11/09
LOWEST            12   11/30         10       2        2  11/12
AVG. MAXIMUM    58.1               49.4     8.7     49.1
AVG. MINIMUM    32.1               28.1     4.0     26.2
MEAN            45.1               38.7     6.4     37.7
DAYS MAX >= 90     0                0.0     0.0        0
DAYS MAX <= 32     0                3.2    -3.2        4
DAYS MIN <= 32    20               20.5    -0.5       22
DAYS MIN <= 0      0                0.0     0.0        0

PRECIPITATION (INCHES)
RECORD
 MAXIMUM        3.96   1996
 MINIMUM        0.00   1954
TOTALS          1.38               1.29    0.09     1.38
DAILY AVG.      0.05               0.04    0.01     0.05
DAYS >= .01        4                 MM      MM        5
DAYS >= .10        3                 MM      MM        2
DAYS >= .50        1                 MM      MM        2
DAYS >= 1.00       0                 MM      MM        0
GREATEST
 24 HR. TOTAL   1.08   11/09 TO 11/10

SNOWFALL (INCHES)
RECORDS
 TOTAL          15.5   1928
TOTALS           0.2                2.6    -2.4      8.1
SINCE 7/1        3.0                3.8    -0.8       MM
DAYS >= 1.0        0                 MM      MM        1
GREATEST
 SNOW DEPTH       MM                                   7  11/26
 24 HR TOTAL      MM

DEGREE DAYS
HEATING TOTAL    588                788    -200      815
 SINCE 7/1      1173               1281    -108     1384
COOLING TOTAL      1                  0       1        0
 SINCE 1/1      1272               1077     195     1181
................................................................

WIND (MPH)
AVERAGE WIND SPEED              10.3
HIGHEST WIND SPEED/DIRECTION    40/310    DATE  11/14
HIGHEST GUST SPEED/DIRECTION    55/180    DATE  11/08
                                55/310          11/14

SKY COVER
POSSIBLE SUNSHINE (PERCENT)   MM
AVERAGE SKY COVER           0.18
NUMBER OF DAYS FAIR           25
NUMBER OF DAYS PC              2
NUMBER OF DAYS CLOUDY          3

AVERAGE RH (PERCENT)     59

WEATHER CONDITIONS. NUMBER OF DAYS WITH
THUNDERSTORM              1     MIXED PRECIP               0
HEAVY RAIN                0     RAIN                       0
LIGHT RAIN                3     FREEZING RAIN              2
LT FREEZING RAIN          2     HAIL                       0
HEAVY SNOW                0     SNOW                       0
LIGHT SNOW                2     SLEET                      0
FOG                       8     FOG W/VIS <= 1/4 MILE      0
HAZE                      4

-  INDICATES NEGATIVE NUMBERS.
R  INDICATES RECORD WAS SET OR TIED.
MM INDICATES DATA IS MISSING.
T  INDICATES TRACE AMOUNT.

$$
